commit;

--
-- Table structure for table `rennklassen`
--

DROP TABLE IF EXISTS `rennklassen`;
/*!40101 SET @saved_cs_client     = @@character_set_client */;
/*!40101 SET character_set_client = utf8mb4 */;
CREATE TABLE `rennklassen` (
  `RKID` smallint(6) NOT NULL AUTO_INCREMENT,
  `vtype` char(2) NOT NULL,
  `hauptkat` varchar(10) NOT NULL,
  `unterkat` varchar(30) NOT NULL,
  `titel` varchar(30) NOT NULL,
  `geschlecht` char(1) NOT NULL,
  `position` tinyint(4) NOT NULL,
  `hk_position` tinyint(3) NOT NULL,
  `minFahrer` tinyint(2) NOT NULL,
  `minAlter` tinyint(3) NOT NULL,
  `maxAlter` tinyint(3) NOT NULL,
  `nextRKID` smallint(6) NOT NULL,
  `merge_position` tinyint(4) NOT NULL,
  `virtuell` char(1) NOT NULL,
  `cs_klasse` char(1) NOT NULL,
  `aktiv` tinyint(1) NOT NULL DEFAULT 1,
  PRIMARY KEY (`RKID`),
  UNIQUE KEY `hauptkat` (`vtype`,`hauptkat`,`unterkat`)
) ENGINE=MyISAM AUTO_INCREMENT=273 DEFAULT CHARSET=utf8mb3 COLLATE=utf8mb3_general_ci;
/*!40101 SET character_set_client = @saved_cs_client */;

--
-- Dumping data for table `rennklassen`
--

LOCK TABLES `rennklassen` WRITE;
/*!40000 ALTER TABLE `rennklassen` DISABLE KEYS */;
set autocommit=0;
INSERT INTO `rennklassen` VALUES
(55,'BW','Cruiser','Schüler','BW Cup','m',1,2,3,5,14,56,1,'','',0),
(28,'BW','Anfänger','6 Jahre und jünger','Beginners Cup','m',1,1,3,1,6,30,1,'','',0),
(30,'BW','Anfänger','7 & 8 Jahre','Beginners Cup','m',2,1,3,7,8,32,2,'','',0),
(32,'BW','Anfänger','9 & 10 Jahre','Beginners Cup','m',3,1,3,9,10,34,3,'','',0),
(34,'BW','Anfänger','11 & 12 Jahre','Beginners Cup','m',4,1,3,11,12,36,4,'','',0),
(36,'BW','Anfänger','13 & 14 Jahre','Beginners Cup','m',5,1,3,13,14,38,5,'','',0),
(44,'BW','20Z','15 Jahre + w','BW Cup','w',16,3,3,15,99,-2,11,'','',1),
(38,'BW','Anfänger','15 Jahre und älter','Beginners Cup','m',6,1,3,15,99,-1,6,'','',0),
(45,'BW','20Z','Junior + m','BW Cup','m',20,3,3,17,29,-1,13,'','',1),
(46,'BW','20Z','7 & 8 Jahre, w','BW Cup','w',2,3,3,7,8,-2,2,'','',1),
(47,'BW','20Z','7 & 8 Jahre, m','BW Cup','m',3,3,3,7,8,49,3,'','',1),
(48,'BW','20Z','9 & 10 Jahre, w','BW Cup','w',4,3,3,9,10,-2,4,'','',1),
(49,'BW','20Z','9 & 10 Jahre, m','BW Cup','m',5,3,3,9,10,51,5,'','',1),
(50,'BW','20Z','11 & 12 Jahre, w','BW Cup','w',6,3,3,11,12,-2,6,'','',1),
(51,'BW','20Z','11 & 12 Jahre, m','BW Cup','m',7,3,3,11,12,53,7,'','',1),
(52,'BW','20Z','13 & 14 Jahre, w','BW Cup','w',12,3,3,13,14,-2,9,'','X',1),
(53,'BW','20Z','13 & 14 Jahre, m','BW Cup','m',14,3,3,13,14,54,10,'','X',1),
(54,'BW','20Z','15 & 16 Jahre, m','BW Cup','m',18,3,3,15,16,45,12,'','X',1),
(56,'BW','Cruiser','Jugend','BW Cup','m',9,2,3,15,16,67,2,'','',0),
(57,'BW','Cruiser','Junior','BW Cup','m',8,2,3,17,18,59,3,'','',0),
(58,'BW','Cruiser','weiblich','BW Cup','w',2,2,3,5,99,-2,4,'','X',1),
(59,'BW','Cruiser','Elite','BW Cup','m',12,2,3,19,99,-1,10,'','',0),
(60,'LV','Cruiser','30-39, m','BW Cup','m',3,2,3,30,39,67,9,'','X',1),
(61,'LV','Cruiser','40-44, m','BW Cup','m',4,2,3,40,44,60,8,'','X',1),
(62,'BW','Cruiser','Seniorinnen','BW Cup','w',2,2,3,30,99,70,5,'','X',0),
(63,'LV','Cruiser','45-49, m','BW Cup','m',5,2,3,45,49,61,7,'','X',1),
(64,'BW','Anfänger','MTB bis 14 Jahre','Beginners Cup','m',7,1,3,5,14,65,7,'','',0),
(65,'BW','Anfänger','MTB 15 Jahre und älter','Beginners Cup','m',8,1,3,15,99,-1,8,'','',0),
(69,'BW','20Z','30+, männlich','BW Cup','m',8,3,3,30,99,45,8,'','',1),
(70,'LV','Cruiser','50+, m','BW Cup','m',6,2,3,50,99,63,6,'','X',1),
(73,'SC','Anfänger','Jugend+, m/w','Süddeutschen-Cup','m',6,1,3,15,99,-1,6,'','',0),
(74,'SC','Anfänger','MTB 15+, m/w','Süddeutschen-Cup','m',8,1,3,15,99,-1,8,'','',0),
(75,'SC','Anfänger','MTB bis Schüler, m/w','Süddeutschen-Cup','m',7,1,3,5,14,74,7,'','',0),
(76,'SC','Anfänger','Schüler, m/w','Süddeutschen-Cup','m',5,1,3,13,14,73,5,'','',0),
(77,'SC','Anfänger','U 11, m/w','Süddeutschen-Cup','m',3,1,3,9,10,78,3,'','',0),
(78,'SC','Anfänger','U 13, m/w','Süddeutschen-Cup','m',4,1,3,11,12,76,4,'','',0),
(79,'SC','Anfänger','U 7, m/w','Süddeutschen-Cup','m',1,1,3,1,6,80,1,'','',0),
(80,'SC','Anfänger','U 9, m/w','Süddeutschen-Cup','m',2,1,3,7,8,77,2,'','',0),
(81,'SC','Cruiser','Elite','Süddeutschen-Cup','m',10,2,5,19,99,-1,10,'','',1),
(82,'SC','Cruiser','Jugend','Süddeutschen-Cup','m',9,2,5,15,16,83,2,'','',1),
(83,'SC','Cruiser','Junioren','Süddeutschen-Cup','m',8,2,5,17,18,81,3,'','',1),
(84,'SC','Cruiser','Schüler','Süddeutschen-Cup','m',1,2,5,5,14,82,1,'','',1),
(85,'SC','Cruiser','Senioren I','BMX Cruiser','m',3,2,5,30,39,81,9,'','',1),
(86,'SC','Cruiser','Senioren II','BMX Cruiser','m',4,2,5,40,44,85,8,'','',1),
(87,'SC','Cruiser','Senioren III','BMX Cruiser','m',5,2,5,45,49,86,7,'','',1),
(88,'SC','Cruiser','Senioren IV','BMX Cruiser','m',6,2,5,50,99,87,6,'','',1),
(89,'SC','Cruiser','Seniorinnen','BMX Cruiser','w',2,2,3,30,99,88,5,'','',1),
(90,'SC','Cruiser','weiblich','BMX Cruiser','w',7,2,3,5,29,-2,4,'','',1),
(91,'SC','20Z','Elite Frauen','Süddeutschen-Cup','w',16,3,5,19,99,-2,16,'','X',1),
(92,'SC','20Z','Elite Männer','Süddeutschen-Cup','m',17,3,4,19,99,-1,17,'','X',1),
(94,'SC','20Z','15 & 16 Jahre, m','Süddeutschen-Cup','m',13,3,5,15,16,96,13,'','',1),
(95,'SC','20Z','Jugend, weiblich','Süddeutschen-Cup','w',12,3,3,15,16,-2,12,'','',1),
(96,'SC','20Z','Junioren','Süddeutschen-Cup','m',15,3,10,17,18,99,15,'','X',1),
(97,'SC','20Z','Juniorinnen','Süddeutschen-Cup','w',14,3,5,17,18,-2,14,'','X',1),
(99,'SC','20Z','Männer 17-29','Süddeutschen-Cup','m',9,3,5,17,29,92,9,'','',1),
(100,'SC','20Z','Männer 30-39','Süddeutschen-Cup','m',10,3,5,30,39,99,10,'','',1),
(101,'SC','20Z','Männer 40+','Süddeutschen-Cup','m',11,3,5,40,99,100,11,'','',1),
(102,'SC','20Z','13 & 14 Jahre, m','Süddeutschen-Cup','m',8,3,5,13,14,94,8,'','',1),
(103,'SC','20Z','13 & 14 Jahre, w','Süddeutschen-Cup','w',7,3,3,13,14,-2,7,'','',1),
(104,'SC','20Z','9 & 10 Jahre, m','Süddeutschen-Cup','m',4,3,5,9,10,106,4,'','',1),
(105,'SC','20Z','9 & 10 Jahre, w','Süddeutschen-Cup','w',3,3,3,9,10,-2,3,'','',1),
(106,'SC','20Z','11 & 12 Jahre, m','Süddeutschen-Cup','m',6,3,5,11,12,102,6,'','',1),
(107,'SC','20Z','11 & 12 Jahre, w','Süddeutschen-Cup','w',5,3,3,11,12,-2,5,'','',1),
(108,'SC','20Z','8 Jahre und jünger, m','Süddeutschen-Cup','m',2,3,3,5,8,104,2,'','',1),
(109,'SC','20Z','8 Jahre und jünger, w','Süddeutschen-Cup','w',1,3,3,5,8,-2,1,'','',1),
(110,'SC','20Z','Weibliche Klasse','Süddeutschen-Cup','w',16,3,3,15,99,-1,16,'X','',1),
(67,'LV','Cruiser','Männer 17-29','BW Cup','m',11,2,3,17,29,-1,10,'','X',1),
(244,'LV','20Z','15 & 16 Jahre, w','BW Meisterschaft','w',17,3,3,15,16,243,13,'','X',1),
(245,'LV','20Z','Junioren','BW Meisterschaft','m',27,3,3,17,18,241,16,'','X',1),
(269,'LV','20Z','Männer 30-39','BW Pokal','m',9,3,3,30,39,271,8,'','',1),
(243,'LV','20Z','Juniorinnen','BW Meisterschaft','m',26,3,3,17,18,240,15,'','X',1),
(240,'LV','20Z','Elite, weiblich','BW Meisterschaft','w',28,3,3,19,99,-1,17,'','X',1),
(241,'LV','20Z','Elite, männlich','BW Meisterschaft','m',29,3,3,19,99,-1,18,'','X',1),
(271,'LV','20Z','Männer 17-29','BW Pokal','m',8,3,3,17,29,-1,9,'','',1),
(272,'LV','20Z','Männer 40+','BW Pokal','m',10,3,3,30,99,269,7,'','',1),
(68,'LV','Cruiser','16 under','BW Cup','m',10,2,3,5,16,67,2,'','',1),
(120,'BW','Cruiser','bis 39','BW Cup','m',3,2,3,5,39,-1,9,'','X',1),
(121,'BW','Cruiser','40+','BW Cup','m',6,2,3,40,99,-1,6,'','X',1),
(27,'BW','20Z','5 & 6 Jahre (m/w)','BW Cup','m',1,3,3,5,6,-1,1,'','',1),
(24,'BW','Einsteiger','5,6,7 Jahre','Klasse 1','m',1,1,3,5,7,25,1,'','',1),
(25,'BW','Einsteiger','8,9,10 Jahre','Klasse 2','m',2,1,3,8,10,26,2,'','',1),
(26,'BW','Einsteiger','11 Jahre und älter','Klasse 3','m',3,1,3,11,99,-1,3,'','',1);
/*!40000 ALTER TABLE `rennklassen` ENABLE KEYS */;
UNLOCK TABLES;
commit;

--
-- Table structure for table `rennteilnehmer`
--

DROP TABLE IF EXISTS `rennteilnehmer`;
/*!40101 SET @saved_cs_client     = @@character_set_client */;
/*!40101 SET character_set_client = utf8mb4 */;
CREATE TABLE `rennteilnehmer` (
  `rid` mediumint(6) NOT NULL,
  `fid` varchar(12) NOT NULL,
  `Startnr` varchar(4) NOT NULL,
  `NV` char(2) NOT NULL,
  `rkid` smallint(6) NOT NULL,
  `org_rkid` smallint(6) NOT NULL,
  `DQ` char(1) DEFAULT NULL,
  `TID` varchar(4) NOT NULL,
  `tt_rkid` smallint(6) NOT NULL,
  `Chip` varchar(7) NOT NULL,
  PRIMARY KEY (`rid`,`fid`,`rkid`),
  KEY `Chip` (`Chip`)
) ENGINE=MyISAM DEFAULT CHARSET=utf8mb3 COLLATE=utf8mb3_general_ci;
/*!40101 SET character_set_client = @saved_cs_client */;

--
-- Dumping data for table `rennteilnehmer`
--

LOCK TABLES `rennteilnehmer` WRITE;
/*!40000 ALTER TABLE `rennteilnehmer` DISABLE KEYS */;
set autocommit=0;
INSERT INTO `rennteilnehmer` VALUES
(219,'12398762','0815','',67,121,NULL,'',0,'RK12345'),
(219,'10052530433','513','',241,45,NULL,'',0,'CP53398'),
(219,'10119909158','810','',47,47,NULL,'',0,'TN6569'),
(219,'100364595','286','',240,44,NULL,'',0,'FC4184'),
(219,'10090139151','442','',51,51,NULL,'',0,'RW0454'),
(219,'10095103834','483','',272,69,NULL,'',0,'HR1888'),
(219,'10082409968','524','',240,44,NULL,'',0,'LT9059'),
(219,'761280','208','',47,47,NULL,'',0,'SL9719'),
(219,'10114824237','148','',47,47,NULL,'',0,'KC1732'),
(219,'10119824181','456','',51,51,NULL,'',0,'CN5526'),
(219,'10011100824','147','',241,45,NULL,'',0,'HT7775'),
(219,'10119908754','915','',49,49,NULL,'',0,'NX4261'),
(222,'beantragt','213','',47,47,NULL,'',0,'PH00439'),
(219,'10048520996','2','',51,51,NULL,'',0,'GN5892'),
(219,'10099720226','817','',49,49,NULL,'',0,'KR0465'),
(219,'10100705683','558','',51,51,NULL,'',0,'GF4244'),
(219,'10072417655','6','',49,49,NULL,'',0,'FT2632'),
(219,'10118720607','5','',47,47,NULL,'',0,'FC2999'),
(219,'10119863587','211','',49,49,NULL,'',0,'FT2256'),
(222,'istbeantra','216','',49,49,NULL,'',0,'GT13326'),
(219,'10054422640','8','',51,51,NULL,'',0,'RW0113'),
(219,'10090967186','2','',47,47,NULL,'',0,'SG3385'),
(219,'1234','200','',47,47,NULL,'',0,'FC3383'),
(219,'10099782163','844','',51,51,NULL,'',0,'GZ8631'),
(219,'10099726690','644','',47,47,NULL,'',0,'GZ9546'),
(219,'10087958469','221','',271,45,NULL,'',0,'GX4372'),
(219,'10090152992','290','',50,50,NULL,'',0,'CX3694'),
(219,'10090152588','7','',49,49,NULL,'',0,'GN3824'),
(219,'10078187539','373','',51,51,NULL,'',0,'HW5713'),
(219,'10078186226','590','',52,52,NULL,'',0,'CX6780'),
(219,'10078189660','257','',49,49,NULL,'',0,'CX8146'),
(219,'09092014202','99','',47,47,NULL,'',0,'LT84577'),
(219,'050709','205','',50,50,NULL,'',0,'KZ9460'),
(219,'22012015118','204','',47,47,NULL,'',0,'TT9231'),
(222,'23021514','514','',27,27,NULL,'',0,'KG45831'),
(219,'10086984530','183','',49,49,NULL,'',0,'GG7346'),
(219,'10015883328','400','',241,45,NULL,'',0,'SF1848'),
(219,'10036482387','8','',54,54,NULL,'',0,'RT6366'),
(219,'10052519925','4','',54,54,NULL,'',0,'NC2238'),
(219,'10102514331','940','',51,51,NULL,'',0,'HW7776'),
(219,'27052012000','207','',49,49,NULL,'',0,'KS54770'),
(219,'10073992489','164','',50,50,NULL,'',0,'RW0158'),
(219,'10045726689','1','',51,51,NULL,'',0,'NN9736'),
(219,'10036474610','908','',52,52,NULL,'',0,'FC1422'),
(223,'762186','135','',49,49,NULL,'',0,'PS98906'),
(223,'123456','821','',53,53,NULL,'',0,'FG70625'),
(219,'10051788684','867','',271,45,NULL,'',0,'FH2688'),
(219,'10100610505','7','',47,47,NULL,'',0,'RL1932'),
(219,'10079727314','167','',53,53,NULL,'',0,'RR1030'),
(219,'10051792324','7','',53,53,NULL,'',0,'HS2211'),
(219,'WTB716032','342','',52,52,NULL,'',0,'FZ3479'),
(219,'WTB740314','821','',50,48,NULL,'',0,'FZ5714'),
(219,'WTB716819','480','',50,50,NULL,'',0,'GG8487'),
(219,'10072214258','386','',51,51,NULL,'',0,'FV2339'),
(219,'10099781153','829','',49,49,NULL,'',0,'HR6366'),
(219,'10094120700','01','',50,48,NULL,'',0,'RN5197'),
(219,'10036312437','958','',51,51,NULL,'',0,'KX6493'),
(219,'10086411220','806','',54,54,NULL,'',0,'HG1938'),
(219,'10045746796','781','',272,69,NULL,'',0,'RR2736'),
(219,'10072418160','108','',51,51,NULL,'',0,'FX5343'),
(219,'10054410213','5','',53,53,NULL,'',0,'RS1143'),
(219,'10058598589','6','',51,51,NULL,'',0,'FF1459'),
(219,'10100613333','4','',47,47,NULL,'',0,'FV4781'),
(219,'10045717292','4','',51,51,NULL,'',0,'FV7348'),
(219,'10087945537','173','',53,53,NULL,'',0,'GF1140'),
(219,'10048552322','7','',54,54,NULL,'',0,'GN3444'),
(219,'10087951496','186','',240,44,NULL,'',0,'RL2124'),
(219,'10045750133','5','',54,54,NULL,'',0,'SF7607'),
(219,'10055697784','352','',54,54,NULL,'',0,'RT3008'),
(219,'10073994412','238','',53,53,NULL,'',0,'GX4873'),
(219,'10100611616','441','',47,47,NULL,'',0,'RC2572'),
(219,'10072418261','964','',241,45,NULL,'',0,'LC2507'),
(219,'10045742554','8','',53,53,NULL,'',0,'LR1304'),
(219,'??','750','',53,53,NULL,'',0,'HX4281'),
(219,'10072417453','948','',272,69,NULL,'',0,'GL2702'),
(219,'10050778066','7','',52,52,NULL,'',0,'FX7879'),
(219,'10073992792','249','',67,121,NULL,'',0,'KK0697'),
(219,'10100610303','603','',49,49,NULL,'',0,'HG5460'),
(219,'10120090529','814','',47,47,NULL,'',0,'HR98989'),
(219,'10090154006','776','',53,53,NULL,'',0,'HG2796'),
(219,'10119662416','454','',51,51,NULL,'',0,'LC2957'),
(219,'10100610707','160','',51,51,NULL,'',0,'PX5688'),
(219,'10090981637','775','',272,69,NULL,'',0,'GV6666'),
(219,'10101038416','506','',54,54,NULL,'',0,'HR9725'),
(219,'BW2021001','145','',51,51,NULL,'',0,'FR67985'),
(219,'123456','453','',51,51,NULL,'',0,'LW19864'),
(222,'2021906','906','',47,47,NULL,'',0,'LT14659'),
(222,'WTB740314','821','',47,48,NULL,'',0,'FZ57145'),
(222,'10120090630','828','',47,47,NULL,'',0,'LR19844'),
(222,'10120092953','592','',49,49,NULL,'',0,'SF89975'),
(221,'762026','215','',47,47,NULL,'',0,'SK60843'),
(221,'10099586850','710','',49,49,NULL,'',0,'SS36132'),
(222,'beantragt','214','',49,49,NULL,'',0,'HH53844'),
(221,'10045749830','959','',241,45,NULL,'',0,'CT79404'),
(221,'10120469334','798','',53,53,NULL,'',0,'FZ75498'),
(221,'10072418261','964','',241,45,NULL,'',0,'LC25072'),
(221,'10090139151','442','',51,51,NULL,'',0,'RW04545'),
(221,'10102514331','940','',51,51,NULL,'',0,'HW77764'),
(222,'10099599479','517','',49,49,NULL,'',0,'SS72444'),
(221,'10054410213','5','',53,53,NULL,'',0,'RS11434'),
(221,'10036278081','512','',241,45,NULL,'',0,'SH65152'),
(221,'10101038416','506','',54,54,NULL,'',0,'HR97256'),
(221,'10009248932','489','',67,120,NULL,'',0,'SS61035'),
(221,'10101536651','143','',54,54,NULL,'',0,'KF59290'),
(221,'10101536651','143','',67,120,NULL,'',0,'FG46840'),
(221,'10120386882','665','',51,51,NULL,'',0,'HT75865'),
(221,'10114824237','148','',47,47,NULL,'',0,'KC17326'),
(221,'10079727314','167','',53,53,NULL,'',0,'RR10301'),
(221,'42','42','',51,51,NULL,'',0,'KC15695'),
(221,'10113523730','107','',47,47,NULL,'',0,'CS81750'),
(221,'10121264027','713','',47,47,NULL,'',0,'FX08420'),
(221,'10119908754','915','',49,49,NULL,'',0,'NX42614'),
(222,'2021863','863','',53,53,NULL,'',0,'FZ26854'),
(223,'10120383650','482','',47,47,NULL,'',0,'GG17039'),
(222,'84','281','',49,49,NULL,'',0,'SL16189'),
(222,'762026','215','',47,47,NULL,'',0,'SK60843'),
(221,'10119662416','454','',51,51,NULL,'',0,'LC29572'),
(221,'10120090630','828','',47,47,NULL,'',0,'LR19844'),
(221,'09092014202','99','',47,47,NULL,'',0,'FF14594'),
(221,'10119824181','456','',51,51,NULL,'',0,'CN55268'),
(221,'10119863587','211','',49,49,NULL,'',0,'FT22565'),
(221,'10119909158','810','',47,47,NULL,'',0,'TN65691'),
(221,'10052530433','513','',241,45,NULL,'',0,'CP53398'),
(221,'10120092953','592','',49,49,NULL,'',0,'SF89975'),
(221,'123456','807','',51,51,NULL,'',0,'RP72319'),
(221,'123456','821','',53,53,NULL,'',0,'FG70625'),
(221,'123456','811','',272,69,NULL,'',0,'GS20374'),
(221,'84','281','',49,49,NULL,'',0,'SL16189'),
(221,'10121193093','972','',47,47,NULL,'',0,'RT79574'),
(221,'10121284134','554','',47,47,NULL,'',0,'FX08427'),
(221,'10048520996','2','',51,51,NULL,'',0,'GN58922'),
(221,'10099720226','817','',49,49,NULL,'',0,'KR04650'),
(221,'10036313649','512','',271,45,NULL,'',0,'HN28712'),
(221,'10072417453','991','',51,51,NULL,'',0,'KS91552'),
(221,'10036312437','958','',51,51,NULL,'',0,'KX64931'),
(221,'10094120700','01','',50,48,NULL,'',0,'RN51979'),
(221,'10045721033','650','',271,45,NULL,'',0,'RL12889'),
(221,'10045750133','813','',54,54,NULL,'',0,'SF76076'),
(221,'10099781153','829','',49,49,NULL,'',0,'HR63660'),
(221,'10073992489','164','',50,50,NULL,'',0,'RW01586'),
(221,'10050911139','2','',50,50,NULL,'',0,'FZ09582'),
(221,'10087945537','173','',53,53,NULL,'',0,'GF11407'),
(221,'10036284953','323','',67,121,NULL,'',0,'SN69703'),
(221,'10048552322','7','',54,54,NULL,'',0,'GN34443'),
(221,'10100611616','441','',47,47,NULL,'',0,'RC25729'),
(221,'10072214258','386','',51,51,NULL,'',0,'FV23392'),
(221,'10086984530','183','',49,49,NULL,'',0,'GG73463'),
(221,'10078186226','590','',52,52,NULL,'',0,'CX67808'),
(221,'10078189660','257','',49,49,NULL,'',0,'CX81462'),
(222,'10056180663','5','',51,51,NULL,'',0,'LS52992'),
(221,'10051788684','867','',271,45,NULL,'',0,'FH26884'),
(221,'??','750','',53,53,NULL,'',0,'HX42816'),
(221,'10120090529','814','',47,47,NULL,'',0,'HR35623'),
(221,'10090154006','776','',53,53,NULL,'',0,'HG27960'),
(221,'10050778066','7','',52,52,NULL,'',0,'FX78794'),
(221,'10090152588','7','',49,49,NULL,'',0,'GN38246'),
(221,'10090152992','290','',50,50,NULL,'',0,'CX36941'),
(221,'10102514432','329','',53,53,NULL,'',0,'HN17973'),
(221,'10090981637','775','',272,69,NULL,'',0,'GV66661'),
(221,'10100610707','160','',51,51,NULL,'',0,'PX56881'),
(221,'10045722245','7','',271,45,NULL,'',0,'RV61628'),
(221,'10100610505','7','',47,47,NULL,'',0,'RL19323'),
(221,'10052519925','4','',54,54,NULL,'',0,'NC22387'),
(221,'10055697784','352','',54,54,NULL,'',0,'RT30084'),
(221,'10078188347','351','',54,54,NULL,'',0,'RL13027'),
(221,'10102515442','745','',53,53,NULL,'',0,'HP72904'),
(221,'10054408593','385','',52,52,NULL,'',0,'VF84943'),
(221,'10100613333','4','',47,47,NULL,'',0,'FV47817'),
(221,'10045742554','8','',53,53,NULL,'',0,'LR13049'),
(221,'10051792324','7','',53,53,NULL,'',0,'HS22117'),
(221,'10078187539','373','',51,51,NULL,'',0,'HW57137'),
(221,'10045724871','6','',50,50,NULL,'',0,'GG88015'),
(221,'10048354884','610','',53,53,NULL,'',0,'GH06564'),
(221,'10045726689','1','',51,51,NULL,'',0,'NN97366'),
(221,'10087951496','186','',240,44,NULL,'',0,'RL21249'),
(221,'10045746796','781','',272,69,NULL,'',0,'RR27362'),
(222,'beantragt','217','',27,27,NULL,'',0,'NT91901'),
(221,'10051843249','998','',67,120,NULL,'',0,'LS52992'),
(221,'10082409968','524','',240,44,NULL,'',0,'LT90594'),
(221,'10087958469','221','',271,45,NULL,'',0,'GX43728'),
(221,'10072417655','6','',49,49,NULL,'',0,'FT26325'),
(221,'10118720607','5','',47,47,NULL,'',0,'FC29995'),
(221,'100364595','286','',240,44,NULL,'',0,'FC41842'),
(221,'10072418160','108','',51,51,NULL,'',0,'FX53436'),
(221,'10052535281','751','',53,53,NULL,'',0,'GL27021'),
(221,'10050470902','109','',51,51,NULL,'',0,'KS11453'),
(222,'10056181269','13','',52,52,NULL,'',0,'TK88167'),
(222,'WTB716819','480','',50,50,NULL,'',0,'FS48869'),
(222,'WTB716032','342','',52,52,NULL,'',0,'FZ34792'),
(222,'10113523730','107','',47,47,NULL,'',0,'CS81750'),
(222,'10119908754','915','',49,49,NULL,'',0,'NX42614'),
(222,'10102514331','940','',51,51,NULL,'',0,'HW77764'),
(223,'762136','-','',49,49,NULL,'',0,'LT13741'),
(222,'10054410213','5','',53,53,NULL,'',0,'RS11434'),
(222,'10058598589','6','',51,51,NULL,'',0,'FF14594'),
(222,'10092558491','559','',53,53,NULL,'',0,'GX02896'),
(222,'10101038416','506','',54,54,NULL,'',0,'HR97256'),
(222,'10101536651','143','',54,54,NULL,'',0,'KF59290'),
(223,'10051833750','968','',45,45,NULL,'',0,'HT02202'),
(222,'10099586850','710','',49,49,NULL,'',0,'SS36132'),
(222,'10100705683','558','',51,51,NULL,'',0,'CS09160'),
(222,'10114824237','148','',47,47,NULL,'',0,'KC17326'),
(222,'10079727314','167','',53,53,NULL,'',0,'RR10301'),
(222,'42','42','',51,51,NULL,'',0,'KC15695'),
(223,'2021221','221','',27,27,NULL,'',0,'CP99068'),
(222,'10052535281','751','',53,53,NULL,'',0,'TK80153'),
(222,'10048520996','2','',51,51,NULL,'',0,'GN58922'),
(222,'10099720226','817','',49,49,NULL,'',0,'KR04650'),
(223,'10121760444','827','',47,47,NULL,'',0,'GL85859'),
(222,'10072417453','991','',51,51,NULL,'',0,'KS91552'),
(222,'10072417453','948','',69,69,NULL,'',0,'GL27021'),
(222,'10094120700','01','',49,48,NULL,'',0,'RN51979'),
(222,'10045750133','813','',54,54,NULL,'',0,'SF76076'),
(222,'10036474610','908','',52,52,NULL,'',0,'FC14222'),
(222,'10073992489','164','',50,50,NULL,'',0,'RW01586'),
(222,'10050911139','2','',50,50,NULL,'',0,'FZ09582'),
(222,'10073994412','238','',53,53,NULL,'',0,'GX48730'),
(222,'10100611616','441','',47,47,NULL,'',0,'RC25729'),
(222,'10072214258','386','',51,51,NULL,'',0,'FV23392'),
(222,'10086984530','183','',49,49,NULL,'',0,'GG73463'),
(222,'Lizenzist','212','',27,27,NULL,'',0,'TW57253'),
(222,'10078186226','590','',52,52,NULL,'',0,'CX67808'),
(222,'10078189660','257','',49,49,NULL,'',0,'CX81462'),
(222,'10095103834','483','',69,69,NULL,'',0,'HR18884'),
(222,'10051788684','867','',45,45,NULL,'',0,'FH26884'),
(222,'10119664702','464','',49,49,NULL,'',0,'SG44456'),
(222,'10090154006','776','',53,53,NULL,'',0,'HG27960'),
(222,'10050778066','7','',53,52,NULL,'',0,'FX78794'),
(222,'10090152588','7','',49,49,NULL,'',0,'GN38246'),
(222,'10090152992','290','',50,50,NULL,'',0,'CX36941'),
(222,'10102514432','329','',53,53,NULL,'',0,'HN17973'),
(222,'10090981637','775','',69,69,NULL,'',0,'GV66661'),
(222,'10100610707','160','',51,51,NULL,'',0,'PX56881'),
(222,'10045722245','7','',45,45,NULL,'',0,'RV61628'),
(222,'10100610505','7','',47,47,NULL,'',0,'RL19323'),
(222,'10043817308','8','',44,44,NULL,'',0,'FH55225'),
(222,'10055697784','352','',54,54,NULL,'',0,'RT30084'),
(222,'10078188347','351','',54,54,NULL,'',0,'RL13027'),
(222,'10102515442','745','',53,53,NULL,'',0,'HP72904'),
(222,'10054408593','385','',52,52,NULL,'',0,'VF84943'),
(222,'10100613333','4','',47,47,NULL,'',0,'FV47817'),
(222,'10073093120','346','',49,49,NULL,'',0,'GV62155'),
(222,'10045742554','8','',53,53,NULL,'',0,'LR13049'),
(222,'10099782163','844','',51,51,NULL,'',0,'GZ86318'),
(222,'10051792324','7','',53,53,NULL,'',0,'HS22117'),
(222,'10045724871','6','',50,50,NULL,'',0,'GG88015'),
(222,'10048354884','610','',53,53,NULL,'',0,'GH06564'),
(222,'10087951496','186','',44,44,NULL,'',0,'RL21249'),
(222,'10045746796','781','',69,69,NULL,'',0,'RR27362'),
(222,'10051843248','998','',45,45,NULL,'',0,'LT83951'),
(222,'10082409968','524','',44,44,NULL,'',0,'LT90594'),
(222,'10087958469','221','',45,45,NULL,'',0,'GX43728'),
(222,'10072417655','6','',49,49,NULL,'',0,'FT26325'),
(222,'10118720607','5','',47,47,NULL,'',0,'FC29995'),
(222,'100364595','286','',44,44,NULL,'',0,'FC41842'),
(222,'10120469334','798','',53,53,NULL,'',0,'FZ75498'),
(222,'10073088571','417','',54,54,NULL,'',0,'HC28953'),
(222,'10072418261','964','',45,45,NULL,'',0,'LC25072'),
(223,'762204','515','',27,27,NULL,'',0,'GL27021'),
(223,'1234567','811','',45,69,NULL,'',0,'GS20374'),
(223,'84','281','',49,49,NULL,'',0,'SL16189'),
(223,'10121193093','972','',47,47,NULL,'',0,'RT79574'),
(223,'762026','215','',47,47,NULL,'',0,'SK60843'),
(223,'10050466353','606','',53,53,NULL,'',0,'LS66281'),
(223,'10050470902','109','',51,51,NULL,'',0,'KS11453'),
(223,'10045750133','813','',54,54,NULL,'',0,'SF76076'),
(223,'10036474610','908','',52,52,NULL,'',0,'FC14222'),
(223,'10050911139','2','',50,50,NULL,'',0,'FZ09582'),
(223,'10087945537','173','',53,53,NULL,'',0,'GF11407'),
(223,'10100611616','441','',47,47,NULL,'',0,'RC25729'),
(223,'10072214258','386','',51,51,NULL,'',0,'FV23392'),
(223,'10054413748','863','',53,53,NULL,'',0,'FZ26854'),
(223,'10078186226','590','',52,52,NULL,'',0,'CX67808'),
(223,'10078189660','257','',49,49,NULL,'',0,'CX81462'),
(223,'10095103834','483','',45,69,NULL,'',0,'HR18884'),
(223,'10051788684','867','',45,45,NULL,'',0,'FH26884'),
(223,'10051788684','867','',120,120,NULL,'',0,'CX97582'),
(223,'??','750','',53,53,NULL,'',0,'HX42816'),
(223,'10119664702','464','',49,49,NULL,'',0,'SG44456'),
(223,'10090154006','776','',53,53,NULL,'',0,'HG27960'),
(223,'10090152588','7','',49,49,NULL,'',0,'GN38246'),
(223,'10090152992','290','',50,50,NULL,'',0,'CX36941'),
(223,'10045722245','7','',45,45,NULL,'',0,'RV61628'),
(223,'10043817308','8','',53,44,NULL,'',0,'FH55225'),
(223,'10055697784','352','',54,54,NULL,'',0,'RT30084'),
(223,'10078188347','351','',54,54,NULL,'',0,'RL13027'),
(223,'10100613333','4','',47,47,NULL,'',0,'FV47817'),
(223,'10073093120','346','',49,49,NULL,'',0,'GV62155'),
(223,'10045742554','8','',53,53,NULL,'',0,'LR13049'),
(223,'10099782163','844','',51,51,NULL,'',0,'GZ86318'),
(223,'10051792324','7','',53,53,NULL,'',0,'HS22117'),
(223,'10078187539','373','',51,51,NULL,'',0,'HW57137'),
(223,'10048354884','610','',53,53,NULL,'',0,'GH06564'),
(223,'10044444444','446','',27,27,NULL,'',0,'NN97366'),
(223,'10051843248','998','',45,45,NULL,'',0,'LT83951'),
(223,'10082409968','524','',45,44,NULL,'',0,'LT90594'),
(223,'10072417655','6','',49,49,NULL,'',0,'FT26325'),
(223,'10120469334','798','',53,53,NULL,'',0,'FZ75498'),
(223,'10102514331','940','',51,51,NULL,'',0,'HW77764'),
(223,'10101536651','143','',54,54,NULL,'',0,'KF59290'),
(223,'10101536651','143','',120,120,NULL,'',0,'FG46840'),
(223,'10099586850','710','',49,49,NULL,'',0,'SS36132'),
(223,'10100705683','558','',51,51,NULL,'',0,'CS09160'),
(223,'10120762253','490','',47,46,NULL,'',0,'CW30865'),
(223,'10120811965','470','',51,51,NULL,'',0,'SG73192'),
(223,'10120386882','665','',51,51,NULL,'',0,'HT75865'),
(223,'10114824237','148','',47,47,NULL,'',0,'KC17326'),
(223,'10079727314','167','',53,53,NULL,'',0,'RR10301'),
(223,'42','42','',51,51,NULL,'',0,'KC15695'),
(223,'10113523730','107','',47,47,NULL,'',0,'CS81750'),
(223,'10121854818','596','',51,51,NULL,'',0,'NV43678'),
(223,'10119908754','915','',49,49,NULL,'',0,'NX42614'),
(223,'WTB716032','342','',52,52,NULL,'',0,'FZ34792'),
(223,'WTB716819','480','',50,50,NULL,'',0,'FS48869'),
(223,'WTB740314','821','',47,48,NULL,'',0,'FZ57145'),
(223,'10120090630','828','',47,47,NULL,'',0,'GV57130'),
(223,'09092014202','99','',47,47,NULL,'',0,'NX48534'),
(223,'10119909158','810','',47,47,NULL,'',0,'TN65691'),
(223,'10120092953','592','',49,49,NULL,'',0,'SF89975'),
(223,'123456','807','',51,51,NULL,'',0,'RP72319'),
(223,'12398762','0815','',120,121,NULL,'',0,'RK12345'),
(223,'2021219','219','',47,48,NULL,'',0,'NC74537'),
(226,'10045746796','1381','',69,69,NULL,'',0,'KZ03308'),
(226,'10052519518','859','',54,54,NULL,'',0,'HZ94198'),
(224,'10128072720','1042','',63,121,NULL,'',0,'KG22064'),
(224,'10128085955','1432','',52,52,NULL,'',0,'PW84330'),
(224,'10128086056','1321','',51,51,NULL,'',0,'PV75334'),
(224,'771085','243','',51,51,NULL,'',0,'RL97965'),
(224,'10129219744','1390','',51,51,NULL,'',0,'SW08252'),
(224,'10045749830','959','',241,45,NULL,'',0,'CT79404'),
(224,'66202210072','1360','',49,49,NULL,'',0,'RL05388'),
(224,'10127403420','1304','',47,47,NULL,'',0,'PX48683'),
(224,'10128772736','1125','',52,52,NULL,'',0,'GH18038'),
(224,'10127497588','1151','',47,47,NULL,'',0,'PZ09544'),
(224,'10124998931','314','',51,51,NULL,'',0,'LC32538'),
(224,'10127498905','1059','',47,47,NULL,'',0,'HV45403'),
(224,'1012667533','1068','',51,51,NULL,'',0,'PR96514'),
(224,'10125825552','1066','',47,47,NULL,'',0,'KS72210'),
(224,'10125852127','553','',46,46,NULL,'',0,'TF90445'),
(224,'10127499107','1325','',47,47,NULL,'',0,'PZ43480'),
(224,'10124010444','285','',47,47,NULL,'',0,'HW13882'),
(224,'10128085652','1203','',51,51,NULL,'',0,'PV63075'),
(225,'10119909158','810','',49,49,NULL,'',0,'TN65691'),
(224,'10120092953','592','',51,51,NULL,'',0,'SF89975'),
(224,'10123657196','807','',51,51,NULL,'',0,'RP72319'),
(224,'10123657402','811','',269,69,NULL,'',0,'GS20374'),
(224,'10123657503','821','',53,53,NULL,'',0,'FG70625'),
(224,'10121397201','281','',51,51,NULL,'',0,'SL16189'),
(224,'10121193093','972','',49,49,NULL,'',0,'RT79574'),
(224,'10126671472','487','',47,47,NULL,'',0,'SG62421'),
(224,'10121284134','554','',47,47,NULL,'',0,'FX08427'),
(224,'10121793079','1150','',49,49,NULL,'',0,'KZ15148'),
(224,'10122149050','1049','',49,49,NULL,'',0,'FX18070'),
(224,'10122149353','1048','',47,47,NULL,'',0,'RW95842'),
(224,'10123251820','1215','',51,51,NULL,'',0,'PS98906'),
(224,'10051833750','968','',241,45,NULL,'',0,'HT02202'),
(224,'762136','1132','',49,49,NULL,'',0,'LT13741'),
(224,'10120383852','845','',49,49,NULL,'',0,'KS54770'),
(224,'10125489284','1174','',63,121,NULL,'',0,'HG56845'),
(226,'10073086147','105','',45,45,NULL,'',0,'RN94531'),
(224,'10125827269','1426','',47,47,NULL,'',0,'FR70640'),
(224,'10119908754','915','',51,51,NULL,'',0,'NX42614'),
(224,'10129828319','1204','',46,46,NULL,'',0,'CP99068'),
(224,'WTB716032','342','',52,52,NULL,'',0,'FZ34792'),
(224,'WTB716819','480','',52,52,NULL,'',0,'FS48869'),
(224,'WTB740314','821','',50,48,NULL,'',0,'FZ57145'),
(224,'10119662416','454','',51,51,NULL,'',0,'LC29572'),
(224,'10120090630','828','',47,47,NULL,'',0,'LR19844'),
(224,'10120247547','795','',52,52,NULL,'',0,'KZ94602'),
(224,'10119863587','655','',49,49,NULL,'',0,'FT22565'),
(224,'10113523730','107','',47,47,NULL,'',0,'CS81750'),
(224,'10101577774','213','',51,51,NULL,'',0,'KF62298'),
(224,'10101536651','143','',54,54,NULL,'',0,'KF59290'),
(224,'1010153665_','143','',67,120,NULL,'',0,'FG46840'),
(224,'10079730142','348','',53,53,NULL,'',0,'GT82509'),
(224,'10100705683','558','',53,53,NULL,'',0,'CS09160'),
(224,'WBT760876','470','',51,51,NULL,'',0,'SG73192'),
(224,'WBT760878','490','',46,46,NULL,'',0,'CW30865'),
(224,'10120090832','1408','',53,53,NULL,'',0,'FR67376'),
(224,'10126666725','1069','',54,54,NULL,'',0,'SK13550'),
(224,'10114824237','148','',49,49,NULL,'',0,'KC17326'),
(224,'10079727314','167','',54,54,NULL,'',0,'RR10301'),
(224,'10090967590','263','',241,45,NULL,'',0,'KG17116'),
(224,'10121265441','488','',51,51,NULL,'',0,'KC15695'),
(224,'10009248932','489','',67,120,NULL,'',0,'SS61035'),
(224,'10072418160','108','',51,51,NULL,'',0,'FX53436'),
(224,'10048520996','2','',53,53,NULL,'',0,'GN58922'),
(224,'10099720226','817','',51,51,NULL,'',0,'KR04650'),
(224,'10072417453','3','',51,51,NULL,'',0,'KS91552'),
(224,'10036312437','958','',53,53,NULL,'',0,'KX64931'),
(224,'10094120700','1','',50,48,NULL,'',0,'RN51979'),
(224,'10099781153','829','',51,51,NULL,'',0,'HR63660'),
(224,'10126504754','1496','',54,54,NULL,'',0,'HL36885'),
(225,'10120092953','592','',51,51,NULL,'',0,'SF89975'),
(224,'10073992489','164','',52,52,NULL,'',0,'RW01586'),
(224,'10050911139','2','',52,52,NULL,'',0,'FZ09582'),
(224,'10045734571','534','',53,53,NULL,'',0,'GX93060'),
(224,'10090987394','956','',53,53,NULL,'',0,'GX70644'),
(224,'10102515543','952','',47,47,NULL,'',0,'HT17905'),
(224,'10087945537','173','',53,53,NULL,'',0,'GF11407'),
(224,'10099720630','884','',51,51,NULL,'',0,'GV21012'),
(224,'10100611616','441','',49,49,NULL,'',0,'RC25729'),
(224,'10072214258','386','',53,53,NULL,'',0,'NP80483'),
(224,'10075496494','825','',53,53,NULL,'',0,'KF74755'),
(224,'10086984530','183','',49,49,NULL,'',0,'GG73463'),
(224,'10122148949','811','',46,46,NULL,'',0,'GT13326'),
(224,'10054413748','863','',54,54,NULL,'',0,'TH96580'),
(224,'10078186226','590','',52,52,NULL,'',0,'CX67808'),
(224,'10051788684','867','',241,45,NULL,'',0,'CX97582'),
(224,'10054422640','8','',53,53,NULL,'',0,'RW01131'),
(224,'10090967186','2','',49,49,NULL,'',0,'SG33858'),
(224,'10073992792','249','',63,121,NULL,'',0,'KK06972'),
(224,'10100610303','603','',51,51,NULL,'',0,'HG54601'),
(224,'10120090529','814','',49,49,NULL,'',0,'HR35623'),
(224,'10119864702','464','',51,51,NULL,'',0,'SG44456'),
(224,'10119864803','363','',49,49,NULL,'',0,'SG53264'),
(224,'10090154006','776','',54,54,NULL,'',0,'HG27960'),
(224,'10050778066','7','',240,44,NULL,'',0,'FX78794'),
(224,'10050784130','539','',51,51,NULL,'',0,'KX49473'),
(224,'10090152992','290','',52,52,NULL,'',0,'CX36941'),
(224,'10090981637','775','',269,69,NULL,'',0,'GV66661'),
(224,'10100610707','160','',53,53,NULL,'',0,'PX56881'),
(224,'10045722245','54','',241,45,NULL,'',0,'KL24802'),
(224,'10005294564','1','',240,44,NULL,'',0,'SP73844'),
(224,'10078189559','981','',51,51,NULL,'',0,'RL12794'),
(224,'10100610505','7','',49,49,NULL,'',0,'RL19323'),
(224,'10055702535','653','',269,69,NULL,'',0,'RX48829'),
(224,'10054408593','385','',240,44,NULL,'',0,'VF84943'),
(224,'10100613333','4','',49,49,NULL,'',0,'FV47817'),
(224,'10054406674','546','',53,53,NULL,'',0,'FC23233'),
(224,'10073093120','346','',51,51,NULL,'',0,'GV62155'),
(224,'10045742554','8','',54,54,NULL,'',0,'LR13049'),
(224,'10052560644','415','',241,45,NULL,'',0,'FT23431'),
(224,'10051792324','7','',54,54,NULL,'',0,'HS22117'),
(224,'10078187539','373','',51,51,NULL,'',0,'HW57137'),
(224,'10045724871','6','',50,50,NULL,'',0,'TK88167'),
(224,'10048354884','610','',54,54,NULL,'',0,'GH06564'),
(225,'10130362021','1498','',47,47,NULL,'',0,'HN87271'),
(224,'10045726689','1','',53,53,NULL,'',0,'NR10074'),
(224,'10121792574','446','',47,47,NULL,'',0,'NP72440'),
(224,'10090978607','1224','',51,51,NULL,'',0,'FZ59419'),
(224,'10082409968','1','',240,44,NULL,'',0,'LF89170'),
(224,'10051843240','998','',67,120,NULL,'',0,'HK87022'),
(224,'10051843248','998','',241,45,NULL,'',0,'HV20993'),
(224,'10087958469','221','',241,45,NULL,'',0,'GX43728'),
(224,'10124059445','1497','',63,121,NULL,'',0,'KH51423'),
(224,'10118720607','5','',47,47,NULL,'',0,'FC29995'),
(224,'10120469334','798','',53,53,NULL,'',0,'FZ75498'),
(224,'10121028803','772','',63,121,NULL,'',0,'GR49391'),
(224,'10073088571','417','',54,54,NULL,'',0,'HC28953'),
(224,'10090139151','442','',51,51,NULL,'',0,'RW04545'),
(224,'10102514331','940','',51,51,NULL,'',0,'HW77764'),
(224,'10045717292','786 ','',53,53,NULL,'',0,'PH00439'),
(224,'10105173343','838','',53,53,NULL,'',0,'HT08081'),
(224,'10125851723','1311','',46,46,NULL,'',0,'SR51080'),
(224,'10125851925','1303','',51,51,NULL,'',0,'SP35033'),
(224,'10054410213','5','',54,54,NULL,'',0,'RS11434'),
(224,'10058598589','6','',51,51,NULL,'',0,'FF14594'),
(224,'10119824181','456','',51,51,NULL,'',0,'CN55268'),
(224,'10101038416','506','',54,54,NULL,'',0,'HR97256'),
(224,'10101538065','1030','',54,54,NULL,'',0,'HV81726'),
(224,'10091711561','928','',49,49,NULL,'',0,'TZ06459'),
(224,'10120812066','246','',47,47,NULL,'',0,'RC94887'),
(224,'10120762354','1078','',47,47,NULL,'',0,'FC33832'),
(225,'10120386882','665','',51,51,NULL,'',0,'HT75865'),
(225,'WTB716032','342','',52,52,NULL,'',0,'FZ34792'),
(225,'WTB716819','480','',52,52,NULL,'',0,'FS48869'),
(225,'WTB740314','821','',49,48,NULL,'',0,'FZ57145'),
(225,'10072418261','964','',45,45,NULL,'',0,'LC25072'),
(225,'10120383852','845','',49,49,NULL,'',0,'KS54770'),
(225,'10054410213','4','',54,54,NULL,'',0,'RS11434'),
(225,'10058598589','1','',51,51,NULL,'',0,'FF14594'),
(225,'10075498417','1424','',51,51,NULL,'',0,'FG27629'),
(225,'10101536651','143','',54,54,NULL,'',0,'KF59290'),
(225,'1010153665_','143','',121,120,NULL,'',0,'FG46840'),
(225,'10079730142','348','',53,53,NULL,'',0,'HT72628'),
(225,'10099586850','710','',51,51,NULL,'',0,'SS36132'),
(225,'10100705683','558','',53,53,NULL,'',0,'CS09160'),
(225,'WBT760876','470','',51,51,NULL,'',0,'SG73192'),
(225,'WBT760878','490','',46,46,NULL,'',0,'CW30865'),
(225,'10114824237','148','',49,49,NULL,'',0,'KC17326'),
(225,'10079727314','167','',54,54,NULL,'',0,'RR10301'),
(225,'10121265441','488','',51,51,NULL,'',0,'KC15695'),
(225,'10113523730','107','',47,47,NULL,'',0,'CS81750'),
(225,'10125489284','1174','',121,121,NULL,'',0,'HG56845'),
(225,'10072417655','6','',51,51,NULL,'',0,'FT26325'),
(225,'10125827269','4','',47,47,NULL,'',0,'FR70640'),
(225,'10119908754','915','',51,51,NULL,'',0,'NX42614'),
(225,'10129828319','1204','',46,46,NULL,'',0,'CP99068'),
(225,'10125851925','1303','',51,51,NULL,'',0,'SP35033'),
(225,'10090139151','442','',51,51,NULL,'',0,'RW04545'),
(225,'10080380749','1336','',51,51,NULL,'',0,'FZ51975'),
(225,'10090967388','1436','',45,69,NULL,'',0,'FX57950'),
(225,'10045717292','786 ','',53,53,NULL,'',0,'KG63607'),
(225,'10105173343','838','',53,53,NULL,'',0,'HT08081'),
(225,'10125851723','1311','',46,46,NULL,'',0,'SR51080'),
(225,'10073088571','417','',54,54,NULL,'',0,'HC28953'),
(225,'10121028803','772','',121,121,NULL,'',0,'GR49391'),
(225,'10126671472','487','',47,47,NULL,'',0,'SG62421'),
(226,'10126671573','179','',51,51,NULL,'',0,'FC07581'),
(225,'10119824181','456','',51,51,NULL,'',0,'CN55268'),
(225,'10120812066','5','',47,47,NULL,'',0,'RC94887'),
(225,'10120247547','795','',52,52,NULL,'',0,'KZ94602'),
(225,'10120762354','1078','',47,47,NULL,'',0,'FC33832'),
(225,'10048354884','610','',54,54,NULL,'',0,'GH06564'),
(225,'10045739928','567','',54,54,NULL,'',0,'RR27362'),
(225,'10090978607','1224','',51,51,NULL,'',0,'FZ59419'),
(225,'10082409968','1','',44,44,NULL,'',0,'LF89170'),
(226,'WTB682005','757','',45,45,NULL,'',0,'KN23842'),
(225,'10118720607','5','',47,47,NULL,'',0,'FC29995'),
(225,'10036459553','286','',44,44,NULL,'',0,'FC41842'),
(225,'10120469334','798','',53,53,NULL,'',0,'FZ75498'),
(225,'10045724871','852','',52,50,NULL,'',0,'HP49638'),
(225,'10072418160','5','',51,51,NULL,'',0,'FX53436'),
(225,'10045750133','813','',45,45,NULL,'',0,'SF76076'),
(225,'10099781153','829','',51,51,NULL,'',0,'HR63660'),
(225,'10073992489','164','',52,52,NULL,'',0,'RW01586'),
(225,'10090987394','956','',53,53,NULL,'',0,'GX70644'),
(225,'10090970018','676','',49,49,NULL,'',0,'GZ83846'),
(225,'10102515543','1','',47,47,NULL,'',0,'HT17905'),
(225,'10100611616','441','',49,49,NULL,'',0,'RC25729'),
(226,'10043835290','586','',45,45,NULL,'',0,'GV04865'),
(225,'10086984530','183','',49,49,NULL,'',0,'GG73463'),
(225,'10122148949','811','',46,46,NULL,'',0,'GT13326'),
(225,'10078186226','6','',53,53,NULL,'',0,'CX67808'),
(225,'10100610303','603','',51,51,NULL,'',0,'HG54601'),
(225,'10120090529','814','',49,49,NULL,'',0,'HR35623'),
(225,'10119864702','464','',51,51,NULL,'',0,'SG44456'),
(225,'10119864803','363','',49,49,NULL,'',0,'SG53264'),
(225,'10090154006','776','',54,54,NULL,'',0,'HG27960'),
(226,'10100422464','6','',50,50,NULL,'',0,'LL29026'),
(225,'10090152992','290','',52,52,NULL,'',0,'CX36941'),
(225,'10090981637','775','',45,69,NULL,'',0,'GV66661'),
(225,'10100610707','160','',53,53,NULL,'',0,'PX56881'),
(225,'10091711561','928','',49,49,NULL,'',0,'TZ06459'),
(225,'10100610505','7','',49,49,NULL,'',0,'RL19323'),
(225,'10054408593','385','',44,44,NULL,'',0,'VF84943'),
(225,'10052519319','552','',45,45,NULL,'',0,'SS72057'),
(225,'10100613333','4','',49,49,NULL,'',0,'FV47817'),
(225,'10054406674','546','',53,53,NULL,'',0,'FC23233'),
(225,'10073093120','4','',51,51,NULL,'',0,'GV62155'),
(225,'10052560644','6','',45,45,NULL,'',0,'FT23431'),
(225,'20221469','1469','',45,45,NULL,'',0,'SL02399'),
(225,'10121284134','554','',47,47,NULL,'',0,'FX08427'),
(225,'10121793079','1150','',49,49,NULL,'',0,'KZ15148'),
(225,'10122149050','1049','',49,49,NULL,'',0,'FX18070'),
(225,'10122149353','1048','',47,47,NULL,'',0,'RW95842'),
(225,'10123251820','1215','',51,51,NULL,'',0,'PS98906'),
(225,'762136','1132','',49,49,NULL,'',0,'GG17039'),
(225,'10127403420','1304','',47,47,NULL,'',0,'PX48683'),
(225,'10124998931','314','',51,51,NULL,'',0,'LC32538'),
(225,'10127498905','1059','',47,47,NULL,'',0,'HV45403'),
(225,'10125825552','1066','',47,47,NULL,'',0,'KS72210'),
(225,'10127499107','1325','',47,47,NULL,'',0,'PZ43480'),
(225,'10124010444','285','',47,47,NULL,'',0,'HW13882'),
(225,'10128072720','1042','',121,121,NULL,'',0,'KG22064'),
(225,'10128085955','1432','',52,52,NULL,'',0,'PW84330'),
(225,'10129219744','1390','',51,51,NULL,'',0,'SW08252'),
(225,'10045749830','959','',45,45,NULL,'',0,'CT79404'),
(225,'10090152588','244','',51,51,NULL,'',0,'GN38246'),
(225,'10123656590','1105','',53,53,NULL,'',0,'LN19441'),
(225,'10125028435','1333','',47,47,NULL,'',0,'TG15230'),
(225,'10125852026','1416','',47,47,NULL,'',0,'RG53649'),
(225,'10128068676','1411','',47,47,NULL,'',0,'TW57253'),
(225,'beantragt','248','',51,51,NULL,'',0,'LT14659'),
(225,'10128773241','1270','',49,49,NULL,'',0,'NT91901'),
(225,'beantragt!','249','',51,51,NULL,'',0,'TK88167'),
(225,'10128085046','1231','',49,49,NULL,'',0,'PH00439'),
(225,'10128063626','1172','',49,49,NULL,'',0,'HH53844'),
(226,'10106036138','561','',54,54,NULL,'',0,'HR45382'),
(226,'10132645359','1054','',47,47,NULL,'',0,'CW28799'),
(226,'10101533823','939','',45,45,NULL,'',0,'GW96074'),
(226,'10121792574','6','',47,47,NULL,'',0,'NP72440'),
(226,'10087958469','221','',45,45,NULL,'',0,'GX43728'),
(226,'10123251820','1215','',51,51,NULL,'',0,'PS98906'),
(226,'10101577774','213','',51,51,NULL,'',0,'KF62298'),
(226,'10120090529','814','',49,49,NULL,'',0,'HR35623'),
(226,'10100610303','603','',51,51,NULL,'',0,'HG54601'),
(226,'10073992792','249','',121,121,NULL,'',0,'KK06972'),
(226,'10073088571','417','',54,54,NULL,'',0,'HC28953'),
(226,'10050911139','5','',52,52,NULL,'',0,'FZ09582'),
(227,'10073992489','164','',52,52,NULL,'',0,'RW01586'),
(226,'10120092953','592','',51,51,NULL,'',0,'SF89975'),
(226,'10101536651','143','',54,54,NULL,'',0,'KF59290'),
(226,'10045717292','786 ','',53,53,NULL,'',0,'KG63607'),
(226,'10075498417','1424','',51,51,NULL,'',0,'TH96580'),
(226,'10122149050','1049','',49,49,NULL,'',0,'FX18070'),
(226,'10122149353','1048','',47,47,NULL,'',0,'RW95842'),
(226,'10090139151','442','',51,51,NULL,'',0,'RW04545'),
(227,'10121028803','5','',120,121,NULL,'',0,'GR49391'),
(227,'10120383852','845','',49,49,NULL,'',0,'KS54770'),
(226,'10009248932','489','',120,120,NULL,'',0,'SS61035'),
(226,'10079730142','348','',53,53,NULL,'',0,'HT72628'),
(226,'1010153665_','1','',120,120,NULL,'',0,'FG46840'),
(226,'10090967388','1436','',69,69,NULL,'',0,'FX57950'),
(226,'10080380749','1336','',51,51,NULL,'',0,'FZ51975'),
(226,'10050784130','539','',51,51,NULL,'',0,'KX49473'),
(226,'10050778066','5','',69,44,NULL,'',0,'FX78794'),
(226,'10125489284','1174','',121,121,NULL,'',0,'HG56845'),
(226,'10072417655','185','',51,51,NULL,'',0,'FT26325'),
(226,'10118720607','7','',47,47,NULL,'',0,'LT14659'),
(226,'10054422640','4','',53,53,NULL,'',0,'RW01131'),
(226,'10090967186','4','',49,49,NULL,'',0,'SG33858'),
(226,'10119908754','915','',51,51,NULL,'',0,'NX42614'),
(226,'10090978607','1224','',51,51,NULL,'',0,'FZ59419'),
(226,'10082409968','1','',69,44,NULL,'',0,'HV20993'),
(227,'10100611616','441','',49,49,NULL,'',0,'RC25729'),
(226,'10129219744','1390','',51,51,NULL,'',0,'SW08252'),
(226,'10052560644','6','',45,45,NULL,'',0,'FT23431'),
(226,'10078186226','6','',53,53,NULL,'',0,'CX67808'),
(226,'10130362021','1498','',47,47,NULL,'',0,'HN87271'),
(226,'10123656590','1105','',53,53,NULL,'',0,'LN19441'),
(226,'10099586850','710','',51,51,NULL,'',0,'SS36132'),
(226,'10125028435','1333','',47,47,NULL,'',0,'TG15230'),
(226,'10128068676','1411','',47,47,NULL,'',0,'TW57253'),
(226,'10090970018','676','',49,49,NULL,'',0,'GZ83846'),
(226,'10052519319','552','',45,45,NULL,'',0,'SS72057'),
(224,'10072417655','6','',51,51,NULL,'',0,'FT26325'),
(224,'10090152588','7','',51,51,NULL,'',0,'GN38246'),
(226,'10045726689','E7','',53,53,NULL,'',0,'NR10074'),
(226,'10119864803','363','',49,49,NULL,'',0,'SG53264'),
(226,'10100611616','441','',49,49,NULL,'',0,'RC25729'),
(226,'10073992489','164','',52,52,NULL,'',0,'RW01586'),
(226,'10090967590','263','',45,45,NULL,'',0,'KG17116'),
(226,'10126671472','487','',47,47,NULL,'',0,'SG62421'),
(226,'10102515543','1','',47,47,NULL,'',0,'HT17905'),
(226,'10113523730','107','',47,47,NULL,'',0,'CS81750'),
(226,'10099781153','829','',51,51,NULL,'',0,'HR63660'),
(226,'10125851925','1303','',51,51,NULL,'',0,'SP35033'),
(226,'10125851723','1311','',46,46,NULL,'',0,'SR51080'),
(226,'10100613333','335','',49,49,NULL,'',0,'FV47817'),
(226,'10091711561','928','',49,49,NULL,'',0,'GT82509'),
(226,'10127403420','1304','',47,47,NULL,'',0,'PX48683'),
(226,'10125827269','4','',47,47,NULL,'',0,'FR70640'),
(226,'10072418160','5','',51,51,NULL,'',0,'FX53436'),
(226,'10126666725','1069','',54,54,NULL,'',0,'SK13550'),
(226,'10124998931','314','',51,51,NULL,'',0,'LC32538'),
(226,'10121193093','972','',49,49,NULL,'',0,'RT79574'),
(226,'1012667533','1068','',51,51,NULL,'',0,'PR96514'),
(226,'10072214258','386','',53,53,NULL,'',0,'NP80483'),
(226,'10121264027','713','',49,49,NULL,'',0,'FX08420'),
(226,'10051788684','5','',45,45,NULL,'',0,'CS37669'),
(226,'1005178868A','867','',120,120,NULL,'',0,'CS38397'),
(226,'WBT760878','490','',46,46,NULL,'',0,'CW30865'),
(226,'10045722245','54','',45,45,NULL,'',0,'KL24802'),
(226,'20221469','1469','',45,45,NULL,'',0,'SL02399'),
(226,'10086984530','3','',49,49,NULL,'',0,'GG73463'),
(226,'10122148949','811','',46,46,NULL,'',0,'GT13326'),
(226,'10121265441','488','',51,51,NULL,'',0,'KC15695'),
(226,'10120090630','828','',47,47,NULL,'',0,'RL97965'),
(226,'10125825552','1066','',47,47,NULL,'',0,'KS72210'),
(226,'10072418261','964','',45,45,NULL,'',0,'LC25072'),
(226,'10127499107','1325','',47,47,NULL,'',0,'PZ43480'),
(226,'10124010444','285','',47,47,NULL,'',0,'HW13882'),
(226,'10119909158','810','',49,49,NULL,'',0,'TN65691'),
(227,'10126671472','487','',47,47,NULL,'',0,'SG62421'),
(226,'10121397201','281','',51,51,NULL,'',0,'SL16189'),
(226,'10072417453','3','',51,51,NULL,'',0,'KS91552'),
(226,'10126504754','1496','',54,54,NULL,'',0,'HL36885'),
(226,'10100610505','773','',49,49,NULL,'',0,'RL19323'),
(226,'WTB716032','342','',52,52,NULL,'',0,'FZ34792'),
(226,'WTB716819','480','',52,52,NULL,'',0,'FS48869'),
(226,'WTB740314','821','',50,48,NULL,'',0,'LV40647'),
(226,'10079727314','167','',54,54,NULL,'',0,'RR10301'),
(226,'10048354884','610','',54,54,NULL,'',0,'GH06564'),
(226,'10045724871','852','',50,50,NULL,'',0,'HP49638'),
(226,'10090987394','956','',53,53,NULL,'',0,'GX70644'),
(226,'10090154006','776','',54,54,NULL,'',0,'HG27960'),
(226,'10128072720','1042','',121,121,NULL,'',0,'KG22064'),
(226,'10128086056','1321','',51,51,NULL,'',0,'PV75334'),
(226,'10128085955','1432','',52,52,NULL,'',0,'PW84330'),
(226,'10114824237','148','',49,49,NULL,'',0,'KC17326'),
(226,'10054410213','4','',54,54,NULL,'',0,'RS11434'),
(226,'10058598589','1','',51,51,NULL,'',0,'FF14594'),
(226,'10073093120','4','',51,51,NULL,'',0,'GV62155'),
(227,'10102515543','1','',47,47,NULL,'',0,'HT17905'),
(227,'10113523730','107','',47,47,NULL,'',0,'CS81750'),
(227,'10099781153','829','',51,51,NULL,'',0,'HR63660'),
(227,'10125851925','1303','',51,51,NULL,'',0,'SP35033'),
(227,'10100613333','335','',49,49,NULL,'',0,'FV47817'),
(227,'10091711561','928','',49,49,NULL,'',0,'LK34262'),
(228,'10121264027','713','',49,49,NULL,'',0,'HS27957'),
(227,'10125827269','4','',47,47,NULL,'',0,'FR70640'),
(227,'10072418160','5','',51,51,NULL,'',0,'FX53436'),
(227,'10101538065','1030','',54,54,NULL,'',0,'HV81726'),
(227,'10126666725','1069','',54,54,NULL,'',0,'SK13550'),
(227,'10124998931','314','',51,51,NULL,'',0,'LC32538'),
(227,'10121193093','972','',49,49,NULL,'',0,'RT79574'),
(227,'10072214258','386','',53,53,NULL,'',0,'NP80483'),
(227,'10121264027','713','',49,49,NULL,'',0,'FX08420'),
(228,'10073992489','164','',52,52,NULL,'',0,'RW01586'),
(227,'WBT760878','490','',46,46,NULL,'',0,'CW30865'),
(227,'10045722245','54','',45,45,NULL,'',0,'KL24802'),
(227,'10086984530','3','',49,49,NULL,'',0,'GG73463'),
(227,'10122148949','811','',46,46,NULL,'',0,'GT13326'),
(227,'10121265441','488','',51,51,NULL,'',0,'KC15695'),
(228,'10087958469','221','',45,45,NULL,'',0,'GX43728'),
(228,'10101538065','1030','',54,54,NULL,'',0,'HV81726'),
(227,'10120812066','5','',47,47,NULL,'',0,'RC94887'),
(227,'10125825552','1066','',47,47,NULL,'',0,'KS72210'),
(227,'10125852127','553','',46,46,NULL,'',0,'TF90445'),
(228,'10072214258','386','',53,53,NULL,'',0,'NP80483'),
(227,'10125851117','557','',45,69,NULL,'',0,'SV39342'),
(227,'10048520996','917','',53,53,NULL,'',0,'GN58922'),
(227,'10099720226','817','',51,51,NULL,'',0,'KR04650'),
(227,'10124010444','285','',47,47,NULL,'',0,'HW13882'),
(227,'10121284134','554','',47,47,NULL,'',0,'FX08427'),
(228,'10127403420','1304','',47,47,NULL,'',0,'PX48683'),
(227,'10121397201','281','',51,51,NULL,'',0,'SL16189'),
(227,'10072417453','3','',51,51,NULL,'',0,'KS91552'),
(228,'10120469334','798','',53,53,NULL,'',0,'FZ75498'),
(228,'10120383852','845','',49,49,NULL,'',0,'KS54770'),
(227,'WTB716032','342','',52,52,NULL,'',0,'FZ34792'),
(228,'10125851925','1303','',51,51,NULL,'',0,'SP35033'),
(227,'10090987394','956','',53,53,NULL,'',0,'GX70644'),
(227,'10045742554','949','',54,54,NULL,'',0,'LR13049'),
(227,'10090154006','776','',54,54,NULL,'',0,'HG27960'),
(227,'10114824237','148','',49,49,NULL,'',0,'KC17326'),
(228,'10121028803','5','',121,121,NULL,'',0,'GR49391'),
(227,'10119864803','363','',49,49,NULL,'',0,'SG53264'),
(227,'10119864702','464','',51,51,NULL,'',0,'SG44456'),
(227,'10045726689','E7','',53,53,NULL,'',0,'NR10074'),
(227,'10121792574','6','',47,47,NULL,'',0,'NP72440'),
(227,'10087958469','221','',45,45,NULL,'',0,'GX43728'),
(227,'10123251820','1215','',51,51,NULL,'',0,'PS98906'),
(227,'10101577774','213','',51,51,NULL,'',0,'KF62298'),
(228,'1012667533','1068','',51,51,NULL,'',0,'PR96514'),
(228,'10126666725','1069','',54,54,NULL,'',0,'SK13550'),
(228,'10100611616','441','',49,49,NULL,'',0,'RC25729'),
(227,'10073088571','417','',54,54,NULL,'',0,'HC28953'),
(227,'10123657402','1371','',45,69,NULL,'',0,'CR45826'),
(227,'10050911139','5','',52,52,NULL,'',0,'FZ09582'),
(228,'10125851723','1311','',46,46,NULL,'',0,'SR51080'),
(228,'10091711561','928','',49,49,NULL,'',0,'LK34262'),
(227,'10094120700','W1','',49,48,NULL,'',0,'RN51979'),
(227,'10036312437','E3','',53,53,NULL,'',0,'KX64931'),
(227,'10101536651','143','',54,54,NULL,'',0,'KF59290'),
(227,'10075498417','1424','',51,51,NULL,'',0,'TH96580'),
(227,'10122149050','1049','',49,49,NULL,'',0,'FX18070'),
(227,'10122149353','1048','',47,47,NULL,'',0,'RW95842'),
(227,'10119824181','456','',51,51,NULL,'',0,'CN55268'),
(228,'10090967590','263','',45,45,NULL,'',0,'KG17116'),
(227,'10121793079','1150','',49,49,NULL,'',0,'KZ15148'),
(227,'771085','1310','',51,51,NULL,'',0,'HN85646'),
(227,'10100705683','558','',53,53,NULL,'',0,'CS09160'),
(227,'10079730142','348','',53,53,NULL,'',0,'HT72628'),
(228,'10113523730','107','',47,47,NULL,'',0,'CS81750'),
(228,'10099781153','829','',51,51,NULL,'',0,'HR63660'),
(228,'10126671472','487','',47,47,NULL,'',0,'SG62421'),
(227,'10123657503','1226','',53,53,NULL,'',0,'FG70625'),
(227,'1010153665_','1','',120,120,NULL,'',0,'FG46840'),
(227,'10125489284','1174','',120,121,NULL,'',0,'HG56845'),
(227,'10072417655','185','',51,51,NULL,'',0,'LH24295'),
(227,'10118720607','7','',47,47,NULL,'',0,'LH54829'),
(227,'10082409968','4','',44,44,NULL,'',0,'HV20993'),
(228,'10121193093','972','',49,49,NULL,'',0,'RT79574'),
(227,'10126280543','762','',49,49,NULL,'',0,'HS27957'),
(227,'10073093120','4','',51,51,NULL,'',0,'GV62155'),
(227,'10129219744','1390','',51,51,NULL,'',0,'SW08252'),
(227,'10123657196','1076','',51,51,NULL,'',0,'RP72319'),
(227,'10052560644','6','',45,45,NULL,'',0,'FT23431'),
(227,'10078186226','6','',53,53,NULL,'',0,'CX67808'),
(228,'10072418160','5','',51,51,NULL,'',0,'FX53436'),
(227,'10130362021','1498','',47,47,NULL,'',0,'HN87271'),
(228,'10102515543','1','',47,47,NULL,'',0,'HT17905'),
(227,'10099586850','710','',51,51,NULL,'',0,'SS36132'),
(227,'10125028435','1333','',47,47,NULL,'',0,'TG15230'),
(227,'10125852026','1416','',47,47,NULL,'',0,'RG53649'),
(227,'10128068676','1411','',47,47,NULL,'',0,'TW57253'),
(227,'10052519319','552','',45,45,NULL,'',0,'SS72057'),
(227,'10036459553','286','',44,44,NULL,'',0,'FC41842'),
(228,'10125827269','4','',47,47,NULL,'',0,'FR70640'),
(227,'10087951496','186','',44,44,NULL,'',0,'RL21249'),
(227,'10132755594','1167','',47,27,NULL,'',0,'PV97937'),
(227,'10131778524','1488','',47,48,NULL,'',0,'SW21252'),
(227,'10073086147','105','',45,45,NULL,'',0,'RN94531'),
(227,'10132645359','1054','',47,47,NULL,'',0,'CW28799'),
(227,'10125028536','712','',49,49,NULL,'',0,'RN07186'),
(228,'10051788684','5','',45,45,NULL,'',0,'CS37669'),
(228,'1005178868A','867','',121,120,NULL,'',0,'CS38397'),
(228,'WBT760876','470','',51,51,NULL,'',0,'SG73192'),
(228,'WBT760878','490','',46,46,NULL,'',0,'CW30865'),
(228,'10045722245','54','',45,45,NULL,'',0,'KL24802'),
(228,'10127498905','1059','',47,47,NULL,'',0,'HV45403'),
(228,'10051792324','957','',54,54,NULL,'',0,'HS22117'),
(228,'10086984530','3','',49,49,NULL,'',0,'GG73463'),
(228,'10122148949','811','',46,46,NULL,'',0,'GT13326'),
(228,'10052535281','751','',54,54,NULL,'',0,'HN49143'),
(228,'10121265441','488','',51,51,NULL,'',0,'TH66606'),
(228,'10120090630','828','',47,47,NULL,'',0,'LR19844'),
(228,'10119909158','810','',49,49,NULL,'',0,'TN65691'),
(228,'10120812066','5','',47,47,NULL,'',0,'RC94887'),
(228,'10125825552','1066','',47,47,NULL,'',0,'KS72210'),
(228,'10125852127','553','',46,46,NULL,'',0,'TF90445'),
(228,'10127499107','1325','',47,47,NULL,'',0,'PZ43480'),
(228,'10125851117','557','',69,69,NULL,'',0,'SV39342'),
(228,'10048520996','917','',53,53,NULL,'',0,'GN58922'),
(228,'10099720226','817','',51,51,NULL,'',0,'KR04650'),
(228,'10124059445','1497','',121,121,NULL,'',0,'KH51423'),
(228,'10124010444','285','',47,47,NULL,'',0,'HW13882'),
(228,'10121284134','554','',47,47,NULL,'',0,'SL49360'),
(228,'2022492','492','',54,54,NULL,'',0,'LZ29097'),
(228,'10121397201','281','',51,51,NULL,'',0,'SL16189'),
(228,'10072417453','3','',51,51,NULL,'',0,'KS91552'),
(228,'10126504754','1496','',54,54,NULL,'',0,'HL36885'),
(228,'10078186731','1470','',53,53,NULL,'',0,'FX79549'),
(228,'10100610505','773','',49,49,NULL,'',0,'RL19323'),
(228,'WTB716032','342','',52,52,NULL,'',0,'FZ34792'),
(228,'WTB716819','480','',52,52,NULL,'',0,'FS48869'),
(228,'WTB740314','821','',49,48,NULL,'',0,'LV40647'),
(228,'10079727314','167','',54,54,NULL,'',0,'RR10301'),
(228,'10128085652','1203','',51,51,NULL,'',0,'PV63075'),
(228,'10045724871','852','',51,50,NULL,'',0,'HP49638'),
(228,'10090987394','956','',53,53,NULL,'',0,'GX70644'),
(228,'10045742554','949','',54,54,NULL,'',0,'LR13049'),
(228,'10090154006','776','',54,54,NULL,'',0,'HG27960'),
(228,'10128072720','1042','',121,121,NULL,'',0,'KG22064'),
(228,'10128086056','1321','',51,51,NULL,'',0,'PV75334'),
(228,'10128085955','1432','',52,52,NULL,'',0,'PW84330'),
(228,'10114824237','148','',49,49,NULL,'',0,'KC17326'),
(228,'10054410213','4','',54,54,NULL,'',0,'RS11434'),
(228,'10058598589','1','',51,51,NULL,'',0,'FF14594'),
(228,'10119864803','363','',49,49,NULL,'',0,'SG53264'),
(228,'10119864702','464','',51,51,NULL,'',0,'SG44456'),
(228,'10045726689','E7','',53,53,NULL,'',0,'NR10074'),
(228,'10121792574','6','',47,47,NULL,'',0,'NP72440'),
(228,'10123251820','1215','',51,51,NULL,'',0,'PS98906'),
(228,'10101577774','213','',51,51,NULL,'',0,'KF62298'),
(228,'10120090529','814','',49,49,NULL,'',0,'HR35623'),
(228,'10073992792','249','',121,121,NULL,'',0,'KK06972'),
(228,'10073088571','417','',54,54,NULL,'',0,'HC28953'),
(228,'10123657402','1371','',69,69,NULL,'',0,'CR45826'),
(228,'10050911139','5','',52,52,NULL,'',0,'FZ09582'),
(228,'10090152992','290','',52,52,NULL,'',0,'NC74537'),
(228,'10090152588','244','',51,51,NULL,'',0,'GN38246'),
(228,'10101536651','143','',54,54,NULL,'',0,'KF59290'),
(228,'10045717292','786 ','',53,53,NULL,'',0,'KG63607'),
(228,'10075498417','1424','',51,51,NULL,'',0,'SW29696'),
(228,'10122149050','1049','',49,49,NULL,'',0,'FX18070'),
(228,'10119863587','655','',49,49,NULL,'',0,'LF89229'),
(228,'10119824181','456','',51,51,NULL,'',0,'CN55268'),
(228,'10100610707','160','',53,53,NULL,'',0,'PX56881'),
(228,'10090981637','6','',69,69,NULL,'',0,'GV66661'),
(228,'10121793079','1150','',49,49,NULL,'',0,'KZ15148'),
(228,'10009248932','489','',121,120,NULL,'',0,'TH96580'),
(228,'10100705683','558','',53,53,NULL,'',0,'CS09160'),
(228,'10079730142','348','',53,53,NULL,'',0,'HT72628'),
(228,'10087945537','173','',53,53,NULL,'',0,'GF11407'),
(228,'10123657503','1226','',53,53,NULL,'',0,'GT82509'),
(228,'10090967388','1436','',69,69,NULL,'',0,'FX57950'),
(228,'10125489284','1174','',121,121,NULL,'',0,'HG56845'),
(228,'10072417655','185','',51,51,NULL,'',0,'LH24295'),
(228,'10118720607','7','',47,47,NULL,'',0,'LH54829'),
(228,'10054422640','4','',53,53,NULL,'',0,'RW01131'),
(228,'10090967186','4','',49,49,NULL,'',0,'SG33858'),
(228,'10119908754','915','',51,51,NULL,'',0,'NX42614'),
(228,'10101038416','7','',54,54,NULL,'',0,'RL97965'),
(228,'10090978607','1224','',51,51,NULL,'',0,'FZ59419'),
(228,'762136','1132','',49,49,NULL,'',0,'LT13741'),
(228,'10051833750','968','',45,45,NULL,'',0,'HT02202'),
(228,'10073093120','4','',51,51,NULL,'',0,'GV62155'),
(228,'10054406674','546','',53,53,NULL,'',0,'FC23233'),
(228,'10129219744','1390','',51,51,NULL,'',0,'SW08252'),
(228,'10123657196','1076','',51,51,NULL,'',0,'FS76813'),
(228,'20221469','1469','',45,45,NULL,'',0,'SL02399'),
(228,'10078186226','6','',53,53,NULL,'',0,'CX67808'),
(228,'10120092953','592','',51,51,NULL,'',0,'SF89975'),
(228,'10123656590','1105','',53,53,NULL,'',0,'LN19441'),
(228,'10125028435','1333','',47,47,NULL,'',0,'TG15230'),
(228,'20221376','1376','',47,47,NULL,'',0,'RW05014'),
(228,'10128068676','1411','',47,47,NULL,'',0,'TW57253'),
(228,'10090970018','676','',49,49,NULL,'',0,'GZ83846'),
(228,'10052519319','552','',45,45,NULL,'',0,'SS72057'),
(228,'10036459553','286','',54,44,NULL,'',0,'FC41842'),
(228,'10120386882','665','',51,51,NULL,'',0,'HT75865'),
(228,'10087951496','186','',54,44,NULL,'',0,'RL21249'),
(228,'10131250579','1219','',49,49,NULL,'',0,'LT81465'),
(228,'10131778524','1488','',49,48,NULL,'',0,'SW21252'),
(228,'10043835290','586','',45,45,NULL,'',0,'GV04865'),
(228,'10080393176','516','',54,54,NULL,'',0,'RK40246'),
(228,'10132645359','1054','',47,47,NULL,'',0,'CW28799'),
(228,'10132857244','002','',46,46,NULL,'',0,'FX54226'),
(228,'10133081758','1272','',51,51,NULL,'',0,'GL27021'),
(228,'10132243619','1366','',47,27,NULL,'',0,'PW97220'),
(228,'10079728728','278','',51,51,NULL,'',0,'KG33148'),
(228,'10112045387','218','',49,49,NULL,'',0,'LC02614'),
(228,'10133100350','1340','',121,121,NULL,'',0,'PV87295'),
(228,'10036546550','555','',121,121,NULL,'',0,'RK47743'),
(228,'10127498396','1332','',47,27,NULL,'',0,'SN53295'),
(230,'10015883328','400','',241,45,NULL,'',0,'SF18489'),
(230,'10136677933','1334','',27,27,NULL,'',0,'RK10510'),
(230,'10136678539','1372','',53,53,NULL,'',0,'PH00439'),
(229,'01010101010','999','',49,49,NULL,'',0,'KK73038'),
(229,'BW2023010','10','',26,24,NULL,'',0,'KX64931'),
(229,'10136677933','1334','',27,27,NULL,'',0,'RK10510'),
(229,'10125028435','1333','',47,47,NULL,'',0,'TG15230'),
(230,'10054406674','546','',53,53,NULL,'',0,'FC23233'),
(230,'10090967186','4','',53,53,NULL,'',0,'TG22696'),
(230,'10100705683','558','',53,53,NULL,'',0,'CS09160'),
(230,'10078186226','6','',54,54,NULL,'',0,'HR18884'),
(230,'BW20230111','1431','',49,49,NULL,'',0,'FX90862'),
(230,'10054413748','863','',54,54,NULL,'',0,'FX97653'),
(229,'10136851523','822','',121,121,NULL,'',0,'PW60691'),
(229,'10132627979','1283','',49,49,NULL,'',0,'LW12513'),
(229,'10011100622','234','',45,45,NULL,'',0,'PV47528'),
(229,'10135661351','871','',53,53,NULL,'',0,'FX47799'),
(229,'10101537459','1246','',54,54,NULL,'',0,'SP92444'),
(229,'10140137496','1429','',49,49,NULL,'',0,'SW63697'),
(229,'10140137193','1341','',47,47,NULL,'',0,'NL39786'),
(229,'BW2023009','9','',26,26,NULL,'',0,'CV92688'),
(229,'BW20230111','1431','',49,49,NULL,'',0,'FX90862'),
(229,'10119824181','456','',53,53,NULL,'',0,'CN55268'),
(230,'10073093120','4','',51,51,NULL,'',0,'GV62155'),
(229,'10120383852','845','',51,51,NULL,'',0,'KS54770'),
(229,'BW2023005','5','',26,25,NULL,'',0,'KG22064'),
(230,'10120762253','490','',48,48,NULL,'',0,'CW30865'),
(229,'10121193093','972','',49,49,NULL,'',0,'RT79574'),
(229,'10126671472','487','',49,49,NULL,'',0,'SG62421'),
(229,'10122149050','1049','',49,49,NULL,'',0,'FX18070'),
(229,'10122149353','1048','',47,47,NULL,'',0,'RW95842'),
(230,'10099586850','710','',51,51,NULL,'',0,'SS36132'),
(229,'10127403420','1304','',49,49,NULL,'',0,'PX48683'),
(229,'10128772736','1125','',52,52,NULL,'',0,'GH18038'),
(229,'10124998931','314','',51,51,NULL,'',0,'LC32538'),
(229,'10125825552','1066','',47,47,NULL,'',0,'KS72210'),
(229,'10125852127','553','',48,48,NULL,'',0,'TF90445'),
(229,'10127499107','1325','',49,49,NULL,'',0,'PZ43480'),
(229,'10124010440','285','',49,49,NULL,'',0,'HW13882'),
(229,'10045734571','5','',53,53,NULL,'',0,'GX93060'),
(229,'10131250074','1323','',48,48,NULL,'',0,'SV74661'),
(229,'10133100350','1340','',121,121,NULL,'',0,'PV87295'),
(229,'10128085955','1432','',52,52,NULL,'',0,'PW84330'),
(230,'10045743867','690','',70,121,NULL,'',0,'LL27701'),
(229,'10131661316','1360','',49,49,NULL,'',0,'RL05388'),
(229,'10132755594','1167','',47,47,NULL,'',0,'PV97937'),
(229,'10131778524','1488','',48,48,NULL,'',0,'SW21252'),
(229,'10132645359','1054','',49,49,NULL,'',0,'CW28799'),
(229,'10125028536','712','',51,51,NULL,'',0,'RN07186'),
(229,'10133081758','1272','',53,53,NULL,'',0,'HW28808'),
(229,'10132243619','1366','',47,47,NULL,'',0,'PW97220'),
(229,'10127498396','1332','',47,47,NULL,'',0,'SN53295'),
(229,'10132196230','1137','',47,47,NULL,'',0,'KC51416'),
(229,'10136106744','1279','',47,47,NULL,'',0,'HH10570'),
(229,'10048540501','802','',121,120,NULL,'',0,'TK14174'),
(229,'100992496','520','',54,54,NULL,'',0,'RL13335'),
(229,'BW2023003','3','',26,24,NULL,'',0,'FF44615'),
(229,'01','998','',27,27,NULL,'',0,'SN41279'),
(229,'10136707841','304','',53,53,NULL,'',0,'FZ96546'),
(229,'10120247547','795','',52,52,NULL,'',0,'KZ94602'),
(229,'10120090630','828','',49,49,NULL,'',0,'LR19844'),
(229,'10072418160','5','',53,53,NULL,'',0,'NL65927'),
(229,'10072417453','3','',53,53,NULL,'',0,'KS91552'),
(229,'10045750133','3','',45,45,NULL,'',0,'SF76076'),
(229,'10099781153','829','',51,51,NULL,'',0,'HR63660'),
(230,'10121397201','281','',51,51,NULL,'',0,'SL16189'),
(229,'10073992489','164','',52,52,NULL,'',0,'RW01586'),
(229,'10090987394','956','',54,54,NULL,'',0,'GX70644'),
(229,'10102515543','1','',49,49,NULL,'',0,'HT17905'),
(229,'10087945537','173','',54,54,NULL,'',0,'CV72662'),
(229,'10100611616','441','',49,49,NULL,'',0,'RC25729'),
(229,'10072214258','386','',53,53,NULL,'',0,'NP80483'),
(229,'10086984530','3','',51,51,NULL,'',0,'GG73463'),
(229,'10122148949','811','',47,46,NULL,'',0,'PH00439'),
(230,'10123657402','1371','',272,69,NULL,'',0,'GS20374'),
(229,'10078186226','6','',54,54,NULL,'',0,'HR18884'),
(229,'10051788684','5','',45,45,NULL,'',0,'CS37669'),
(229,'10073992792','249','',121,121,NULL,'',0,'KK06972'),
(229,'10120090529','814','',49,49,NULL,'',0,'HR35623'),
(229,'10119864803','363','',49,49,NULL,'',0,'SG53264'),
(229,'10090152588','244','',51,51,NULL,'',0,'CT14775'),
(229,'10090152992','290','',52,52,NULL,'',0,'CT14804'),
(229,'10091711561','928','',51,51,NULL,'',0,'LK34262'),
(229,'10045722245','54','',45,45,NULL,'',0,'KL24802'),
(229,'10100610505','773','',49,49,NULL,'',0,'RL19323'),
(229,'10036546550','555','',121,121,NULL,'',0,'RK47743'),
(229,'10054408593','385','',44,44,NULL,'',0,'TK88167'),
(229,'10100613333','335','',49,49,NULL,'',0,'FV47817'),
(229,'10054406674','546','',53,53,NULL,'',0,'FC23233'),
(229,'10073093120','4','',51,51,NULL,'',0,'GV62155'),
(229,'BW2023011','11','',26,25,NULL,'',0,'HS59892'),
(229,'10045742554','949','',54,54,NULL,'',0,'LR13049'),
(230,'10119908754','915','',51,51,NULL,'',0,'NX42614'),
(229,'10045724871','852','',52,52,NULL,'',0,'HP49638'),
(229,'10048354884','610','',54,54,NULL,'',0,'GH06564'),
(229,'10045726689','E7','',54,54,NULL,'',0,'NR10074'),
(229,'10121792574','6','',47,47,NULL,'',0,'NP72440'),
(229,'10045746796','1381','',45,69,NULL,'',0,'KZ03308'),
(229,'10082409968','4','',44,44,NULL,'',0,'LF89170'),
(229,'10087958469','221','',45,45,NULL,'',0,'GX43728'),
(229,'10072417655','185','',51,51,NULL,'',0,'LH24295'),
(229,'10118720607','7','',49,49,NULL,'',0,'LH54829'),
(229,'10136708245','275','',27,27,NULL,'',0,'NT91901'),
(229,'10036459553','286','',44,44,NULL,'',0,'FC41842'),
(229,'10121028803','5','',121,121,NULL,'',0,'GR49391'),
(229,'10073088571','417','',45,45,NULL,'',0,'HC28953'),
(230,'10101536651','1','',67,120,NULL,'',0,'FG46840'),
(229,'10125851723','1311','',47,46,NULL,'',0,'SR51080'),
(229,'10125851925','1303','',51,51,NULL,'',0,'SP35033'),
(229,'10054410213','4','',54,54,NULL,'',0,'RS11434'),
(229,'10058598589','1','',53,53,NULL,'',0,'LS65015'),
(229,'10075498417','1424','',53,53,NULL,'',0,'SW29696'),
(229,'10078185317','236','',121,121,NULL,'',0,'SK59942'),
(229,'10079730142','348','',54,54,NULL,'',0,'HT72628'),
(229,'10129219744','1390','',51,51,NULL,'',0,'SW08252'),
(229,'10036526847','996','',121,121,NULL,'',0,'NV44094'),
(229,'10120762253','490','',48,48,NULL,'',0,'CW30865'),
(229,'10126666725','1069','',54,54,NULL,'',0,'SK13550'),
(229,'10114824237','148','',49,49,NULL,'',0,'KC17326'),
(229,'10099249572','321','',51,51,NULL,'',0,'RX07485'),
(229,'10079727314','167','',54,54,NULL,'',0,'RR10301'),
(229,'10090967590','263','',45,45,NULL,'',0,'KG17116'),
(229,'10113523730','107','',49,49,NULL,'',0,'CS81750'),
(229,'10125489284','1174','',121,121,NULL,'',0,'HG56845'),
(229,'10121264027','713','',49,49,NULL,'',0,'FX08420'),
(229,'10125827269','4','',49,49,NULL,'',0,'FR70640'),
(229,'WTB716032','342','',44,44,NULL,'',0,'FZ34792'),
(229,'WTB716819','480','',52,52,NULL,'',0,'FS48869'),
(229,'WTB740314','821','',49,50,NULL,'',0,'LV40647'),
(230,'10123657196','1076','',53,53,NULL,'',0,'RP72319'),
(230,'10123657503','1226','',54,54,NULL,'',0,'FG70625'),
(230,'10054410213','4','',54,54,NULL,'',0,'PF72124'),
(230,'10087945537','173','',54,54,NULL,'',0,'CV72662'),
(230,'10128063626','1172','',51,51,NULL,'',0,'PW30153'),
(230,'10132243619','1366','',47,47,NULL,'',0,'PW97220'),
(230,'10123251820','1215','',51,51,NULL,'',0,'PS98906'),
(230,'10045717292','786','',53,53,NULL,'',0,'KG63607'),
(230,'10120383852','845','',51,51,NULL,'',0,'KS54770'),
(230,'10082409968','4','',241,44,NULL,'',0,'TK88167'),
(230,'10036474610','908','',244,44,NULL,'',0,'FC14222'),
(230,'10127498396','1332','',47,47,NULL,'',0,'SN53295'),
(230,'10073994412','238','',54,54,NULL,'',0,'GX48730'),
(230,'10121265441','488','',53,53,NULL,'',0,'KC15695'),
(230,'10122149050','1049','',49,49,NULL,'',0,'FX18070'),
(230,'10122149353','1048','',47,47,NULL,'',0,'RW95842'),
(230,'10121193093','972','',49,49,NULL,'',0,'RT79574'),
(230,'10090967590','263','',271,45,NULL,'',0,'KG17116'),
(230,'10126666725','1069','',54,54,NULL,'',0,'SK13550'),
(230,'10075498417','1424','',53,53,NULL,'',0,'SW29696'),
(230,'10140137496','1429','',49,49,NULL,'',0,'SW63697'),
(230,'10125825552','1066','',47,47,NULL,'',0,'KS72210'),
(230,'10128085652','1203','',53,53,NULL,'',0,'PV63075'),
(230,'10133100350','1340','',63,121,NULL,'',0,'PV87295'),
(230,'10131250074','1323','',48,48,NULL,'',0,'SV74661'),
(230,'WTB740314','821','',49,50,NULL,'',0,'LV40647'),
(230,'WTB716819','480','',52,52,NULL,'',0,'FS48869'),
(230,'WTB716032','342','',244,44,NULL,'',0,'FZ34792'),
(230,'10126504754','1496','',271,45,NULL,'',0,'NL65927'),
(230,'10125028435','1333','',47,47,NULL,'',0,'TG15230'),
(230,'10079730142','348','',54,54,NULL,'',0,'HT72628'),
(230,'10078185317','236','',70,121,NULL,'',0,'SK59942'),
(230,'10036526847','996','',70,121,NULL,'',0,'NV44094'),
(230,'10090981637','6','',272,69,NULL,'',0,'GV66661'),
(230,'10100610707','160','',53,53,NULL,'',0,'PX56881'),
(230,'BW2023005','5','',26,25,NULL,'',0,'KG22064'),
(230,'10140137193','1341','',47,47,NULL,'',0,'NL39786'),
(230,'10078189559','981','',53,53,NULL,'',0,'RL12794'),
(230,'10045734571','5','',53,53,NULL,'',0,'GX93060'),
(230,'BW2023009','9','',26,26,NULL,'',0,'KN94771'),
(230,'10136708245','275','',27,27,NULL,'',0,'NT91901'),
(230,'10118720607','7','',49,49,NULL,'',0,'LH54829'),
(230,'10072417655','185','',51,51,NULL,'',0,'LH24295'),
(230,'10125489284','1174','',63,121,NULL,'',0,'HG56845'),
(230,'10119864803','363','',49,49,NULL,'',0,'SG53264'),
(230,'10119864702','464','',51,51,NULL,'',0,'SG44456'),
(230,'10120247547','795','',52,52,NULL,'',0,'KZ94602'),
(230,'10058598589','1','',53,53,NULL,'',0,'NL55982'),
(230,'10120812066','5','',49,49,NULL,'',0,'RC94887'),
(230,'10099781153','829','',51,51,NULL,'',0,'HR63660'),
(230,'10119863587','655','',51,51,NULL,'',0,'LF89229'),
(230,'10132857244','1423','',48,48,NULL,'',0,'FX54226'),
(230,'10125852127','553','',48,48,NULL,'',0,'TF90445'),
(230,'10128772736','1125','',52,52,NULL,'',0,'GH18038'),
(230,'10102515543','1','',49,49,NULL,'',0,'HT17905'),
(230,'10127499107','1325','',49,49,NULL,'',0,'PZ43480'),
(230,'10126671472','487','',49,49,NULL,'',0,'SG62421'),
(230,'10130362021','1498','',47,47,NULL,'',0,'HN87271'),
(230,'10131778524','1488','',48,48,NULL,'',0,'SW21252'),
(230,'10125827269','4','',49,49,NULL,'',0,'FR70640'),
(230,'10051788684','5','',271,45,NULL,'',0,'CS37669'),
(230,'1005178868A','867','',67,120,NULL,'',0,'CS38397'),
(230,'10113523730','107','',49,49,NULL,'',0,'CS81750'),
(230,'10121264027','713','',49,49,NULL,'',0,'FX08420'),
(230,'10121792574','6','',47,47,NULL,'',0,'NP72440'),
(230,'10100611616','441','',49,49,NULL,'',0,'RC25729'),
(230,'10050911139','5','',53,53,NULL,'',0,'LL73746'),
(230,'10072418160','5','',53,53,NULL,'',0,'GS16986'),
(230,'10133081758','1272','',53,53,NULL,'',0,'HW28808'),
(230,'10072417453','3','',53,53,NULL,'',0,'KS91552'),
(230,'10141694146','1461','',47,47,NULL,'',0,'NL37382'),
(230,'10125028536','712','',51,51,NULL,'',0,'RN07186'),
(230,'10073992792','249','',70,121,NULL,'',0,'KK06972'),
(230,'10120090529','814','',49,49,NULL,'',0,'HR35623'),
(230,'10100610303','603','',51,51,NULL,'',0,'HG54601'),
(230,'10124010440','285','',49,49,NULL,'',0,'HW13882'),
(230,'10073992489','164','',52,52,NULL,'',0,'RW01586'),
(230,'10045746796','1381','',272,69,NULL,'',0,'KZ03308'),
(230,'10100613333','335','',49,49,NULL,'',0,'FV47817'),
(230,'10120469334','798','',54,54,NULL,'',0,'FZ75498'),
(230,'10121028803','5','',63,121,NULL,'',0,'GR49391'),
(230,'10086984530','3','',51,51,NULL,'',0,'GN57722'),
(230,'10072418261','964','',241,45,NULL,'',0,'LC25072'),
(230,'10139227013','1189','',47,47,NULL,'',0,'FF56260'),
(230,'10122148949','811','',47,46,NULL,'',0,'GC34480'),
(230,'10131661316','1360','',49,49,NULL,'',0,'RL05388'),
(230,'10125851925','1303','',51,51,NULL,'',0,'SP35033'),
(230,'10125851723','1311','',47,46,NULL,'',0,'SR51080'),
(230,'10132645359','1054','',49,49,NULL,'',0,'CW28799'),
(230,'10045724871','852','',52,52,NULL,'',0,'HP49638'),
(230,'10048354884','610','',54,54,NULL,'',0,'GH06564'),
(230,'10087958469','221','',271,45,NULL,'',0,'GX43728'),
(230,'10129219744','1390','',51,51,NULL,'',0,'CV92688'),
(230,'01','1361','',27,27,NULL,'',0,'SN41279'),
(230,'10054408593','385','',244,44,NULL,'',0,'GS77168'),
(230,'10136707841','304','',53,53,NULL,'',0,'GS41534'),
(230,'10136851523','822','',58,121,NULL,'',0,'PW60691'),
(230,'10090987394','956','',54,54,NULL,'',0,'GX70644'),
(230,'10045742554','949','',54,54,NULL,'',0,'LR13049'),
(230,'10127403420','1304','',49,49,NULL,'',0,'PX48683'),
(230,'10045750133','3','',241,45,NULL,'',0,'SF76076'),
(230,'10136687734','767','',272,44,NULL,'',0,'NF33309'),
(230,'10036546550','555','',70,121,NULL,'',0,'RK47743'),
(230,'10101538065','1030','',271,45,NULL,'',0,'HV81726'),
(230,'01010101010','1364','',49,49,NULL,'',0,'KK73038'),
(230,'10091711561','928','',51,51,NULL,'',0,'LK34262'),
(230,'10140043833','1382','',272,69,NULL,'',0,'PZ87429'),
(230,'10090154006','776','',54,54,NULL,'',0,'HG27960'),
(230,'10009248932','489','',58,120,NULL,'',0,'LS65015'),
(230,'10123656590','1105','',54,54,NULL,'',0,'LN19441'),
(230,'10052535281','751','',54,54,NULL,'',0,'HN49143'),
(230,'10051843248','998','',271,45,NULL,'',0,'HK87022'),
(230,'123456789','1','',67,120,NULL,'',0,'HV20993'),
(230,'10139248231','1249','',49,49,NULL,'',0,'CS32808'),
(230,'10138059474','4','',27,27,NULL,'',0,'CR45826'),
(230,'10050778066','5','',244,44,NULL,'',0,'CW40800'),
(230,'10050784130','539','',53,53,NULL,'',0,'KX49473'),
(230,'10131958578','1157','',51,51,NULL,'',0,'LL62320'),
(230,'BW2023015','15','',26,24,NULL,'',0,'LT14659'),
(230,'10045722750','887','',271,45,NULL,'',0,'HT77752'),
(230,'10131661013','1405','',49,49,NULL,'',0,'RW53585'),
(230,'02','77','',47,47,NULL,'',0,'PF37714'),
(230,'10141740424','1435','',47,47,NULL,'',0,'TN51426'),
(230,'BW2023017','16','',26,25,NULL,'',0,'LL88106'),
(230,'10141696065','1261','',47,47,NULL,'',0,'SV43751'),
(230,'10004998009','603','',58,121,NULL,'',0,'HL56293'),
(230,'BW2023018','18','',26,25,NULL,'',0,'KK08070'),
(230,'10120386882','665','',53,53,NULL,'',0,'HT75865'),
(230,'1012749890','1059','',49,49,NULL,'',0,'HV45403'),
(230,'10141741232','1253','',49,49,NULL,'',0,'LN07347'),
(230,'10095103834','483','',67,121,NULL,'',0,'CT14628'),
(230,'10140663421','1291','',271,69,NULL,'',0,'SV01129'),
(230,'10078186731','1470','',54,54,NULL,'',0,'FX79549'),
(230,'10099720226','7','',51,51,NULL,'',0,'KR04650'),
(230,'10120092953','592','',51,51,NULL,'',0,'SF89975'),
(230,'10128085046','1231','',51,51,NULL,'',0,'GS82428'),
(230,'10052560644','6','',271,45,NULL,'',0,'NL89603'),
(231,'BW2023019','19','',24,24,NULL,'',0,'LT14659'),
(231,'10080380749','1336','',51,51,NULL,'',0,'FZ51975'),
(231,'10090967388','1436','',45,69,NULL,'',0,'FX57950'),
(231,'BW2023020','20','',24,24,NULL,'',0,'TK88167'),
(231,'BW2023021','21','',25,25,NULL,'',0,'FF97444'),
(231,'10139067769','1479','',51,51,NULL,'',0,'HH41503'),
(231,'10121792574','6','',47,47,NULL,'',0,'NP72440'),
(232,'BW2023037','37','',26,26,NULL,'',0,'NL55982'),
(231,'10036459553','286','',44,44,NULL,'',0,'FC41842'),
(231,'10050911139','5','',53,53,NULL,'',0,'LL73746'),
(232,'10048354884','610','',54,54,NULL,'',0,'GH06564'),
(231,'10072417453','3','',53,53,NULL,'',0,'KS91552'),
(231,'10141694146','1461','',47,47,NULL,'',0,'NL37382'),
(231,'100992496','520','',54,54,NULL,'',0,'NL55982'),
(231,'10125028536','712','',51,51,NULL,'',0,'RN07186'),
(231,'10120090529','814','',49,49,NULL,'',0,'HR35623'),
(231,'10100610303','603','',51,51,NULL,'',0,'HG54601'),
(231,'10124010440','285','',49,49,NULL,'',0,'HW13882'),
(231,'10126280543','762','',49,49,NULL,'',0,'HS27957'),
(231,'10124998931','314','',51,51,NULL,'',0,'LC32538'),
(231,'10073992489','164','',52,52,NULL,'',0,'RW01586'),
(231,'10045746796','1381','',45,69,NULL,'',0,'KZ03308'),
(231,'10100613333','335','',49,49,NULL,'',0,'FV47817'),
(231,'10120469334','798','',54,54,NULL,'',0,'FZ75498'),
(231,'10121028803','5','',121,121,NULL,'',0,'GR49391'),
(231,'10086984530','3','',51,51,NULL,'',0,'GN57722'),
(231,'10128072720','1042','',121,121,NULL,'',0,'KG22064'),
(231,'10128085955','1432','',52,52,NULL,'',0,'PW84330'),
(231,'10139227013','1189','',47,47,NULL,'',0,'FF56260'),
(231,'10122148949','811','',46,46,NULL,'',0,'GC34480'),
(231,'10125851925','1303','',51,51,NULL,'',0,'NL65927'),
(231,'10125851723','1311','',46,46,NULL,'',0,'SR51080'),
(231,'10132645359','1054','',49,49,NULL,'',0,'CW28799'),
(231,'10087958469','221','',45,45,NULL,'',0,'GX43728'),
(231,'10099249572','321','',51,51,NULL,'',0,'RX07485'),
(231,'10101577774','213','',51,51,NULL,'',0,'KF62298'),
(231,'01','1361','',46,27,NULL,'',0,'SN41279'),
(231,'10136707841','304','',53,53,NULL,'',0,'GS41534'),
(231,'10136851523','822','',121,121,NULL,'',0,'PW60691'),
(231,'10090987394','956','',54,54,NULL,'',0,'GX70644'),
(231,'10045742554','949','',54,54,NULL,'',0,'LR13049'),
(231,'10100610505','773','',49,49,NULL,'',0,'RL19323'),
(231,'10127403420','1304','',49,49,NULL,'',0,'PX48683'),
(232,'10132645359','1054','',49,49,NULL,'',0,'CW28799'),
(231,'01010101010','1364','',49,49,NULL,'',0,'KK73038'),
(231,'10091711561','928','',51,51,NULL,'',0,'LK34262'),
(231,'10087945537','173','',54,54,NULL,'',0,'CV72662'),
(231,'10045722245','54','',45,45,NULL,'',0,'KL24802'),
(231,'1012749890','1059','',49,49,NULL,'',0,'HV45403'),
(231,'10123251820','1215','',51,51,NULL,'',0,'PS98906'),
(231,'10045717292','786','',53,53,NULL,'',0,'KG63607'),
(231,'10082409968','4','',44,44,NULL,'',0,'LF89170'),
(231,'10135661351','871','',53,53,NULL,'',0,'FX47799'),
(231,'10036474610','908','',44,44,NULL,'',0,'FC14222'),
(231,'10127498396','1332','',47,47,NULL,'',0,'SN53295'),
(231,'10122149050','1049','',49,49,NULL,'',0,'FX18070'),
(231,'10122149353','1048','',47,47,NULL,'',0,'RW95842'),
(231,'10121193093','972','',49,49,NULL,'',0,'RT79574'),
(231,'10126666725','1069','',54,54,NULL,'',0,'SK13550'),
(232,'10143088320','1501','',51,51,NULL,'',0,'RZ92751'),
(231,'10136106744','1279','',47,47,NULL,'',0,'HH10570'),
(231,'10140137496','1429','',49,49,NULL,'',0,'SW63697'),
(231,'10125825552','1066','',47,47,NULL,'',0,'KS72210'),
(231,'10133100350','1340','',121,121,NULL,'',0,'PV87295'),
(231,'10131250074','1323','',48,48,NULL,'',0,'SV74661'),
(231,'10079730142','348','',54,54,NULL,'',0,'HT72628'),
(231,'10073088571','417','',45,45,NULL,'',0,'HC28953'),
(231,'10090978607','1224','',53,53,NULL,'',0,'FZ59419'),
(231,'10090152992','290','',52,52,NULL,'',0,'CT14804'),
(231,'10090152588','244','',51,51,NULL,'',0,'CT14775'),
(231,'10140137193','1341','',47,47,NULL,'',0,'NL39786'),
(231,'10078189559','981','',53,53,NULL,'',0,'RL12794'),
(231,'10119824181','456','',53,53,NULL,'',0,'CN55268'),
(231,'10125489284','1174','',121,121,NULL,'',0,'HG56845'),
(231,'10058598589','1','',53,53,NULL,'',0,'SX44463'),
(231,'10054410213','4','',54,54,NULL,'',0,'ST24404'),
(231,'10099586850','710','',51,51,NULL,'',0,'SS36132'),
(231,'10119908754','915','',51,51,NULL,'',0,'NX42614'),
(231,'10120762354','1078','',49,49,NULL,'',0,'CT18673'),
(232,'10045724871','852','',52,52,NULL,'',0,'HP49638'),
(231,'10078186226','6','',54,54,NULL,'',0,'HR18884'),
(231,'BW20230111','1431','',49,49,NULL,'',0,'FX90862'),
(231,'10129828319','1204','',46,46,NULL,'',0,'CP99068'),
(231,'10045726689','E7','',54,54,NULL,'',0,'NR10074'),
(231,'10120762253','490','',48,48,NULL,'',0,'CW30865'),
(231,'10125028435','1333','',47,47,NULL,'',0,'TG15230'),
(231,'10136677933','1334','',47,27,NULL,'',0,'RK10510'),
(231,'10136678539','1372','',53,53,NULL,'',0,'PH00439'),
(231,'10101536651','1','',121,120,NULL,'',0,'FG46840'),
(231,'10140137294','1453','',47,47,NULL,'',0,'FF44615'),
(231,'10045743867','690','',121,121,NULL,'',0,'LL27701'),
(232,'BW2023038','38','',25,25,NULL,'',0,'LS65015'),
(232,'BW2023039','39','',25,25,NULL,'',0,'LG35641'),
(231,'10090154006','776','',54,54,NULL,'',0,'HG27960'),
(231,'10052535281','751','',54,54,NULL,'',0,'HN49143'),
(231,'10139248231','1249','',49,49,NULL,'',0,'CS32808'),
(231,'10045722750','887','',45,45,NULL,'',0,'LT72433'),
(231,'10131661013','1405','',49,49,NULL,'',0,'RW53585'),
(231,'10141740424','1435','',47,47,NULL,'',0,'TN51426'),
(231,'BW2023017','17','',25,25,NULL,'',0,'LL88106'),
(231,'10141696065','1261','',47,47,NULL,'',0,'SV43751'),
(231,'BW2023018','18','',25,25,NULL,'',0,'KK08070'),
(231,'10102514331','940','',53,53,NULL,'',0,'HW77764'),
(231,'10078186731','1470','',54,54,NULL,'',0,'FX79549'),
(231,'10120092953','592','',51,51,NULL,'',0,'SF89975'),
(231,'10128085046','1231','',51,51,NULL,'',0,'GS82428'),
(231,'250620231','939','',45,45,NULL,'',0,'GW96074'),
(231,'10120386882','665','',53,53,NULL,'',0,'HT75865'),
(231,'10051833750','968','',45,45,NULL,'',0,'NL89603'),
(231,'10051793031','80','',45,45,NULL,'',0,'CT14628'),
(231,'99045726689','718','',121,120,NULL,'',0,'SL49360'),
(231,'10131661316','1360','',49,49,NULL,'',0,'RL05388'),
(231,'10131778524','1488','',48,48,NULL,'',0,'SW21252'),
(231,'10125827269','4','',49,49,NULL,'',0,'FR70640'),
(231,'10072214258','386','',53,53,NULL,'',0,'NP80483'),
(231,'10051788684','5','',45,45,NULL,'',0,'CS37669'),
(231,'10051771207','560','',45,45,NULL,'',0,'TL71543'),
(231,'10132196230','1137','',47,47,NULL,'',0,'KC51416'),
(231,'10113523730','107','',49,49,NULL,'',0,'CS81750'),
(231,'10126671472','487','',49,49,NULL,'',0,'SG62421'),
(231,'10122016583','1132','',51,51,NULL,'',0,'LT13741'),
(231,'10128772736','1125','',52,52,NULL,'',0,'GH18038'),
(231,'10102515543','1','',49,49,NULL,'',0,'HT17905'),
(231,'10127499107','1325','',49,49,NULL,'',0,'PZ43480'),
(231,'10125852127','553','',48,48,NULL,'',0,'TF90445'),
(231,'10132755594','1167','',47,47,NULL,'',0,'PV97937'),
(231,'10099781153','829','',51,51,NULL,'',0,'HR63660'),
(231,'10045739928','567','',54,54,NULL,'',0,'CV92688'),
(231,'BW2023023','23','',25,25,NULL,'',0,'RL14860'),
(231,'BW2023024','24','',25,26,NULL,'',0,'RL13335'),
(231,'10141741333','1254','',49,49,NULL,'',0,'NK68452'),
(231,'BW2023025','25','',24,24,NULL,'',0,'LX90652'),
(231,'BW2023026','26','',25,25,NULL,'',0,'LS65015'),
(231,'BW2023022','22','',24,24,NULL,'',0,'CT15507'),
(231,'BW2023027','27','',24,24,NULL,'',0,'SV39342'),
(231,'BW2023009','9','',25,26,NULL,'',0,'KN94771'),
(232,'BW2023042','42','',26,26,NULL,'',0,'LV51935'),
(232,'10140682619','1510','',47,47,NULL,'',0,'PS75873'),
(232,'BW2023040','40','',26,26,NULL,'',0,'CT14628'),
(232,'BW2023041','41','',24,24,NULL,'',0,'CT15507'),
(232,'BW2023036','36','',24,24,NULL,'',0,'PV72051'),
(232,'10090970018','676','',51,51,NULL,'',0,'FG64443'),
(232,'10128769605','1142','',47,47,NULL,'',0,'SV91652'),
(232,'BW2023034','34','',26,26,NULL,'',0,'PW72718'),
(232,'10132196129','787','',47,47,NULL,'',0,'SW02950'),
(232,'BW2023035','35','',25,25,NULL,'',0,'SP92444'),
(232,'BW2023033','33','',26,26,NULL,'',0,'KX84713'),
(232,'10005169373','117','',121,121,NULL,'',0,'LT60284'),
(232,'10140670794','1353','',49,49,NULL,'',0,'SK67980'),
(232,'10088121551','496','',45,45,NULL,'',0,'FT94112'),
(232,'BW2023032','32','',24,24,NULL,'',0,'RW33321'),
(232,'BW2023031','257','',25,25,NULL,'',0,'NL89603'),
(232,'BW2023030','30','',24,24,NULL,'',0,'NL65927'),
(232,'BW2023025','25','',24,24,NULL,'',0,'LX90652'),
(232,'BW2023027','27','',24,24,NULL,'',0,'SV39342'),
(232,'BW2023029','29','',24,24,NULL,'',0,'KZ24241'),
(232,'BW2023022','22','',24,24,NULL,'',0,'NH96795'),
(232,'10141741333','1254','',49,49,NULL,'',0,'NK68452'),
(232,'10139067769','1479','',51,51,NULL,'',0,'HH41503'),
(232,'10122016583','1132','',51,51,NULL,'',0,'LT13741'),
(232,'BW2023020','20','',24,24,NULL,'',0,'TK88167'),
(232,'BW2023019','19','',24,24,NULL,'',0,'LT14659'),
(232,'10080380749','1336','',51,51,NULL,'',0,'FZ51975'),
(232,'11090967388','1436','',121,121,NULL,'',0,'FX57950'),
(231,'10140145984','1386','',47,47,NULL,'',0,'PG84009'),
(232,'10128085046','1231','',51,51,NULL,'',0,'GS82428'),
(232,'10087958469','221','',45,45,NULL,'',0,'GX43728'),
(232,'10099720226','7','',51,51,NULL,'',0,'KR04650'),
(232,'01','1361','',27,27,NULL,'',0,'SN41279'),
(229,'10140145984','1386','',47,47,NULL,'',0,'PG84009'),
(232,'10136707841','304','',53,53,NULL,'',0,'GS41534'),
(232,'10136851523','822','',121,121,NULL,'',0,'PW60691'),
(232,'10090987394','956','',54,54,NULL,'',0,'GX70644'),
(232,'10127403420','1304','',49,49,NULL,'',0,'PX48683'),
(232,'10132627979','1283','',49,49,NULL,'',0,'LW12513'),
(232,'10091711561','928','',51,51,NULL,'',0,'LK34262'),
(232,'10128063626','1172','',51,51,NULL,'',0,'PW30153'),
(232,'10132243619','1366','',47,47,NULL,'',0,'PW97220'),
(232,'10123251820','1215','',51,51,NULL,'',0,'PS98906'),
(232,'10045717292','4','',53,53,NULL,'',0,'KG63607'),
(230,'10140145984','1386','',47,47,NULL,'',0,'PG84009'),
(232,'10135661351','871','',53,53,NULL,'',0,'FX47799'),
(232,'10036474610','908','',44,44,NULL,'',0,'FC14222'),
(232,'10127498396','1332','',47,47,NULL,'',0,'SN53295'),
(232,'10073994412','238','',54,54,NULL,'',0,'GX48730'),
(232,'10142221582','1888','',47,47,NULL,'',0,'SV54925'),
(232,'10121193093','972','',49,49,NULL,'',0,'RT79574'),
(232,'10126666725','1069','',54,54,NULL,'',0,'SK13550'),
(232,'10140137496','1429','',49,49,NULL,'',0,'SW63697'),
(232,'10125825552','1066','',47,47,NULL,'',0,'KS72210'),
(232,'10133100350','1340','',121,121,NULL,'',0,'PV87295'),
(232,'10131250074','1323','',48,48,NULL,'',0,'SV74661'),
(232,'WTB740314','821','',49,50,NULL,'',0,'LV40647'),
(232,'WTB716819','480','',52,52,NULL,'',0,'FS48869'),
(232,'WTB716032','342','',44,44,NULL,'',0,'PW43978'),
(232,'10100610707','160','',53,53,NULL,'',0,'PX56881'),
(232,'20090981637','5','',121,121,NULL,'',0,'GV66661'),
(232,'10090152992','290','',52,52,NULL,'',0,'CT14804'),
(232,'10090152588','244','',51,51,NULL,'',0,'CT14775'),
(232,'10140137193','1341','',47,47,NULL,'',0,'NL39786'),
(232,'10078189559','981','',53,53,NULL,'',0,'RL12794'),
(232,'BW2023007','7','',26,26,NULL,'',0,'NK52843'),
(232,'BW2023008','8','',25,25,NULL,'',0,'NK60630'),
(232,'10119824181','456','',53,53,NULL,'',0,'CN55268'),
(232,'10136708245','2','',27,27,NULL,'',0,'LX80308'),
(232,'10118720607','174','',49,49,NULL,'',0,'LH54829'),
(232,'10072417655','185','',51,51,NULL,'',0,'LH24295'),
(232,'10120247547','795','',52,52,NULL,'',0,'KZ94602'),
(232,'10048520996','917','',54,54,NULL,'',0,'GG93417'),
(232,'10099586850','710','',51,51,NULL,'',0,'SS36132'),
(232,'10119908754','915','',51,51,NULL,'',0,'NX42614'),
(232,'BW20230111','1431','',49,49,NULL,'',0,'FX90862'),
(232,'10045726689','2','',54,54,NULL,'',0,'NR10074'),
(232,'10054422640','1','',49,49,NULL,'',0,'TR91087'),
(232,'10120762253','490','',48,48,NULL,'',0,'CW30865'),
(232,'10101537459','1246','',54,54,NULL,'',0,'KT71172'),
(232,'10091760566','579','',53,53,NULL,'',0,'PF72124'),
(232,'10125028435','1333','',47,47,NULL,'',0,'TG15230'),
(232,'10136677933','1334','',27,27,NULL,'',0,'RK10510'),
(232,'10140145984','1386','',47,47,NULL,'',0,'PG84009'),
(232,'10099249572','321','',51,51,NULL,'',0,'RX07485'),
(232,'10090154006','776','',54,54,NULL,'',0,'HG27960'),
(232,'10139248231','1249','',49,49,NULL,'',0,'CS32808'),
(232,'BW2023015','15','',24,24,NULL,'',0,'PH00439'),
(232,'10131661013','1405','',49,49,NULL,'',0,'RW53585'),
(232,'10141740424','1435','',47,47,NULL,'',0,'TN51426'),
(232,'BW2023017','17','',25,25,NULL,'',0,'LL88106'),
(232,'10141696065','1261','',47,47,NULL,'',0,'SV43751'),
(232,'BW2023018','18','',25,25,NULL,'',0,'KK08070'),
(232,'1012749890','1059','',49,49,NULL,'',0,'HV45403'),
(232,'10078186731','1470','',54,54,NULL,'',0,'FX79549'),
(232,'10120092953','592','',51,51,NULL,'',0,'SF89975'),
(232,'10099781153','829','',51,51,NULL,'',0,'HR63660'),
(232,'10132755594','1167','',47,47,NULL,'',0,'PV97937'),
(232,'10125852127','553','',48,48,NULL,'',0,'TF90445'),
(232,'10128772736','5','',52,52,NULL,'',0,'GH18038'),
(232,'10102515543','952','',49,49,NULL,'',0,'NF18624'),
(232,'10127499107','1325','',49,49,NULL,'',0,'PZ43480'),
(232,'10131778524','2','',48,48,NULL,'',0,'SW21252'),
(232,'10125827269','8','',49,49,NULL,'',0,'FR70640'),
(232,'10051788684','867','',45,45,NULL,'',0,'CS37669'),
(232,'10051771207','560','',45,45,NULL,'',0,'TL71543'),
(232,'10132196230','1137','',47,47,NULL,'',0,'KC51416'),
(232,'10113523730','107','',49,49,NULL,'',0,'CS81750'),
(232,'10121792574','2','',47,47,NULL,'',0,'NP72440'),
(232,'10100611616','441','',49,49,NULL,'',0,'RC25729'),
(232,'10036459553','286','',44,44,NULL,'',0,'FC41842'),
(232,'10050911139','2','',53,53,NULL,'',0,'LL73746'),
(232,'10072418160','5','',53,53,NULL,'',0,'GS16986'),
(232,'10072417453','991','',53,53,NULL,'',0,'KS91552'),
(232,'10141694146','1461','',47,47,NULL,'',0,'NL37382'),
(232,'10125028536','712','',51,51,NULL,'',0,'RN07186'),
(232,'10073992792','249','',121,121,NULL,'',0,'KK06972'),
(232,'10120090529','814','',49,49,NULL,'',0,'HR35623'),
(232,'10100610303','603','',51,51,NULL,'',0,'HG54601'),
(232,'10124010440','285','',49,49,NULL,'',0,'HW13882'),
(232,'10124998931','314','',51,51,NULL,'',0,'LC32538'),
(232,'10073992489','4','',52,52,NULL,'',0,'TK99111'),
(232,'10100613333','335','',49,49,NULL,'',0,'FV47817'),
(232,'10120469334','798','',54,54,NULL,'',0,'FZ75498'),
(232,'10121028803','5','',121,121,NULL,'',0,'GR49391'),
(232,'10086984530','5','',51,51,NULL,'',0,'GN57722'),
(232,'10128072720','1042','',121,121,NULL,'',0,'KG22064'),
(232,'10128086056','1321','',51,51,NULL,'',0,'PV75334'),
(232,'10128085955','1432','',52,52,NULL,'',0,'PW84330'),
(232,'10139227013','1189','',47,47,NULL,'',0,'FF56260'),
(232,'10122148949','811','',47,46,NULL,'',0,'GC34480'),
(232,'10131661316','1360','',49,49,NULL,'',0,'RL05388'),
(232,'10125851925','1303','',51,51,NULL,'',0,'SP26986'),
(232,'10125851723','1311','',47,46,NULL,'',0,'SR51080'),
(233,'BW2023047','247','',24,24,NULL,'',0,'NT91901'),
(233,'BW2023048','255','',24,24,NULL,'',0,'PW53227'),
(233,'10140682619','1510','',47,47,NULL,'',0,'PS75873'),
(233,'BW2023052','259','',24,24,NULL,'',0,'RN63952'),
(233,'BW2023031','257','',25,25,NULL,'',0,'PF72124'),
(233,'BW2023045','260','',25,25,NULL,'',0,'SZ23367'),
(233,'BW2023046','252','',24,24,NULL,'',0,'GS77168'),
(233,'10054422640','1','',49,49,NULL,'',0,'TR91087'),
(233,'10101537459','1246','',54,54,NULL,'',0,'KT71172'),
(233,'10125028435','1333','',47,47,NULL,'',0,'TG15230'),
(233,'10136677933','1334','',27,27,NULL,'',0,'RK10510'),
(233,'10015883328','400','',45,45,NULL,'',0,'SF18489'),
(233,'10140137294','1453','',47,47,NULL,'',0,'FF44615'),
(233,'10123657503','1226','',54,54,NULL,'',0,'FG70625'),
(233,'10123657196','1076','',53,53,NULL,'',0,'RP72319'),
(233,'10090154006','776','',54,54,NULL,'',0,'HG27960'),
(233,'10051843248','998','',45,45,NULL,'',0,'HK87022'),
(233,'10139248231','1249','',49,49,NULL,'',0,'CS32808'),
(233,'10138059474','4','',27,27,NULL,'',0,'GS20374'),
(233,'BW2023015','15','',24,24,NULL,'',0,'PH00439'),
(233,'10131661013','1405','',49,49,NULL,'',0,'RW53585'),
(233,'10141740424','1435','',47,47,NULL,'',0,'TN51426'),
(233,'10141696065','1261','',47,47,NULL,'',0,'SV43751'),
(233,'1012749890','1059','',49,49,NULL,'',0,'HV45403'),
(233,'10078186731','1470','',54,54,NULL,'',0,'NL89603'),
(233,'10120092953','592','',51,51,NULL,'',0,'SF89975'),
(233,'10144062259','1551','',48,48,NULL,'',0,'LL88106'),
(233,'10122016583','1132','',51,51,NULL,'',0,'LT13741'),
(233,'10120386882','665','',53,53,NULL,'',0,'HT75865'),
(233,'BW2023019','19','',24,24,NULL,'',0,'LT14659'),
(233,'10080380749','1336','',51,51,NULL,'',0,'NL55982'),
(233,'10090967388','1436','',69,69,NULL,'',0,'FX57950'),
(233,'BW2023020','20','',24,24,NULL,'',0,'TK88167'),
(233,'BW2023026','26','',25,25,NULL,'',0,'NK24889'),
(233,'BW2023030','30','',24,24,NULL,'',0,'KN94771'),
(233,'10144660831','1708','',27,27,NULL,'',0,'RW33321'),
(233,'BW2023035','35','',25,25,NULL,'',0,'SP92444'),
(233,'10090970018','676','',51,51,NULL,'',0,'FG64443'),
(233,'BW2023037','37','',25,26,NULL,'',0,'LS65015'),
(233,'BW2023038','38','',25,25,NULL,'',0,'NL65927'),
(233,'10143088320','1501','',51,51,NULL,'',0,'RZ92751'),
(233,'10120812066','246','',49,49,NULL,'',0,'RC94887'),
(233,'10099781153','829','',51,51,NULL,'',0,'HR63660'),
(233,'10125852127','553','',48,48,NULL,'',0,'TF90445'),
(233,'10128772736','5','',52,52,NULL,'',0,'GH18038'),
(233,'10102515543','E3','',49,49,NULL,'',0,'NF18624'),
(233,'10126671472','487','',49,49,NULL,'',0,'SG62421'),
(233,'10130362021','3','',47,47,NULL,'',0,'HN87271'),
(233,'10131778524','2','',48,48,NULL,'',0,'SW21252'),
(233,'10125827269','8','',49,49,NULL,'',0,'FR70640'),
(233,'10051788684','867','',45,45,NULL,'',0,'CS37669'),
(233,'10051771207','560','',45,45,NULL,'',0,'TL71543'),
(233,'10132196230','1137','',47,47,NULL,'',0,'KC51416'),
(233,'10121792574','2','',47,47,NULL,'',0,'NP72440'),
(233,'10100611616','441','',49,49,NULL,'',0,'RC25729'),
(233,'10036459553','5','',44,44,NULL,'',0,'FC41842'),
(233,'10050911139','2','',53,53,NULL,'',0,'LL73746'),
(233,'10072418160','108','',53,53,NULL,'',0,'GS16986'),
(233,'10072417453','991','',53,53,NULL,'',0,'KS91552'),
(233,'10141694146','1461','',47,47,NULL,'',0,'NL37382'),
(233,'10125028536','712','',51,51,NULL,'',0,'RN07186'),
(233,'10073992792','8','',121,121,NULL,'',0,'RV66449'),
(233,'10120090529','814','',49,49,NULL,'',0,'RT07435'),
(233,'10100610303','603','',51,51,NULL,'',0,'RW17843'),
(233,'10124010440','285','',49,49,NULL,'',0,'HW13882'),
(233,'10113523730','107','',49,49,NULL,'',0,'LK34262'),
(233,'10124998931','314','',51,51,NULL,'',0,'LC32538'),
(233,'10073992489','4','',52,52,NULL,'',0,'TK99111'),
(233,'10045746796','1381','',69,69,NULL,'',0,'KZ03308'),
(233,'10100613333','335','',49,49,NULL,'',0,'FV47817'),
(233,'10121028803','4','',121,121,NULL,'',0,'GR49391'),
(233,'10086984530','5','',51,51,NULL,'',0,'TL03689'),
(233,'10128072720','6','',121,121,NULL,'',0,'KG22064'),
(233,'10128086056','1321','',51,51,NULL,'',0,'PV75334'),
(233,'10128085955','1432','',52,52,NULL,'',0,'PW84330'),
(233,'10139227013','1189','',47,47,NULL,'',0,'FF56260'),
(233,'10122148949','811','',47,46,NULL,'',0,'GC34480'),
(233,'10125851925','1303','',51,51,NULL,'',0,'SP26986'),
(233,'10125851723','1311','',47,46,NULL,'',0,'SR51080'),
(233,'10132645359','1054','',49,49,NULL,'',0,'CW28799'),
(233,'10045724871','852','',52,52,NULL,'',0,'HP49638'),
(233,'10048354884','610','',54,54,NULL,'',0,'GH06564'),
(233,'01','1','',27,27,NULL,'',0,'SN41279'),
(233,'10136707841','304','',53,53,NULL,'',0,'GS41534'),
(233,'10136851523','5','',121,121,NULL,'',0,'PW60691'),
(233,'10090987394','956','',54,54,NULL,'',0,'GX70644'),
(233,'10045742554','949','',54,54,NULL,'',0,'LR13049'),
(233,'10127403420','1304','',49,49,NULL,'',0,'PX48683'),
(233,'10072214258','386','',53,53,NULL,'',0,'NP80483'),
(233,'10045722245','54','',45,45,NULL,'',0,'KL24802'),
(233,'10079727314','167','',54,54,NULL,'',0,'RR10301'),
(233,'10132243619','1366','',47,47,NULL,'',0,'PW97220'),
(233,'10123251820','1215','',51,51,NULL,'',0,'PS98906'),
(233,'10045717292','4','',53,53,NULL,'',0,'KG63607'),
(233,'10120383852','845','',51,51,NULL,'',0,'KS54770'),
(233,'10082409968','2','',44,44,NULL,'',0,'LF89170'),
(233,'10135661351','871','',53,53,NULL,'',0,'FX47799'),
(233,'10036474610','908','',44,44,NULL,'',0,'NH96795'),
(233,'10073994412','238','',54,54,NULL,'',0,'GX48730'),
(233,'10126666725','1069','',54,54,NULL,'',0,'SK13550'),
(233,'10122149050','1049','',49,49,NULL,'',0,'FX18070'),
(233,'10122149353','1048','',47,47,NULL,'',0,'RW95842'),
(233,'10121193093','972','',49,49,NULL,'',0,'RT79574'),
(233,'10136106744','1279','',47,47,NULL,'',0,'HH10570'),
(233,'10140137496','1429','',49,49,NULL,'',0,'SW63697'),
(233,'10125825552','1066','',47,47,NULL,'',0,'KS72210'),
(233,'10128085652','1203','',53,53,NULL,'',0,'PV63075'),
(233,'10133100350','7','',121,121,NULL,'',0,'PV87295'),
(233,'10131250074','8','',48,48,NULL,'',0,'SV74661'),
(233,'WTB740314','821','',49,50,NULL,'',0,'LV40647'),
(233,'WTB716032','342','',44,44,NULL,'',0,'PW43978'),
(233,'10079730142','348','',54,54,NULL,'',0,'HT72628'),
(233,'10090981637','4','',69,69,NULL,'',0,'GV66661'),
(233,'10100610707','160','',53,53,NULL,'',0,'PX56881'),
(233,'BW2023005','5','',25,25,NULL,'',0,'CV92688'),
(233,'10090152992','290','',52,52,NULL,'',0,'CT14804'),
(233,'10090152588','244','',51,51,NULL,'',0,'CT14775'),
(233,'10140137193','1341','',47,47,NULL,'',0,'NL39786'),
(233,'10078189559','981','',53,53,NULL,'',0,'RL12794'),
(233,'BW2023007','7','',25,26,NULL,'',0,'NK52843'),
(233,'10119824181','456','',53,53,NULL,'',0,'CN55268'),
(233,'10120762253','490','',48,48,NULL,'',0,'CW30865'),
(233,'10136708245','2','',27,27,NULL,'',0,'LX80308'),
(233,'10125489284','1174','',121,121,NULL,'',0,'HG56845'),
(233,'10119864803','363','',49,49,NULL,'',0,'SG53264'),
(233,'10119864702','464','',51,51,NULL,'',0,'SG44456'),
(233,'10120247547','795','',52,52,NULL,'',0,'KZ94602'),
(233,'10058598589','1','',53,53,NULL,'',0,'SX44463'),
(233,'10099586850','710','',51,51,NULL,'',0,'SS36132'),
(233,'10119908754','915','',51,51,NULL,'',0,'NX42614'),
(233,'10100705683','558','',53,53,NULL,'',0,'CS09160'),
(233,'BW20230111','1431','',49,49,NULL,'',0,'FX90862'),
(233,'10045726689','2','',54,54,NULL,'',0,'NR10074'),
(233,'10140145984','1386','',47,47,NULL,'',0,'PG84009'),
(233,'BW2023050','250','',24,24,NULL,'',0,'RN82677'),
(233,'BW2023051','251','',24,24,NULL,'',0,'SL49360'),
(233,'10046114285','492','',54,54,NULL,'',0,'LZ29097'),
(233,'10052520531','230','',45,45,NULL,'',0,'GZ11505'),
(233,'10052519521','5','',44,44,NULL,'',0,'FS34564'),
(233,'10145287994','1676','',47,47,NULL,'',0,'PV72051'),
(234,'BW2024021','21','',25,25,NULL,'',0,'FL74530'),
(234,'BW2024023','23','',25,25,NULL,'',0,'TT73478'),
(234,'10136676115','232','',51,51,NULL,'',0,'HN92690'),
(234,'10148065632','240','',45,69,NULL,'',0,'PW60535'),
(234,'BW2024024','24','',24,24,NULL,'',0,'RN82677'),
(234,'10099249572','321','',53,53,NULL,'',0,'RX07485'),
(234,'BW2024002','2','',25,25,NULL,'',0,'KN23917'),
(234,'10005738239','689','',45,45,NULL,'',0,'PL37502'),
(234,'BW2024004','4','',24,24,NULL,'',0,'TG70090'),
(234,'BW2024005','5','',25,25,NULL,'',0,'KR23789'),
(234,'BW2024007','7','',24,24,NULL,'',0,'GN53435'),
(234,'10148958436','1807','',27,27,NULL,'',0,'FW49975'),
(234,'10147914068','918','',27,27,NULL,'',0,'NT91901'),
(234,'10148065834','99','',47,47,NULL,'',0,'RV68013'),
(238,'10144062259','1551','',49,50,NULL,'',0,'LL88106'),
(234,'BW2024020','20','',25,26,NULL,'',0,'CV92688'),
(234,'10148065531','420','',47,47,NULL,'',0,'PW53227'),
(234,'10045750133','813','',45,45,NULL,'',0,'SF76076'),
(234,'10099781153','829','',53,53,NULL,'',0,'KN94771'),
(234,'10036474610','908','',44,44,NULL,'',0,'HN17989'),
(234,'10078186731','1470','',54,54,NULL,'',0,'PL05229'),
(234,'10091760566','579','',53,53,NULL,'',0,'NS72497'),
(234,'10102515543','E3','',49,49,NULL,'',0,'NF18624'),
(234,'10087945537','173','',54,54,NULL,'',0,'CV72662'),
(234,'10073994412','238','',45,45,NULL,'',0,'CV59671'),
(234,'10100611616','441','',51,51,NULL,'',0,'RC25729'),
(234,'10122148949','7','',48,48,NULL,'',0,'GC34480'),
(234,'10051771207','560','',45,45,NULL,'',0,'TL71543'),
(234,'10051788684','867','',45,45,NULL,'',0,'CS37669'),
(234,'10073992792','603','',53,53,NULL,'',0,'RW17843'),
(234,'10073992793','814','',51,51,NULL,'',0,'RT07435'),
(234,'10119864803','363','',51,51,NULL,'',0,'SG53264'),
(234,'10090154006','776','',45,45,NULL,'',0,'HG27960'),
(234,'10100610707','160','',54,54,NULL,'',0,'NH96795'),
(234,'20090981637','5','',121,121,NULL,'',0,'SS32263'),
(234,'10045722245','54','',45,45,NULL,'',0,'KL24802'),
(234,'10078189559','981','',53,53,NULL,'',0,'RL12794'),
(234,'10100610505','773','',51,51,NULL,'',0,'SG11834'),
(234,'10036546550','555','',121,121,NULL,'',0,'CV59108'),
(234,'10100613333','335','',51,51,NULL,'',0,'PL29054'),
(234,'1005446674','546','',54,54,NULL,'',0,'NT31458'),
(234,'10045742554','949','',45,45,NULL,'',0,'LR13049'),
(234,'10136687734','767','',121,121,NULL,'',0,'NF33309'),
(234,'10048528272','101','',45,45,NULL,'',0,'HF56928'),
(234,'10045724871','852','',53,52,NULL,'',0,'HP49638'),
(234,'10048354884','610','',121,120,NULL,'',0,'GH06564'),
(234,'10121792574','2','',49,49,NULL,'',0,'SL49360'),
(234,'10082409968','2','',44,44,NULL,'',0,'LF89170'),
(234,'10051843248','998','',45,45,NULL,'',0,'HK87022'),
(234,'10087958469','221','',45,45,NULL,'',0,'GX43728'),
(234,'10072417655','185','',53,53,NULL,'',0,'LH24295'),
(234,'10118720607','174','',49,49,NULL,'',0,'LH54829'),
(234,'10136708245','275','',47,47,NULL,'',0,'LX80308'),
(234,'10036459553','5','',44,44,NULL,'',0,'FC41842'),
(234,'10120469334','798','',54,54,NULL,'',0,'SV99555'),
(234,'10121028803','4','',121,121,NULL,'',0,'GR49391'),
(234,'10015883328','400','',45,45,NULL,'',0,'SF18489'),
(234,'10125851723','1311','',48,48,NULL,'',0,'SR51080'),
(234,'10054410213','8','',45,45,NULL,'',0,'ST24404'),
(234,'10058598589','8','',53,53,NULL,'',0,'SX44463'),
(234,'10148065733','111','',47,47,NULL,'',0,'PK54328'),
(234,'10100705683','558','',54,54,NULL,'',0,'CS09160'),
(234,'WTB760876','470','',53,53,NULL,'',0,'SH91155'),
(234,'WTB760878','490','',48,48,NULL,'',0,'CW30865'),
(234,'10120386882','665','',53,53,NULL,'',0,'CV59153'),
(234,'10126666725','1069','',45,45,NULL,'',0,'NS54469'),
(234,'10079727314','167','',45,45,NULL,'',0,'PK53200'),
(234,'10125489284','1174','',121,121,NULL,'',0,'HG56845'),
(234,'BW2024017','17','',25,25,NULL,'',0,'RV66449'),
(234,'10125827269','8','',49,49,NULL,'',0,'FR70640'),
(234,'WTB740314','821','',50,50,NULL,'',0,'LV40647'),
(234,'10120812066','246','',49,49,NULL,'',0,'RC94887'),
(234,'10138059474','1259','',47,47,NULL,'',0,'CR45826'),
(234,'10120247547','795','',44,44,NULL,'',0,'SX58530'),
(234,'10119824181','456','',53,53,NULL,'',0,'TG75056'),
(234,'10120762354','1078','',49,49,NULL,'',0,'CT18673'),
(234,'10120383852','845','',51,51,NULL,'',0,'KS54770'),
(234,'10123657196','1076','',53,53,NULL,'',0,'RP72319'),
(234,'10123657401','1371','',121,121,NULL,'',0,'NS23771'),
(234,'10119864702','464','',53,53,NULL,'',0,'SG44456'),
(234,'10123657503','1226','',54,54,NULL,'',0,'FG70625'),
(234,'BW2024014','14','',25,25,NULL,'',0,'NX94486'),
(234,'10121193093','972','',51,51,NULL,'',0,'RT79574'),
(234,'10126671472','487','',49,49,NULL,'',0,'SG62421'),
(234,'10122016583','1132','',51,51,NULL,'',0,'LT13741'),
(234,'10127403420','1304','',49,49,NULL,'',0,'PX48683'),
(234,'10124998931','314','',53,53,NULL,'',0,'LC32538'),
(234,'10127498905','1059','',49,49,NULL,'',0,'HV45403'),
(234,'10126667533','1068','',53,53,NULL,'',0,'PR96514'),
(234,'10125852127','5','',48,48,NULL,'',0,'SV39342'),
(234,'ID101240104','285','',49,49,NULL,'',0,'HW13882'),
(234,'10131250074','8','',50,50,NULL,'',0,'SV74661'),
(234,'10133100350','7','',121,121,NULL,'',0,'NZ13807'),
(234,'10128072720','6','',121,121,NULL,'',0,'KG22064'),
(234,'10128086056','1321','',53,53,NULL,'',0,'PV75334'),
(234,'10131661316','1360','',51,51,NULL,'',0,'RL05388'),
(234,'10130362021','3','',49,49,NULL,'',0,'HN87271'),
(234,'10125028435','1333','',49,49,NULL,'',0,'TG15230'),
(234,'10136677933','1334','',47,47,NULL,'',0,'RK10510'),
(234,'10128085046','1231','',51,51,NULL,'',0,'GS82428'),
(234,'10128063626','1172','',51,51,NULL,'',0,'PW30153'),
(234,'10148067147','1771','',47,47,NULL,'',0,'RW83013'),
(234,'10100422464','8','',53,52,NULL,'',0,'LL29026'),
(234,'10132755594','1167','',47,47,NULL,'',0,'PV97937'),
(234,'10131778524','2','',50,50,NULL,'',0,'SW21252'),
(234,'10132645359','1054','',49,49,NULL,'',0,'CW28799'),
(234,'10125028536','712','',51,51,NULL,'',0,'RN07186'),
(234,'10133081758','1272','',53,53,NULL,'',0,'HW28808'),
(234,'10132243619','1366','',47,47,NULL,'',0,'PW97220'),
(234,'10151162154','1566','',27,27,NULL,'',0,'HF43707'),
(234,'10112045387','218','',51,51,NULL,'',0,'LC02614'),
(234,'10135878085','208','',49,49,NULL,'',0,'LP11417'),
(234,'10127498396','1332','',47,47,NULL,'',0,'SN53295'),
(234,'10140145984','1386','',47,47,NULL,'',0,'PG84009'),
(234,'10131661013','1405','',49,49,NULL,'',0,'RW53585'),
(234,'10132196230','1137','',49,49,NULL,'',0,'KC51416'),
(234,'10136106744','1279','',49,49,NULL,'',0,'HH10570'),
(234,'10140137294','1453','',47,47,NULL,'',0,'HZ48983'),
(234,'10141741030','2','',27,46,NULL,'',0,'SN41279'),
(234,'WTB775269','304','',54,54,NULL,'',0,'GS41534'),
(234,'WTB775289','624','',121,121,NULL,'',0,'PV78397'),
(234,'WTB775319','5','',121,121,NULL,'',0,'PW60691'),
(234,'101326279','1283','',49,49,NULL,'',0,'LW12513'),
(234,'10135661352','871','',54,54,NULL,'',0,'FX47799'),
(234,'10139227013','15','',49,49,NULL,'',0,'FF56260'),
(234,'10148063814','1703','',51,51,NULL,'',0,'SR04844'),
(234,'10140137496','1429','',49,49,NULL,'',0,'SW63697'),
(234,'10148012987','1705','',47,47,NULL,'',0,'NS58537'),
(234,'10148067046','1709','',121,121,NULL,'',0,'NR67829'),
(234,'10139248231','1249','',49,49,NULL,'',0,'LZ26796'),
(234,'10140137193','1341','',47,47,NULL,'',0,'NL39786'),
(234,'10150980076','650','',27,27,NULL,'',0,'NK60630'),
(234,'10150979470','403','',53,53,NULL,'',0,'NK52843'),
(234,'10140668471','1431','',49,49,NULL,'',0,'FX90862'),
(234,'BW2024016','16','',25,25,NULL,'',0,'NS11533'),
(234,'10141694146','1461','',47,47,NULL,'',0,'NL37382'),
(234,'10141740424','1435','',49,49,NULL,'',0,'TN51426'),
(234,'10144062259','1551','',50,50,NULL,'',0,'LL88106'),
(234,'10004998009','W1','',121,121,NULL,'',0,'HL56293'),
(234,'10150980278','898','',49,49,NULL,'',0,'KK08070'),
(234,'10150989473','827','',121,121,NULL,'',0,'RS36414'),
(234,'10139067769','1479','',51,51,NULL,'',0,'HH41503'),
(234,'10144660831','1708','',47,47,NULL,'',0,'TL81584'),
(234,'10005169373','117','',121,121,NULL,'',0,'LT60284'),
(234,'10143088320','1501','',53,53,NULL,'',0,'RZ92751'),
(234,'10150987251','774','',51,51,NULL,'',0,'LV51935'),
(234,'10151159831','296','',47,47,NULL,'',0,'PV73658'),
(235,'10149663708','1314','',49,49,NULL,'',0,'RW33321'),
(235,'BW2024062','258','',24,24,NULL,'',0,'LW28341'),
(235,'BW2024063','253','',25,25,NULL,'',0,'HT57114'),
(235,'BW2024021','60','',25,25,NULL,'',0,'NH96795'),
(235,'BW2024022','72','',24,24,NULL,'',0,'PG86417'),
(235,'BW2024023','61','',25,25,NULL,'',0,'TT73478'),
(238,'WTB804370','1622','',47,47,NULL,'',0,'TW26924'),
(235,'10148065834','99','',47,47,NULL,'',0,'RV68013'),
(235,'10148958436','1807','',27,27,NULL,'',0,'FW49975'),
(235,'BW2024007','58','',24,24,NULL,'',0,'GN53435'),
(235,'10048540501','4','',121,120,NULL,'',0,'TK14174'),
(235,'10099249572','321','',53,53,NULL,'',0,'RX07485'),
(235,'BW2024001','254','',25,25,NULL,'',0,'TG75567'),
(235,'BW2024002','52','',25,25,NULL,'',0,'KN23917'),
(235,'10148065632','240','',45,69,NULL,'',0,'PW60535'),
(235,'10072418160','108','',53,53,NULL,'',0,'GS16986'),
(235,'10072417452','991','',53,53,NULL,'',0,'KS91552'),
(235,'10094120700','W1','',51,51,NULL,'',0,'PL10982'),
(235,'10099781153','829','',53,53,NULL,'',0,'CV35294'),
(235,'10078186731','1470','',54,54,NULL,'',0,'PL05229'),
(235,'10091760566','579','',53,53,NULL,'',0,'NS72497'),
(235,'10073992489','4','',44,44,NULL,'',0,'TK99111'),
(235,'10050911139','2','',44,44,NULL,'',0,'LL73746'),
(235,'10090970018','676','',51,51,NULL,'',0,'FG64443'),
(235,'10145287994','667','',47,47,NULL,'',0,'PV72051'),
(235,'10083888008','493','',53,53,NULL,'',0,'PL20979'),
(235,'10102515543','E3','',49,49,NULL,'',0,'NF18624'),
(235,'10087945537','173','',54,54,NULL,'',0,'CV72662'),
(235,'10048552322','632','',45,45,NULL,'',0,'SN69703'),
(235,'10100611616','441','',51,51,NULL,'',0,'RC25729'),
(235,'10072214258','386','',54,54,NULL,'',0,'NP80483'),
(235,'10051788684','867','',45,45,NULL,'',0,'CS37669'),
(235,'10090967186','1','',51,51,NULL,'',0,'TR91087'),
(235,'10073992792','603','',53,53,NULL,'',0,'RW17843'),
(235,'10073992793','814','',51,51,NULL,'',0,'RT07435'),
(235,'10119864702','464','',53,53,NULL,'',0,'SG44456'),
(235,'10119864803','363','',51,51,NULL,'',0,'SG53264'),
(236,'10149663708','1314','',49,49,NULL,'',0,'NS51775'),
(235,'10100610707','160','',54,54,NULL,'',0,'CV36673'),
(235,'20090981637','5','',121,121,NULL,'',0,'SS32263'),
(235,'10045722245','2','',45,45,NULL,'',0,'KL24802'),
(235,'10078189559','981','',53,53,NULL,'',0,'RL12794'),
(235,'10100610505','773','',51,51,NULL,'',0,'SG11834'),
(235,'10036546550','555','',121,121,NULL,'',0,'CV59108'),
(235,'10136687734','767','',121,121,NULL,'',0,'NF33309'),
(235,'10045726689','2','',54,54,NULL,'',0,'NR10074'),
(235,'10121792574','2','',49,49,NULL,'',0,'SL49360'),
(235,'10082409968','2','',44,44,NULL,'',0,'LF89170'),
(235,'10087958469','221','',45,45,NULL,'',0,'GX43728'),
(236,'BW2024009','2','',24,24,NULL,'',0,'SK28131'),
(236,'10148958436','1807','',27,27,NULL,'',0,'FW49975'),
(236,'BW2024012','14','',24,24,NULL,'',0,'LG35641'),
(235,'10036459553','286','',121,120,NULL,'',0,'FC41842'),
(235,'10120469334','798','',54,54,NULL,'',0,'SV99555'),
(235,'10121028803','4','',121,121,NULL,'',0,'GR49391'),
(235,'10125851723','1311','',48,48,NULL,'',0,'SR51080'),
(235,'10078185317','236','',121,121,NULL,'',0,'SK59942'),
(235,'10079730142','348','',54,54,NULL,'',0,'HT72628'),
(237,'BW2024024','56','',24,24,NULL,'',0,'RN82677'),
(235,'WTB760876','470','',53,53,NULL,'',0,'SH91155'),
(235,'WTB760878','490','',48,48,NULL,'',0,'CW30865'),
(236,'10141741030','2','',47,46,NULL,'',0,'SN41279'),
(236,'10148065834','99','',47,47,NULL,'',0,'RV68013'),
(235,'10079727314','167','',45,45,NULL,'',0,'PK53200'),
(235,'10125489284','1174','',121,121,NULL,'',0,'HG56845'),
(236,'BW2024007','58','',24,24,NULL,'',0,'GN53435'),
(235,'10125827269','8','',49,49,NULL,'',0,'FR70640'),
(235,'10119824181','456','',53,53,NULL,'',0,'TG75056'),
(235,'10120383852','845','',51,51,NULL,'',0,'KS54770'),
(235,'10123657196','1076','',53,53,NULL,'',0,'RP72319'),
(235,'10123657401','1371','',121,121,NULL,'',0,'NS23771'),
(235,'10123657503','1226','',54,54,NULL,'',0,'FG70625'),
(235,'BW2024014','57','',25,25,NULL,'',0,'NX94486'),
(235,'10121193093','972','',51,51,NULL,'',0,'RT79574'),
(235,'10126671472','487','',49,49,NULL,'',0,'SG62421'),
(235,'10122149050','1049','',51,51,NULL,'',0,'FX18070'),
(235,'10122149353','1048','',49,49,NULL,'',0,'RW95842'),
(235,'10122016583','1132','',51,51,NULL,'',0,'LT13741'),
(235,'10128772736','5','',44,44,NULL,'',0,'GH18038'),
(235,'10124998931','314','',53,53,NULL,'',0,'LC32538'),
(235,'10127498905','1059','',49,49,NULL,'',0,'HV45403'),
(237,'BW2024260','78','',25,25,NULL,'',0,'LT14659'),
(235,'10125825552','1066','',49,49,NULL,'',0,'KS72210'),
(235,'10125852127','5','',48,48,NULL,'',0,'SV39342'),
(235,'ID101240104','285','',49,49,NULL,'',0,'HW13882'),
(235,'10131250074','8','',50,50,NULL,'',0,'SV74661'),
(235,'10133100350','7','',121,121,NULL,'',0,'CV38205'),
(235,'10128072720','6','',121,121,NULL,'',0,'KG22064'),
(235,'10128086056','1321','',53,53,NULL,'',0,'PV75334'),
(235,'10129219744','1390','',53,53,NULL,'',0,'LL83325'),
(237,'10128769605','7','',47,47,NULL,'',0,'SV91652'),
(235,'10131661316','1360','',51,51,NULL,'',0,'RL05388'),
(235,'10130362021','3','',49,49,NULL,'',0,'HN87271'),
(235,'10125028435','1333','',49,49,NULL,'',0,'TG15230'),
(235,'10136677933','1334','',47,47,NULL,'',0,'RK10510'),
(235,'10128063626','1172','',51,51,NULL,'',0,'PW30153'),
(235,'10148067147','1771','',47,47,NULL,'',0,'RW83013'),
(236,'BW2024021','60','',25,25,NULL,'',0,'CW33160'),
(235,'10132755594','1167','',47,47,NULL,'',0,'PV97937'),
(235,'10131778524','2','',50,50,NULL,'',0,'SW21252'),
(235,'10132645359','1054','',49,49,NULL,'',0,'CW28799'),
(236,'BW2024065','65','',24,24,NULL,'',0,'SV97802'),
(235,'10133081758','1272','',53,53,NULL,'',0,'HW28808'),
(235,'10132243619','1366','',47,47,NULL,'',0,'PW97220'),
(235,'10151162154','1566','',27,27,NULL,'',0,'HF43707'),
(235,'10127498396','1332','',47,47,NULL,'',0,'SN53295'),
(235,'10140145984','1386','',47,47,NULL,'',0,'PG84009'),
(235,'10131661013','1405','',49,49,NULL,'',0,'RW53585'),
(235,'10141696065','1261','',49,49,NULL,'',0,'SV43751'),
(235,'10132196230','1137','',49,49,NULL,'',0,'KC51416'),
(235,'10136106744','1279','',49,49,NULL,'',0,'HH10570'),
(235,'10140137294','1453','',47,47,NULL,'',0,'HZ48983'),
(235,'10139227013','1189','',49,49,NULL,'',0,'FF56260'),
(235,'101326279','1283','',49,49,NULL,'',0,'LW12513'),
(235,'10135661352','871','',54,54,NULL,'',0,'FX47799'),
(235,'10101537459','1246','',54,54,NULL,'',0,'KT71172'),
(235,'10148063814','1703','',51,51,NULL,'',0,'SR04844'),
(235,'10140137496','1429','',49,49,NULL,'',0,'SW63697'),
(235,'10148012987','1705','',47,47,NULL,'',0,'NS58537'),
(235,'10148067046','1709','',121,121,NULL,'',0,'NR67829'),
(235,'10140137193','1341','',47,47,NULL,'',0,'NL39786'),
(235,'10150980076','650','',27,27,NULL,'',0,'NK60630'),
(235,'10150979470','403','',53,53,NULL,'',0,'NK52843'),
(235,'10140668471','1431','',49,49,NULL,'',0,'FX90862'),
(235,'10141694146','1461','',47,47,NULL,'',0,'NL37382'),
(235,'10141740424','1435','',49,49,NULL,'',0,'TN51426'),
(235,'10144062259','1551','',50,50,NULL,'',0,'LL88106'),
(235,'10004998009','W1','',121,121,NULL,'',0,'HL56293'),
(235,'10150980278','898','',49,49,NULL,'',0,'KK08070'),
(235,'10150989473','827','',121,121,NULL,'',0,'RS36414'),
(235,'10139067769','1479','',51,51,NULL,'',0,'HH41503'),
(235,'10152450840','522','',47,47,NULL,'',0,'KZ24241'),
(235,'10144660831','1708','',47,47,NULL,'',0,'TL81584'),
(235,'10005169373','117','',121,121,NULL,'',0,'LT60284'),
(237,'10140033426','1197','',51,51,NULL,'',0,'KS17673'),
(235,'10150987251','774','',51,51,NULL,'',0,'LV51935'),
(235,'10128769605','1142','',47,47,NULL,'',0,'SV91652'),
(235,'BW2024018','71','',25,26,NULL,'',0,'SZ23367'),
(235,'10151159831','296','',47,47,NULL,'',0,'PV73658'),
(235,'10148065733','111','',47,47,NULL,'',0,'PK54328'),
(235,'10148065531','420','',47,47,NULL,'',0,'PW53227'),
(235,'BW2024064','256','',25,25,NULL,'',0,'NK24889'),
(236,'BW2024062','258','',24,24,NULL,'',0,'LW28341'),
(236,'BW2024022','72','',24,24,NULL,'',0,'PG86417'),
(236,'BW2024076','76','',25,25,NULL,'',0,'NZ13807'),
(236,'10122016583','1132','',51,51,NULL,'',0,'LT13741'),
(236,'10127403420','1304','',49,49,NULL,'',0,'PX48683'),
(236,'10128772736','2','',244,44,NULL,'',0,'GH18038'),
(236,'10124998931','314','',53,53,NULL,'',0,'LC32538'),
(236,'10125825552','1066','',49,49,NULL,'',0,'KS72210'),
(236,'10125852127','5','',48,48,NULL,'',0,'SV39342'),
(236,'ID101240104','6','',49,49,NULL,'',0,'HW13882'),
(236,'10131250074','1323','',50,50,NULL,'',0,'SV74661'),
(236,'10133100350','4','',63,121,NULL,'',0,'CV38205'),
(236,'10128072720','2','',63,121,NULL,'',0,'KG22064'),
(236,'10128085955','8','',244,44,NULL,'',0,'PW84330'),
(237,'BW2024261','44','',25,25,NULL,'',0,'TK88167'),
(236,'10126280543','762','',51,51,NULL,'',0,'HS27957'),
(236,'10131661316','1360','',51,51,NULL,'',0,'RL05388'),
(236,'10130362021','1498','',49,49,NULL,'',0,'HN87271'),
(236,'10125028435','1333','',49,49,NULL,'',0,'TG15230'),
(236,'10136677933','1334','',47,47,NULL,'',0,'RK10510'),
(236,'10128085046','1231','',51,51,NULL,'',0,'GS82428'),
(236,'10132755594','1167','',47,47,NULL,'',0,'PV97937'),
(236,'10131778524','4','',50,50,NULL,'',0,'SW21252'),
(236,'10132645359','1054','',49,49,NULL,'',0,'CW28799'),
(236,'10133081758','1272','',53,53,NULL,'',0,'HW28808'),
(236,'10132243619','1366','',47,47,NULL,'',0,'PW97220'),
(236,'10151162154','4','',27,27,NULL,'',0,'HF43707'),
(236,'10127498396','1332','',47,47,NULL,'',0,'SN53295'),
(236,'10140145984','1386','',47,47,NULL,'',0,'PG84009'),
(236,'10131661013','1405','',49,49,NULL,'',0,'RW53585'),
(237,'10150980278','898','',49,49,NULL,'',0,'KK08070'),
(236,'10132196230','1137','',49,49,NULL,'',0,'KC51416'),
(237,'BW2024009','2','',24,24,NULL,'',0,'SK28131'),
(236,'10139227013','1189','',49,49,NULL,'',0,'FF56260'),
(238,'BW2024263','17','',26,26,NULL,'',0,'CT15507'),
(236,'WTB775289','6','',63,121,NULL,'',0,'PV78397'),
(236,'WTB775319','3','',58,121,NULL,'',0,'PW60691'),
(236,'BW2488','88','',24,24,NULL,'',0,'LK34262'),
(237,'BW2024257','35','',24,24,NULL,'',0,'NR69131'),
(236,'10140137496','1429','',49,49,NULL,'',0,'SW63697'),
(236,'10148012987','1705','',47,47,NULL,'',0,'NS58537'),
(236,'10148067046','1709','',60,121,NULL,'',0,'NR67829'),
(236,'10139248231','1249','',49,49,NULL,'',0,'LZ26796'),
(236,'10140137193','1341','',47,47,NULL,'',0,'NL39786'),
(236,'10150980076','650','',27,27,NULL,'',0,'NK60630'),
(236,'10150979470','403','',53,53,NULL,'',0,'NK52843'),
(236,'10140668471','1431','',49,49,NULL,'',0,'FX90862'),
(236,'10141694146','1461','',47,47,NULL,'',0,'NL37382'),
(236,'10141740424','1435','',49,49,NULL,'',0,'TN51426'),
(236,'10144062259','1551','',50,50,NULL,'',0,'LL88106'),
(236,'10150980278','898','',49,49,NULL,'',0,'KK08070'),
(236,'10150989473','827','',60,121,NULL,'',0,'RS36414'),
(236,'10139067769','1479','',51,51,NULL,'',0,'HH41503'),
(236,'10152450840','522','',47,47,NULL,'',0,'KZ24241'),
(236,'10144660831','1708','',47,47,NULL,'',0,'TL81584'),
(237,'BW2024256','91','',25,26,NULL,'',0,'NT91901'),
(236,'10143088320','1501','',53,53,NULL,'',0,'RZ92751'),
(236,'10150987251','774','',51,51,NULL,'',0,'LV51935'),
(237,'10139248231','1249','',49,49,NULL,'',0,'LZ26796'),
(236,'10148065733','111','',47,47,NULL,'',0,'PK54328'),
(236,'10148065531','420','',47,47,NULL,'',0,'PW53227'),
(236,'10148065632','240','',271,69,NULL,'',0,'PW60535'),
(236,'BW2024072','77','',24,24,NULL,'',0,'NS43640'),
(238,'10152954836','1813','',27,27,NULL,'',0,'RC15794'),
(236,'BW2024001','254','',25,25,NULL,'',0,'TG75567'),
(236,'BW2024002','52','',25,25,NULL,'',0,'KN23917'),
(236,'10122149353','1048','',49,49,NULL,'',0,'RW95842'),
(236,'10091760566','579','',53,53,NULL,'',0,'NS72497'),
(236,'10048552322','632','',271,45,NULL,'',0,'SN69703'),
(236,'10100611616','441','',51,51,NULL,'',0,'RC25729'),
(236,'10072214258','386','',54,54,NULL,'',0,'NP80483'),
(236,'10086984530','4','',53,53,NULL,'',0,'TL03689'),
(236,'10122148949','811','',48,48,NULL,'',0,'GC34480'),
(236,'10051788684','6','',271,45,NULL,'',0,'CS37669'),
(236,'10073992792','603','',53,53,NULL,'',0,'RW17843'),
(236,'10073992793','814','',51,51,NULL,'',0,'RT07435'),
(236,'10119864702','464','',53,53,NULL,'',0,'SG44456'),
(236,'10119864803','363','',51,51,NULL,'',0,'SG53264'),
(236,'10100610707','160','',54,54,NULL,'',0,'CV36673'),
(236,'20090981637','5','',70,121,NULL,'',0,'SS32263'),
(236,'10078189559','981','',53,53,NULL,'',0,'RL12794'),
(236,'10100613333','335','',51,51,NULL,'',0,'PL29054'),
(237,'BW2024062','258','',24,24,NULL,'',0,'LW28341'),
(236,'10136687734','767','',58,121,NULL,'',0,'NF33309'),
(236,'10045724871','852','',244,52,NULL,'',0,'HP49638'),
(236,'10048354884','610','',60,120,NULL,'',0,'GH06564'),
(236,'10045726689','2','',54,54,NULL,'',0,'NR10074'),
(236,'10121792574','8','',49,49,NULL,'',0,'SL49360'),
(236,'10087958469','221','',271,45,NULL,'',0,'GX43728'),
(236,'10036459553','1','',58,120,NULL,'',0,'FC41842'),
(236,'10125851723','1311','',48,48,NULL,'',0,'SR51080'),
(237,'10072417452','4','',53,53,NULL,'',0,'KS91552'),
(236,'10079730142','348','',54,54,NULL,'',0,'HT72628'),
(236,'10123657401','1371','',70,121,NULL,'',0,'NS23771'),
(236,'WTB760876','470','',53,53,NULL,'',0,'SH91155'),
(236,'WTB760878','7','',48,48,NULL,'',0,'CW30865'),
(237,'ID101240104','6','',49,49,NULL,'',0,'HW13882'),
(236,'10079727314','167','',271,45,NULL,'',0,'PK53200'),
(236,'10125489284','1174','',70,121,NULL,'',0,'HG56845'),
(236,'BW2024017','53','',25,25,NULL,'',0,'RZ57286'),
(236,'BW2024074','74','',25,25,NULL,'',0,'HL74792'),
(236,'BW2024075','75','',25,25,NULL,'',0,'TH36552'),
(236,'10125827269','3','',49,49,NULL,'',0,'FR66093'),
(236,'WTB740314','821','',50,50,NULL,'',0,'LV40647'),
(236,'10120812066','246','',49,49,NULL,'',0,'RC94887'),
(236,'10138059474','1259','',47,47,NULL,'',0,'GS20374'),
(236,'10119824181','456','',53,53,NULL,'',0,'TG75056'),
(236,'10120383852','845','',51,51,NULL,'',0,'KS54770'),
(236,'10123657196','1076','',53,53,NULL,'',0,'RP72319'),
(236,'10123657503','1226','',54,54,NULL,'',0,'FG70625'),
(236,'BW2024014','57','',25,25,NULL,'',0,'NX94486'),
(236,'10121193093','972','',51,51,NULL,'',0,'RT79574'),
(236,'10126671472','7','',49,49,NULL,'',0,'SG62421'),
(236,'10122149050','1049','',51,51,NULL,'',0,'FX18070'),
(236,'10078186731','1470','',54,54,NULL,'',0,'PL05229'),
(237,'BW2024259','90','',24,24,NULL,'',0,'LH24295'),
(236,'10048520996','5','',54,54,NULL,'',0,'GG93417'),
(236,'10099720226','817','',53,53,NULL,'',0,'KR04650'),
(236,'10072417452','4','',53,53,NULL,'',0,'KS91552'),
(236,'10045750133','813','',271,45,NULL,'',0,'SF76076'),
(236,'10099781153','829','',53,53,NULL,'',0,'CV35294'),
(236,'10036474610','908','',244,44,NULL,'',0,'HN17989'),
(236,'10050775642','669','',271,45,NULL,'',0,'PP58772'),
(236,'BW2024067','67','',25,25,NULL,'',0,'RC78774'),
(236,'10153429833','848','',27,27,NULL,'',0,'TW16298'),
(236,'BW2024068','68','',25,25,NULL,'',0,'GV38390'),
(236,'10123657402','1371','',271,69,NULL,'',0,''),
(236,'BW2024069','69','',24,24,NULL,'',0,'NW01341'),
(236,'BW2024070','70','',25,25,NULL,'',0,'GV86683'),
(236,'10154331731','566','',27,27,NULL,'',0,'RC54818'),
(236,'10058605764','429','',60,120,NULL,'',0,'TL71543'),
(236,'BW2024073','73','',24,24,NULL,'',0,'FZ04271'),
(236,'BW2024020','55','',25,26,NULL,'',0,'SN12661'),
(237,'10152954836','1813','',27,27,NULL,'',0,'RC15794'),
(237,'10122149050','1049','',51,51,NULL,'',0,'FX18070'),
(237,'10122149353','1048','',49,49,NULL,'',0,'RW95842'),
(237,'10149772832','226','',51,51,NULL,'',0,'TR93477'),
(238,'10141740424','1435','',49,49,NULL,'',0,'TN51426'),
(237,'10090967186','2','',51,51,NULL,'',0,'TR91087'),
(237,'10153429833','848','',27,27,NULL,'',0,'TW16298'),
(237,'10154331731','566','',27,27,NULL,'',0,'RC54818'),
(238,'10155242016','375','',27,27,NULL,'',0,'NR69131'),
(237,'10148065632','240','',45,69,NULL,'',0,'PW60535'),
(237,'10148065531','420','',47,47,NULL,'',0,'PW53227'),
(238,'10155010125','1102','',47,47,NULL,'',0,'LW28341'),
(237,'10131661013','1405','',49,49,NULL,'',0,'RW53585'),
(237,'10045750133','813','',45,45,NULL,'',0,'SF76076'),
(237,'10121193093','972','',51,51,NULL,'',0,'RT79574'),
(237,'10139067769','1479','',51,51,NULL,'',0,'HH41503'),
(237,'10079730142','348','',54,54,NULL,'',0,'HT72628'),
(237,'10078185317','236','',121,121,NULL,'',0,'SK59942'),
(237,'10005169373','117','',121,121,NULL,'',0,'LT60284'),
(237,'10121792574','8','',49,49,NULL,'',0,'NP72440'),
(237,'10045726689','2','',54,54,NULL,'',0,'NR10074'),
(237,'10120812066','246','',49,49,NULL,'',0,'RC94887'),
(238,'10141694146','1461','',47,47,NULL,'',0,'NL37382'),
(237,'10128063626','1172','',51,51,NULL,'',0,'PW30153'),
(237,'10148067147','1771','',47,47,NULL,'',0,'RW83013'),
(237,'10119824181','456','',53,53,NULL,'',0,'TG75056'),
(237,'10148958436','1807','',27,27,NULL,'',0,'FW49975'),
(237,'10045724871','852','',52,52,NULL,'',0,'HP49638'),
(237,'BW2024012','14','',24,24,NULL,'',0,'LG35641'),
(238,'10140668471','1431','',49,49,NULL,'',0,'FX90862'),
(237,'10136708245','275','',47,47,NULL,'',0,'LX80308'),
(237,'10149772933','127','',54,54,NULL,'',0,'FL74530'),
(237,'10125825552','1066','',49,49,NULL,'',0,'KS72210'),
(237,'10150979470','403','',53,53,NULL,'',0,'NK52843'),
(237,'10139227013','1189','',49,49,NULL,'',0,'FF56260'),
(237,'10133100350','4','',121,121,NULL,'',0,'CV38205'),
(238,'10149663708','1314','',49,49,NULL,'',0,'NS51775'),
(238,'10050775642','669','',45,45,NULL,'',0,'HW03443'),
(237,'10079727314','167','',45,45,NULL,'',0,'PK53200'),
(237,'10151159831','296','',47,47,NULL,'',0,'PV73658'),
(237,'10127498396','1332','',47,47,NULL,'',0,'SN53295'),
(237,'10125489284','1174','',121,121,NULL,'',0,'HG56845'),
(237,'BW2024017','53','',25,25,NULL,'',0,'RZ57286'),
(237,'10148065834','99','',47,47,NULL,'',0,'RV68013'),
(237,'BW2488','88','',24,24,NULL,'',0,'TF90445'),
(237,'10087958469','221','',45,45,NULL,'',0,'GX43728'),
(239,'20090981637','2','',121,121,NULL,'',0,'SS32263'),
(237,'10100705683','558','',54,54,NULL,'',0,'CS09160'),
(237,'10132243619','1366','',47,47,NULL,'',0,'PW97220'),
(237,'10151162154','4','',27,27,NULL,'',0,'HF43707'),
(238,'10153429833','848','',27,27,NULL,'',0,'TW16298'),
(237,'10048354884','610','',121,120,NULL,'',0,'LS00089'),
(237,'10128085046','1231','',51,51,NULL,'',0,'GS82428'),
(237,'10144062259','1551','',52,50,NULL,'',0,'LL88106'),
(237,'10141740424','1435','',49,49,NULL,'',0,'TN51426'),
(238,'BW2024256','256','',26,26,NULL,'',0,'NT91901'),
(237,'10120762354','1078','',49,49,NULL,'',0,'CT18673'),
(237,'10054410213','1','',45,45,NULL,'',0,'ST24404'),
(237,'BW2024003','6','',24,24,NULL,'',0,'PH00439'),
(237,'10101537459','1246','',54,54,NULL,'',0,'KT71172'),
(238,'10150980076','650','',27,27,NULL,'',0,'NK60630'),
(237,'0000001','54','',49,49,NULL,'',0,'RX62529'),
(237,'10150980076','650','',27,27,NULL,'',0,'NK60630'),
(237,'10122148949','811','',48,48,NULL,'',0,'GC34480'),
(238,'10150980278','898','',49,49,NULL,'',0,'KK08070'),
(237,'10100610505','773','',51,51,NULL,'',0,'SG11834'),
(237,'10124998931','314','',53,53,NULL,'',0,'LC32538'),
(238,'10106035835','929','',51,51,NULL,'',0,'NS39450'),
(237,'10127403420','1304','',49,49,NULL,'',0,'PX48683'),
(237,'10036459553','1','',121,120,NULL,'',0,'FC41842'),
(238,'10140145984','1386','',47,47,NULL,'',0,'PG84009'),
(237,'10125852127','5','',48,48,NULL,'',0,'SV39342'),
(238,'10140137193','1341','',47,47,NULL,'',0,'NL39786'),
(237,'10144660831','1708','',47,47,NULL,'',0,'TL81584'),
(237,'WTB760876','470','',53,53,NULL,'',0,'SH91155'),
(237,'WTB760878','7','',48,48,NULL,'',0,'CW30865'),
(237,'10149663708','1314','',49,49,NULL,'',0,'NS51775'),
(237,'10086984530','4','',53,53,NULL,'',0,'TL03689'),
(237,'10141741030','2','',47,47,NULL,'',0,'SN41279'),
(237,'10099781153','829','',53,53,NULL,'',0,'CV35294'),
(237,'10125827269','3','',49,49,NULL,'',0,'FR66093'),
(237,'10125028435','1333','',49,49,NULL,'',0,'TG15230'),
(237,'10136677933','1334','',47,47,NULL,'',0,'RK10510'),
(237,'10100613333','335','',51,51,NULL,'',0,'PL29054'),
(237,'10136106744','1279','',49,49,NULL,'',0,'HH10570'),
(237,'10140137294','1453','',47,47,NULL,'',0,'NZ13807'),
(237,'10126671472','7','',49,49,NULL,'',0,'SG62421'),
(237,'10100611616','441','',51,51,NULL,'',0,'RC25729'),
(237,'10132645359','1054','',49,49,NULL,'',0,'CW28799'),
(237,'10131778524','4','',52,50,NULL,'',0,'SW21252'),
(237,'10141694146','1461','',47,47,NULL,'',0,'NL37382'),
(237,'10140137193','1341','',47,47,NULL,'',0,'NL39786'),
(237,'10078186731','1470','',54,54,NULL,'',0,'PL05229'),
(237,'10091760566','579','',53,53,NULL,'',0,'NS72497'),
(238,'10148065531','420','',47,47,NULL,'',0,'PW53227'),
(237,'10125851723','8','',48,48,NULL,'',0,'SR51080'),
(237,'20090981637','2','',121,121,NULL,'',0,'SS32263'),
(237,'10133081758','1272','',53,53,NULL,'',0,'HW28808'),
(237,'10140137496','1429','',49,49,NULL,'',0,'SW63697'),
(237,'10148012987','1705','',47,47,NULL,'',0,'NS58537'),
(237,'10148067046','1709','',121,121,NULL,'',0,'NR67829'),
(237,'10132196230','1137','',49,49,NULL,'',0,'KF96957'),
(238,'10154331731','566','',27,27,NULL,'',0,'RC54818'),
(237,'10140145984','1386','',47,47,NULL,'',0,'PG84009'),
(237,'10128072720','2','',121,121,NULL,'',0,'KG22064'),
(237,'10106035835','929','',51,51,NULL,'',0,'NS39450'),
(237,'BW2024262','94','',24,24,NULL,'',0,'HN17989'),
(237,'WTB804370','1622','',47,47,NULL,'',0,'TW26924'),
(239,'10100610505','773','',51,51,NULL,'',0,'SG11834'),
(238,'BW2024068','68','',26,25,NULL,'',0,'GV38390'),
(238,'BW2024023','61','',26,25,NULL,'',0,'TT73478'),
(238,'10136676115','232','',51,51,NULL,'',0,'HN92690'),
(238,'10152479536','898','',47,47,NULL,'',0,'RR77533'),
(238,'10154408826','797','',27,27,NULL,'',0,'RH66042'),
(238,'10148958436','5','',27,27,NULL,'',0,'FW49975'),
(238,'BW2024012','14','',24,24,NULL,'',0,'NZ13807'),
(238,'BW2024424','56','',27,27,NULL,'',0,'RN82677'),
(238,'10148065834','99','',47,47,NULL,'',0,'RV68013'),
(239,'10078189559','981','',53,53,NULL,'',0,'RL12794'),
(239,'10099781153','829','',53,53,NULL,'',0,'CV35294'),
(238,'10148065632','240','',45,69,NULL,'',0,'PW60535'),
(239,'10100613333','335','',51,51,NULL,'',0,'PL29054'),
(238,'10150989473','827','',121,121,NULL,'',0,'RS36414'),
(238,'10139067769','1479','',51,51,NULL,'',0,'HH41503'),
(238,'10144660831','1708','',47,47,NULL,'',0,'TL81584'),
(239,'1500003','3','',45,45,NULL,'',0,'KL90510'),
(238,'10151159831','296','',47,47,NULL,'',0,'PV73658'),
(239,'10122148949','811','',48,48,NULL,'',0,'GC34480'),
(238,'10131661013','1405','',49,49,NULL,'',0,'RW53585'),
(239,'10086984530','4','',53,53,NULL,'',0,'TL03689'),
(238,'10132196230','1137','',49,49,NULL,'',0,'KF96957'),
(238,'10140137294','1453','',47,47,NULL,'',0,'KS75583'),
(238,'10139227013','1189','',49,49,NULL,'',0,'FF56260'),
(238,'10141741030','2','',47,47,NULL,'',0,'SN41279'),
(238,'0000001','54','',49,49,NULL,'',0,'RX62529'),
(238,'10101537459','1246','',54,54,NULL,'',0,'KT71172'),
(238,'10140137496','1429','',49,49,NULL,'',0,'SW63697'),
(238,'10148012987','1705','',47,47,NULL,'',0,'NS58537'),
(238,'10148067046','1709','',121,121,NULL,'',0,'NR67829'),
(238,'10139248231','1249','',49,49,NULL,'',0,'LZ26796'),
(238,'10045742554','949','',45,45,NULL,'',0,'LR13049'),
(238,'10136687734','5','',121,121,NULL,'',0,'NF33309'),
(238,'10045724871','852','',53,52,NULL,'',0,'HP49638'),
(238,'10048354884','610','',121,120,NULL,'',0,'LK07928'),
(238,'10045726689','2','',54,54,NULL,'',0,'NR10074'),
(238,'10121792574','8','',49,49,NULL,'',0,'NP72440'),
(238,'10087958469','221','',45,45,NULL,'',0,'GX43728'),
(238,'10120469334','798','',54,54,NULL,'',0,'SV99555'),
(238,'10051833750','4','',45,45,NULL,'',0,'TN65691'),
(238,'10079730142','348','',54,54,NULL,'',0,'NL18078'),
(239,'10072417452','4','',53,53,NULL,'',0,'KS91552'),
(238,'WTB760876','470','',53,53,NULL,'',0,'SH91155'),
(238,'WTB760878','7','',48,48,NULL,'',0,'CW30865'),
(239,'10094120700','W3','',51,51,NULL,'',0,'PL10982'),
(238,'10079727314','167','',45,45,NULL,'',0,'PK53200'),
(238,'10090967590','263','',45,45,NULL,'',0,'KG17116'),
(239,'10073992792','603','',53,53,NULL,'',0,'RW17843'),
(239,'10073992793','814','',51,51,NULL,'',0,'RT07435'),
(238,'BW2024264','264','',26,25,NULL,'',0,'SN12661'),
(238,'BW2024265','265','',24,24,NULL,'',0,'TH36552'),
(238,'10125827269','3','',49,49,NULL,'',0,'FR66093'),
(238,'10120812066','246','',49,49,NULL,'',0,'RC94887'),
(238,'10120383852','845','',51,51,NULL,'',0,'KS54770'),
(238,'10121193093','972','',51,51,NULL,'',0,'RT79574'),
(238,'10126671472','7','',49,49,NULL,'',0,'SG62421'),
(238,'10122016583','1132','',51,51,NULL,'',0,'LT13741'),
(238,'10127403420','1304','',49,49,NULL,'',0,'PX48683'),
(238,'10124998931','314','',53,53,NULL,'',0,'LC32538'),
(238,'10125825552','1066','',49,49,NULL,'',0,'KS72210'),
(238,'10125852127','5','',48,48,NULL,'',0,'TF90445'),
(238,'BW2024003','3','',24,24,NULL,'',0,'PH00439'),
(238,'ID101240104','6','',49,49,NULL,'',0,'HW13882'),
(239,'10100611616','441','',51,51,NULL,'',0,'RC25729'),
(239,'10072214258','386','',54,54,NULL,'',0,'NP80483'),
(238,'10128072720','2','',121,121,NULL,'',0,'KG22064'),
(238,'10128086056','1321','',53,53,NULL,'',0,'PV75334'),
(239,'10090970018','676','',51,51,NULL,'',0,'LS00089'),
(238,'10125028435','1333','',49,49,NULL,'',0,'TG15230'),
(238,'10136677933','1334','',47,47,NULL,'',0,'RK10510'),
(239,'10090987394','956','',54,54,NULL,'',0,'LK10452'),
(238,'10128769605','7','',47,47,NULL,'',0,'SV91652'),
(238,'10132755594','1167','',47,47,NULL,'',0,'PV97937'),
(238,'10131778524','4','',49,50,NULL,'',0,'SW21252'),
(238,'10132645359','1054','',49,49,NULL,'',0,'CW28799'),
(239,'10050911139','876','',53,44,NULL,'',0,'LL73746'),
(238,'10133081758','1272','',53,53,NULL,'',0,'HW28808'),
(238,'10132243619','1366','',47,47,NULL,'',0,'PW97220'),
(239,'10045750133','813','',45,45,NULL,'',0,'SF76076'),
(238,'10099781153','829','',53,53,NULL,'',0,'CV35294'),
(238,'10078186731','1470','',54,54,NULL,'',0,'PL05229'),
(238,'10091760566','579','',53,53,NULL,'',0,'NS72497'),
(238,'10050911139','876','',54,44,NULL,'',0,'LL73746'),
(238,'10090987394','956','',54,54,NULL,'',0,'LK10452'),
(238,'10100611616','441','',51,51,NULL,'',0,'RC25729'),
(238,'10072214258','386','',54,54,NULL,'',0,'NP80483'),
(238,'10086984530','4','',53,53,NULL,'',0,'TL03689'),
(238,'10122148949','811','',48,48,NULL,'',0,'GC34480'),
(238,'10056327274','5','',45,45,NULL,'',0,'KR63083'),
(238,'10051788684','6','',45,45,NULL,'',0,'CS37669'),
(239,'10048552322','632','',45,45,NULL,'',0,'SN69703'),
(239,'1500937','937','',45,45,NULL,'',0,'KH67090'),
(238,'20090981637','2','',121,121,NULL,'',0,'SS32263'),
(238,'10078189559','981','',53,53,NULL,'',0,'RL12794'),
(238,'10100610505','773','',51,51,NULL,'',0,'SG11834'),
(238,'10100613333','335','',51,51,NULL,'',0,'PL29054'),
(238,'10072417452','4','',53,53,NULL,'',0,'KS91552'),
(238,'10127498396','1332','',47,47,NULL,'',0,'SN53295'),
(238,'10151162154','4','',27,27,NULL,'',0,'HF43707'),
(238,'101548740','838','',51,51,NULL,'',0,'SK25592'),
(239,'10136687734','5','',121,121,NULL,'',0,'NF33309'),
(239,'10045724871','852','',53,52,NULL,'',0,'HP49638'),
(239,'10121792574','8','',49,49,NULL,'',0,'NP72440'),
(239,'10087958469','221','',45,45,NULL,'',0,'GX43728'),
(239,'10036459553','1','',121,120,NULL,'',0,'TG75056'),
(239,'10120469334','798','',54,54,NULL,'',0,'SV99555'),
(239,'10072418261','964','',45,45,NULL,'',0,'LC25072'),
(239,'10015883328','400','',45,45,NULL,'',0,'SF18489'),
(239,'10125851723','8','',48,48,NULL,'',0,'SR51080'),
(239,'10054410213','1','',45,45,NULL,'',0,'ST24404'),
(239,'10079730142','348','',54,54,NULL,'',0,'SK59942'),
(239,'10100705683','558','',54,54,NULL,'',0,'CS09160'),
(239,'WTB760876','470','',53,53,NULL,'',0,'SH91155'),
(239,'WTB760878','7','',48,48,NULL,'',0,'CW30865'),
(239,'10079727314','167','',45,45,NULL,'',0,'PK53200'),
(239,'10125489284','1174','',121,121,NULL,'',0,'HG56845'),
(239,'BW2024265','265','',24,24,NULL,'',0,'TH36552'),
(239,'BW2024268','499','',25,25,NULL,'',0,'SN12661'),
(239,'10125827269','3','',49,49,NULL,'',0,'FR66093'),
(239,'10120812066','246','',49,49,NULL,'',0,'RC94887'),
(239,'10120383852','845','',51,51,NULL,'',0,'KS54770'),
(239,'10121193093','972','',51,51,NULL,'',0,'RT79574'),
(239,'10121028803','3','',121,121,NULL,'',0,'GR49391'),
(239,'10122016583','1132','',51,51,NULL,'',0,'LT13741'),
(239,'10127403420','1304','',49,49,NULL,'',0,'PX48683'),
(239,'10124998931','314','',53,53,NULL,'',0,'LC32538'),
(239,'10125825552','1066','',49,49,NULL,'',0,'KS72210'),
(239,'10125852127','5','',48,48,NULL,'',0,'TF90445'),
(239,'BW2024255','255','',24,24,NULL,'',0,'CV38469'),
(239,'BW2024003','3','',24,24,NULL,'',0,'PH00439'),
(239,'ID101240104','6','',49,49,NULL,'',0,'HW13882'),
(239,'10133100350','4','',121,121,NULL,'',0,'LK36525'),
(239,'10128072720','2','',121,121,NULL,'',0,'KG22064'),
(239,'10128086056','1321','',53,53,NULL,'',0,'PV75334'),
(239,'10129219744','6','',53,53,NULL,'',0,'LL83325'),
(239,'0000001','54','',49,49,NULL,'',0,'RX62529'),
(239,'10125028435','1333','',49,49,NULL,'',0,'TG15230'),
(239,'10136677933','1334','',47,47,NULL,'',0,'RK10510'),
(239,'10128085046','1231','',51,51,NULL,'',0,'GS82428'),
(239,'10128063626','1172','',51,51,NULL,'',0,'PW30153'),
(239,'10148067147','1771','',47,47,NULL,'',0,'RW83013'),
(239,'10128769605','7','',47,47,NULL,'',0,'SV91652'),
(239,'10132755594','1167','',47,47,NULL,'',0,'PV97937'),
(239,'10131778524','4','',49,50,NULL,'',0,'SW21252'),
(239,'10132645359','1054','',49,49,NULL,'',0,'CW28799'),
(239,'10133081758','1272','',53,53,NULL,'',0,'HW28808'),
(239,'10132243619','1366','',47,47,NULL,'',0,'PW97220'),
(239,'10151162154','4','',27,27,NULL,'',0,'HF43707'),
(239,'10140145984','1386','',47,47,NULL,'',0,'PG84009'),
(239,'10131661013','1405','',49,49,NULL,'',0,'RW53585'),
(239,'10132196230','1137','',49,49,NULL,'',0,'KF96957'),
(239,'10136106744','1279','',49,49,NULL,'',0,'HH10570'),
(239,'10140137294','1453','',47,47,NULL,'',0,'NL18078'),
(239,'10139227013','1189','',49,49,NULL,'',0,'FF56260'),
(239,'10141741030','2','',47,47,NULL,'',0,'SN41279'),
(239,'10101537459','1246','',54,54,NULL,'',0,'KT71172'),
(239,'10140137496','1429','',49,49,NULL,'',0,'SW63697'),
(239,'10148012987','1705','',47,47,NULL,'',0,'NS58537'),
(239,'10148067046','1709','',121,121,NULL,'',0,'NR67829'),
(239,'10139248231','1249','',49,49,NULL,'',0,'LZ26796'),
(239,'10140137193','1341','',47,47,NULL,'',0,'NL39786'),
(239,'10150980076','650','',27,27,NULL,'',0,'NK60630'),
(239,'10140668471','1431','',49,49,NULL,'',0,'FX90862'),
(239,'101417408','1364','',51,51,NULL,'',0,'KK73038'),
(239,'10141694146','1461','',47,47,NULL,'',0,'NL37382'),
(239,'10141740424','1435','',49,49,NULL,'',0,'TN51426'),
(239,'10144062259','1551','',49,50,NULL,'',0,'LL88106'),
(239,'10150980278','898','',49,49,NULL,'',0,'KK08070'),
(239,'10150989473','827','',121,121,NULL,'',0,'RS36414'),
(239,'10139067769','1479','',51,51,NULL,'',0,'HH41503'),
(239,'10144660831','1708','',47,47,NULL,'',0,'TL81584'),
(239,'10149772832','226','',51,51,NULL,'',0,'TR93477'),
(239,'10149772933','127','',54,54,NULL,'',0,'FL74530'),
(239,'10150987251','774','',51,51,NULL,'',0,'LV51935'),
(239,'10151159831','296','',47,47,NULL,'',0,'PV73658'),
(239,'10148065531','420','',47,47,NULL,'',0,'PW53227'),
(239,'10148065632','240','',121,121,NULL,'',0,'PW60535'),
(239,'10148958436','5','',27,27,NULL,'',0,'FW49975'),
(239,'10148065834','99','',47,47,NULL,'',0,'RV68013'),
(239,'10155010125','1102','',47,47,NULL,'',0,'LW28341'),
(239,'10149663708','1314','',49,49,NULL,'',0,'NS51775'),
(239,'10050775642','669','',45,45,NULL,'',0,'HW03443'),
(239,'BW2024067','67','',25,25,NULL,'',0,'RC78774'),
(239,'10153429833','848','',27,27,NULL,'',0,'TW16298'),
(239,'BW2024068','68','',25,25,NULL,'',0,'GV38390'),
(239,'10106035835','929','',51,51,NULL,'',0,'NS39450'),
(239,'10154331731','566','',27,27,NULL,'',0,'RC54818'),
(239,'10152954836','1813','',27,27,NULL,'',0,'RC15794'),
(239,'10155242016','375','',27,27,NULL,'',0,'NR69131'),
(239,'BW2024266','266','',24,24,NULL,'',0,'LN02879'),
(239,'BW2024267','267','',24,24,NULL,'',0,'SS59942'),
(240,'10045717292','','',45,45,NULL,'',0,'KG63607'),
(240,'10162275930','','',47,47,NULL,'',0,'TW26924'),
(240,'10162864596','','',27,27,NULL,'',0,'KZ74691'),
(240,'BW999','','',24,24,NULL,'',0,''),
(240,'10126671472','','',51,51,NULL,'',0,'SG62421'),
(240,'10122149050','','',51,51,NULL,'',0,'FX18070'),
(240,'10122149353','','',49,49,NULL,'',0,'RW95842'),
(240,'10127403420','','',51,51,NULL,'',0,'PX48683'),
(240,'10128772736','','',54,54,NULL,'',0,'LH95597'),
(240,'10124998931','','',53,53,NULL,'',0,'LC32538'),
(240,'10125825552','','',49,49,NULL,'',0,'KS72210'),
(240,'10125852127','','',50,50,NULL,'',0,'TF90445'),
(240,'10124010440','','',51,51,NULL,'',0,'HW13882'),
(240,'10133100350','','',121,121,NULL,'',0,'LK36525'),
(240,'10128072720','','',121,121,NULL,'',0,'KG22064'),
(240,'10128085955','','',44,44,NULL,'',0,'PW84330'),
(240,'10128086056','','',53,53,NULL,'',0,'PV75334'),
(240,'10129219744','','',54,54,NULL,'',0,'LL83325'),
(240,'10130362021','','',49,49,NULL,'',0,'HN87271'),
(240,'10125028435','','',49,49,NULL,'',0,'TG15230'),
(240,'10136677933','','',47,47,NULL,'',0,'RK10510'),
(240,'10128769605','','',49,49,NULL,'',0,'SV91652'),
(240,'10100422464','','',44,44,NULL,'',0,'LL29026'),
(240,'10132755594','','',49,49,NULL,'',0,'PV97937'),
(240,'10132645359','','',51,51,NULL,'',0,'CW28799'),
(240,'10151162154','','',47,47,NULL,'',0,'HF43707'),
(240,'10158075729','','',121,121,NULL,'',0,'SC91286'),
(240,'10112045387','','',53,53,NULL,'',0,'NW08828'),
(240,'10135878085','','',49,49,NULL,'',0,'NW24244'),
(240,'10140145984','','',49,49,NULL,'',0,'GW04602'),
(240,'10131661013','','',51,51,NULL,'',0,'RW53585'),
(240,'10132196230','','',49,49,NULL,'',0,'KF96957'),
(240,'10136106744','','',49,49,NULL,'',0,'HH10570'),
(240,'10139227013','','',49,49,NULL,'',0,'FF56260'),
(240,'10141741030','','',47,47,NULL,'',0,'SN41279'),
(240,'10136851523','','',58,58,NULL,'',0,'PW60691'),
(240,'10135661352','','',54,54,NULL,'',0,'FX47799'),
(240,'10101537459','','',45,45,NULL,'',0,'KT71172'),
(240,'10148012987','','',47,47,NULL,'',0,'NS58537'),
(240,'10148067048','','',121,121,NULL,'',0,'NR67829'),
(240,'10140137193','','',49,49,NULL,'',0,'NL39786'),
(240,'10140668471','','',51,51,NULL,'',0,'FX90862'),
(240,'10161267635','','',47,47,NULL,'',0,'LX90652'),
(240,'10141694146','','',49,49,NULL,'',0,'NL37382'),
(240,'10141740424','','',49,49,NULL,'',0,'TN51426'),
(240,'10144062259','','',50,50,NULL,'',0,'LL88106'),
(240,'10004998009','','',58,58,NULL,'',0,'HL56293'),
(240,'10150980278','','',49,49,NULL,'',0,'KK08070'),
(240,'10159336830','','',53,53,NULL,'',0,'RC13358'),
(240,'10144660831','','',47,47,NULL,'',0,'TL81584'),
(240,'10160633394','','',27,27,NULL,'',0,'TP67078'),
(240,'10088121551','','',45,45,NULL,'',0,'FT94112'),
(240,'10005169373','','',121,121,NULL,'',0,'LT60284'),
(240,'10055702535','','',45,45,NULL,'',0,'HF49300'),
(240,'10150987251','','',53,53,NULL,'',0,'LV51935'),
(240,'00148065632','','',121,121,NULL,'',0,'HR00620'),
(240,'10148065531','','',49,49,NULL,'',0,'PW53227'),
(240,'10148065632','','',45,69,NULL,'',0,'PW60535'),
(240,'10162277849','','',51,51,NULL,'',0,'KN23917'),
(240,'10162861162','','',47,47,NULL,'',0,'SK28131'),
(240,'10148958436','','',47,47,NULL,'',0,'FW49975'),
(240,'WTB814588','','',47,47,NULL,'',0,'LG35641'),
(240,'10122148949','','',50,48,NULL,'',0,'GC34480'),
(240,'10148065834','','',49,49,NULL,'',0,'RV68013'),
(240,'10154923633','','',49,49,NULL,'',0,'RX62529'),
(240,'10136676115','','',53,53,NULL,'',0,'HN92690'),
(240,'10152479536','','',47,47,NULL,'',0,'RR77533'),
(240,'10154408826','','',47,47,NULL,'',0,'RH66042'),
(240,'10155010125','','',47,47,NULL,'',0,'LW28341'),
(240,'10149663708','','',51,51,NULL,'',0,'NS51775'),
(240,'BW742724005','','',24,24,NULL,'',0,'SV97802'),
(240,'BW743772340','','',49,49,NULL,'',0,'RC78774'),
(240,'10153429833','','',47,47,NULL,'',0,'KF64698'),
(240,'101612786','','',49,49,NULL,'',0,'GV38390'),
(240,'10106035835','','',53,53,NULL,'',0,'NS39450'),
(240,'10152954836','','',47,47,NULL,'',0,'RC15794'),
(240,'10161832760','','',45,45,NULL,'',0,'FC84155'),
(240,'WTB804370','','',49,49,NULL,'',0,'PK25866'),
(240,'10155242016','','',27,27,NULL,'',0,'NR69131'),
(240,'10162278859','','',53,53,NULL,'',0,'PN29101'),
(240,'10161291984','','',27,27,NULL,'',0,'LN02879'),
(240,'10161292186','','',27,27,NULL,'',0,'SS59942'),
(240,'821586','','',51,51,NULL,'',0,'RC28563'),
(240,'823719','','',47,47,NULL,'',0,'RC26409'),
(240,'823723','','',27,27,NULL,'',0,'FG73338'),
(240,'823725','','',121,121,NULL,'',0,'RC06254'),
(240,'10161292994','','',49,49,NULL,'',0,'GV86683'),
(240,'817738','','',51,51,NULL,'',0,'CX18017'),
(240,'10161265716','','',27,27,NULL,'',0,'HT02809'),
(244,'BW752410479','','',26,26,NULL,'',0,'GK69238'),
(240,'BW742940614','','',27,27,NULL,'',0,'CT15507'),
(240,'10159335618','','',27,27,NULL,'',0,'HF39619'),
(240,'BAY820752','','',47,47,NULL,'',0,'FF51936'),
(240,'10048540501','','',121,120,NULL,'',0,'TK14174'),
(240,'10162864701','','',54,54,NULL,'',0,'HW28808'),
(240,'10048528272','','',45,45,NULL,'',0,'HF56928'),
(240,'10048520996','','',45,45,NULL,'',0,'GG93417'),
(240,'10072417453','','',54,54,NULL,'',0,'HW75887'),
(240,'10045750133','','',45,45,NULL,'',0,'SF76076'),
(240,'10099781153','','',53,53,NULL,'',0,'CV35294'),
(240,'10073992489','','',44,44,NULL,'',0,'TK99111'),
(240,'10050911139','','',44,44,NULL,'',0,'GX09640'),
(240,'10090987394','','',45,45,NULL,'',0,'LK10452'),
(240,'10130357472','','',121,121,NULL,'',0,'LX95618'),
(240,'10100611616','','',51,51,NULL,'',0,'RC25729'),
(240,'10086984530','','',53,53,NULL,'',0,'TL03689'),
(240,'10054422640','','',45,45,NULL,'',0,'TG22696'),
(240,'10090967186','','',51,53,NULL,'',0,'TR91087'),
(240,'10100610303','','',53,53,NULL,'',0,'RW17843'),
(240,'10120090529','','',51,51,NULL,'',0,'RT07435'),
(240,'10050778066','','',44,44,NULL,'',0,'CW40800'),
(240,'10050784130','','',54,54,NULL,'',0,'KX49473'),
(240,'10090981637','','',121,121,NULL,'',0,'SS32263'),
(240,'10100610707','','',54,54,NULL,'',0,'NL18078'),
(240,'10078189559','','',54,54,NULL,'',0,'RL12794'),
(240,'10100610505','','',51,51,NULL,'',0,'SG11834'),
(240,'10100613333','','',51,51,NULL,'',0,'PL29054'),
(240,'10161279052','','',47,47,NULL,'',0,'PG86417'),
(240,'10136687734','','',58,58,NULL,'',0,'NC47224'),
(240,'10045724871','','',44,44,NULL,'',0,'HP49638'),
(240,'10045726689','','',45,45,NULL,'',0,'NR10074'),
(240,'10121792574','','',49,49,NULL,'',0,'NP72440'),
(240,'10051843248','','',45,45,NULL,'',0,'LT14659'),
(240,'10087958469','','',45,45,NULL,'',0,'LH24295'),
(240,'10036459553','','',58,58,NULL,'',0,'NW47382'),
(240,'10121028803','','',121,121,NULL,'',0,'TG72620'),
(240,'10124987312','','',49,49,NULL,'',0,'KZ42771'),
(240,'10125835656','','',51,51,NULL,'',0,'KR80691'),
(240,'10015883328','','',45,45,NULL,'',0,'SF18489'),
(240,'10125851723','','',50,48,NULL,'',0,'LS00089'),
(240,'10078185317','','',121,121,NULL,'',0,'RP34863'),
(240,'10079730142','','',45,45,NULL,'',0,'SR27400'),
(240,'10120762253','','',50,50,NULL,'',0,'CW30865'),
(240,'10120811965','','',54,54,NULL,'',0,'SH91155'),
(240,'10125489284','','',121,121,NULL,'',0,'HG56845'),
(240,'10125827269','','',51,51,NULL,'',0,'FR66093'),
(240,'10119824181','','',54,54,NULL,'',0,'TG75056'),
(240,'10121193093','','',51,51,NULL,'',0,'RT79574'),
(241,'10148958436','','',47,47,NULL,'',0,'FW49975'),
(241,'10162861162','','',47,47,NULL,'',0,'SK28131'),
(241,'10005738239','','',269,69,NULL,'',0,'PL37502'),
(241,'10153747408','','',47,47,NULL,'',0,'RN82677'),
(241,'BW746824863','','',25,25,NULL,'',0,'RN63952'),
(241,'10162277849','','',51,51,NULL,'',0,'KN23917'),
(241,'10141740424','','',49,49,NULL,'',0,'TN51426'),
(241,'10144062259','','',50,50,NULL,'',0,'LL88106'),
(241,'10004998009','','',58,58,NULL,'',0,'HL56293'),
(241,'10150980278','','',49,49,NULL,'',0,'KK08070'),
(241,'10150989473','','',61,121,NULL,'',0,'RS36414'),
(241,'10144660831','','',47,47,NULL,'',0,'TL81584'),
(241,'10160633394','','',27,27,NULL,'',0,'TP67078'),
(241,'10150987251','','',53,53,NULL,'',0,'LV51935'),
(241,'00148065632','','',70,121,NULL,'',0,'HR00620'),
(241,'10148065531','','',49,49,NULL,'',0,'PW53227'),
(241,'10148065632','','',269,69,NULL,'',0,'PW60535'),
(241,'10141694146','','',49,49,NULL,'',0,'NL37382'),
(241,'10078186226','','',244,44,NULL,'',0,'TW16298'),
(241,'10100610303','','',53,53,NULL,'',0,'RW17843'),
(241,'10120090529','','',51,51,NULL,'',0,'RT07435'),
(241,'10119864702','','',53,53,NULL,'',0,'LL87062'),
(241,'10119864803','','',51,51,NULL,'',0,'GT36569'),
(241,'10100610707','','',54,54,NULL,'',0,'CV36673'),
(241,'10078189559','','',54,54,NULL,'',0,'RL12794'),
(241,'10036546550','','',70,121,NULL,'',0,'CV59108'),
(241,'10055702535','','',269,45,NULL,'',0,'HF49300'),
(241,'10100613333','','',51,51,NULL,'',0,'PL29054'),
(241,'10136687734','','',58,58,NULL,'',0,'NC47224'),
(241,'10045724871','','',244,44,NULL,'',0,'HP49638'),
(241,'BW745222888','','',25,25,NULL,'',0,'TX35763'),
(241,'10045726689','','',245,45,NULL,'',0,'NR10074'),
(241,'10121792574','','',49,49,NULL,'',0,'NP72440'),
(241,'10045739928','','',271,45,NULL,'',0,'CX16508'),
(241,'10045746796','','',269,69,NULL,'',0,'FT83601'),
(241,'00142','','',61,120,NULL,'',0,'LH54829'),
(241,'10051843248','','',271,45,NULL,'',0,'HK87022'),
(241,'10087958469','','',271,45,NULL,'',0,'LS00089'),
(241,'10036459553','','',58,58,NULL,'',0,'NW47382'),
(241,'10121028803','','',63,121,NULL,'',0,'TG72620'),
(241,'10072418261','','',271,45,NULL,'',0,'PW60691'),
(241,'10125851723','','',50,48,NULL,'',0,'FZ56537'),
(241,'10054410213','','',245,45,NULL,'',0,'ST24404'),
(241,'10048359736','','',271,45,NULL,'',0,'KV65119'),
(241,'10078185317','','',70,121,NULL,'',0,'RP34863'),
(241,'10079730142','','',271,45,NULL,'',0,'SR27400'),
(241,'10120762253','','',50,50,NULL,'',0,'CW30865'),
(241,'10079727314','','',271,45,NULL,'',0,'PK53200'),
(241,'10125489284','','',70,121,NULL,'',0,'HG56845'),
(241,'10125827269','','',51,51,NULL,'',0,'FR66093'),
(241,'10120812066','','',51,51,NULL,'',0,'RC94887'),
(241,'10119824181','','',54,54,NULL,'',0,'TG75056'),
(241,'10121193093','','',51,51,NULL,'',0,'RT79574'),
(241,'10126671472','','',51,51,NULL,'',0,'SG62421'),
(241,'10122149050','','',51,51,NULL,'',0,'FX18070'),
(241,'10122149353','','',49,49,NULL,'',0,'RW95842'),
(241,'10162275223','','',63,121,NULL,'',0,'LX80308'),
(241,'10127403420','','',51,51,NULL,'',0,'PX48683'),
(241,'10128772736','','',54,54,NULL,'',0,'LH95597'),
(241,'10124998931','','',53,53,NULL,'',0,'LC32538'),
(241,'10125825552','','',49,49,NULL,'',0,'KS72210'),
(241,'10125852127','','',50,50,NULL,'',0,'TF90445'),
(241,'10133100350','','',63,121,NULL,'',0,'NL18078'),
(241,'10128072720','','',63,121,NULL,'',0,'PW84330'),
(241,'10128086056','','',53,53,NULL,'',0,'PV75334'),
(241,'10129219744','','',54,54,NULL,'',0,'LL83325'),
(241,'10130362021','','',49,49,NULL,'',0,'HN87271'),
(241,'10125028435','','',49,49,NULL,'',0,'TG15230'),
(241,'10136677933','','',47,47,NULL,'',0,'RK10510'),
(241,'10094120700','','',53,53,NULL,'',0,'GC63246'),
(241,'10073992489','','',244,44,NULL,'',0,'TK99111'),
(241,'10050911139','','',244,44,NULL,'',0,'GX09640'),
(241,'10048520996','','',245,45,NULL,'',0,'GG93417'),
(241,'10161267635','','',47,47,NULL,'',0,'LX90652'),
(241,'10140668471','','',51,51,NULL,'',0,'FX90862'),
(241,'10148012987','','',47,47,NULL,'',0,'NS58537'),
(241,'10148067048','','',61,121,NULL,'',0,'NR67829'),
(241,'10130357472','','',70,121,NULL,'',0,'LX95618'),
(241,'10131778524','','',50,50,NULL,'',0,'SW21252'),
(241,'10140137193','','',49,49,NULL,'',0,'NL39786'),
(241,'10150980076','','',27,27,NULL,'',0,'NK60630'),
(241,'10072417453','','',54,54,NULL,'',0,'HW75887'),
(241,'10087945537','','',271,45,NULL,'',0,'HN32204'),
(241,'10163961104','','',51,51,NULL,'',0,'HR28997'),
(241,'10139227013','','',49,49,NULL,'',0,'FF56260'),
(241,'10136106744','','',49,49,NULL,'',0,'HH10570'),
(241,'10140145984','','',49,49,NULL,'',0,'GW04602'),
(241,'10141741030','','',47,47,NULL,'',0,'SN41279'),
(241,'10140137496','','',51,51,NULL,'',0,'SW63697'),
(241,'10132645359','','',51,51,NULL,'',0,'CW28799'),
(241,'10131661013','','',51,51,NULL,'',0,'RW53585'),
(241,'10151162154','','',47,47,NULL,'',0,'HF43707'),
(241,'10158075729','','',61,121,NULL,'',0,'SC91286'),
(241,'10100611616','','',51,51,NULL,'',0,'RC25729'),
(241,'10072214258','','',54,54,NULL,'',0,'NP80483'),
(241,'10048552322','','',271,45,NULL,'',0,'SN69703'),
(241,'10090987394','','',271,45,NULL,'',0,'LK10452'),
(241,'WTB814588','','',47,47,NULL,'',0,'LG35641'),
(241,'10122148949','','',50,48,NULL,'',0,'GC34480'),
(241,'10148065834','','',49,49,NULL,'',0,'RV68013'),
(241,'10154923633','','',49,49,NULL,'',0,'RZ57286'),
(241,'10163657673','','',51,51,NULL,'',0,'CW33160'),
(241,'10161279052','','',47,47,NULL,'',0,'PG86417'),
(241,'10155010125','','',47,47,NULL,'',0,'LW28341'),
(241,'BW746639457','','',25,25,NULL,'',0,'SN12661'),
(241,'10050775642','','',271,45,NULL,'',0,'HW03443'),
(241,'BW743772340','','',49,49,NULL,'',0,'RC78774'),
(241,'10153429833','','',47,47,NULL,'',0,'KF64698'),
(241,'101612786','','',49,49,NULL,'',0,'GV38390'),
(241,'10154331731','','',47,47,NULL,'',0,'RC54818'),
(241,'10152954836','','',47,47,NULL,'',0,'RC15794'),
(241,'10161832760','','',271,45,NULL,'',0,'FC84155'),
(241,'WTB804370','','',49,49,NULL,'',0,'PK25866'),
(241,'10155242016','','',27,27,NULL,'',0,'NR69131'),
(241,'10161291984','','',27,27,NULL,'',0,'LN02879'),
(241,'10161292186','','',27,27,NULL,'',0,'SS59942'),
(241,'823719','','',47,47,NULL,'',0,'RC26409'),
(241,'823723','','',27,27,NULL,'',0,'FG73338'),
(241,'823725','','',61,121,NULL,'',0,'RC06254'),
(241,'10161292994','','',49,49,NULL,'',0,'GV86683'),
(241,'817738','','',51,51,NULL,'',0,'CX18017'),
(241,'10161265716','','',27,27,NULL,'',0,'HT02809'),
(241,'10163591591','','',27,27,NULL,'',0,'RV66449'),
(241,'BW742940614','','',27,27,NULL,'',0,'CT15507'),
(241,'10048528272','','',245,45,NULL,'',0,'HF56928'),
(241,'10045717292','','',245,45,NULL,'',0,'KG63607'),
(241,'10162275930','','',47,47,NULL,'',0,'TW26924'),
(241,'10162864596','','',27,27,NULL,'',0,'KZ74691'),
(241,'BW745612278','','',25,25,NULL,'',0,'HF81672'),
(241,'10163128621','','',269,69,NULL,'',0,'CX18037'),
(241,'BW745594437','','',25,24,NULL,'',0,''),
(241,'BW745743781','','',25,25,NULL,'',0,'CX18095'),
(241,'10162277546','','',61,120,NULL,'',0,'LH24295'),
(243,'BW752410479','','',26,26,NULL,'',0,'GC63246'),
(243,'BW752580223','','',24,24,NULL,'',0,'HG56845'),
(243,'BW751181628','','',25,25,NULL,'',0,'LX05306'),
(243,'BW750498017','','',26,26,NULL,'',0,'HN79668'),
(242,'BW745594437','','',24,24,NULL,'',0,'TH36552'),
(243,'10162278859','','',53,53,NULL,'',0,'PN29101'),
(242,'10162277546','','',120,120,NULL,'',0,'LH24295'),
(242,'10163961104','','',51,51,NULL,'',0,'HR28997'),
(242,'10152499138','','',51,51,NULL,'',0,'RL48664'),
(242,'10051792324','','',120,120,NULL,'',0,'FZ56303'),
(242,'10054408795','','',54,44,NULL,'',0,'NT91901'),
(242,'822932','','',53,53,NULL,'',0,'FH29941'),
(243,'10106035835','','',53,53,NULL,'',0,'NS39450'),
(243,'10154331731','','',47,47,NULL,'',0,'RC54818'),
(242,'10163128621','','',45,69,NULL,'',0,'CX18037'),
(242,'817738','','',51,51,NULL,'',0,'CX18017'),
(242,'10161265716','','',27,27,NULL,'',0,'HT02809'),
(242,'10163591591','','',27,27,NULL,'',0,'RV66449'),
(242,'BW742940614','','',27,27,NULL,'',0,'CT15507'),
(242,'10015882924','','',120,120,NULL,'',0,'HR92958'),
(242,'823723','','',27,27,NULL,'',0,'FG73338'),
(242,'823725','','',121,121,NULL,'',0,'RC06254'),
(242,'10161292994','','',49,49,NULL,'',0,'GV86683'),
(242,'00148065632','','',121,121,NULL,'',0,'HR00620'),
(242,'10148065531','','',49,49,NULL,'',0,'PW53227'),
(242,'10148065632','','',45,69,NULL,'',0,'PW60535'),
(242,'BW746824863','','',25,25,NULL,'',0,'RN63952'),
(242,'10162277849','','',51,51,NULL,'',0,'KN23917'),
(242,'BW747348496','','',24,24,NULL,'',0,'NL18078'),
(242,'10162861162','','',47,47,NULL,'',0,'SK28131'),
(242,'WTB814588','','',47,47,NULL,'',0,'LG35641'),
(242,'10122148949','','',50,48,NULL,'',0,'GC34480'),
(242,'10148065834','','',49,49,NULL,'',0,'RV68013'),
(242,'10154923633','','',49,49,NULL,'',0,'RX62529'),
(242,'10161279052','','',47,47,NULL,'',0,'PG86417'),
(242,'10155010125','','',47,47,NULL,'',0,'LW28341'),
(242,'10149663708','','',51,51,NULL,'',0,'NS51775'),
(242,'BW742724005','','',24,24,NULL,'',0,'SV97802'),
(242,'BW743772340','','',49,49,NULL,'',0,'RC78774'),
(242,'10153429833','','',47,47,NULL,'',0,'KF64698'),
(242,'101612786','','',49,49,NULL,'',0,'GV38390'),
(242,'10106035835','','',53,53,NULL,'',0,'NS39450'),
(242,'10154331731','','',47,47,NULL,'',0,'RC54818'),
(242,'BW746989955','','',25,25,NULL,'',0,'FZ04271'),
(242,'10152954836','','',47,47,NULL,'',0,'RC15794'),
(242,'10161832760','','',45,45,NULL,'',0,'FC84155'),
(242,'WTB804370','','',49,49,NULL,'',0,'PK25866'),
(242,'10155242016','','',27,27,NULL,'',0,'NR69131'),
(242,'BW746385501','','',24,24,NULL,'',0,'HN17989'),
(242,'10161291984','','',27,27,NULL,'',0,'LN02879'),
(242,'823719','','',47,47,NULL,'',0,'RC26409'),
(243,'BW746385501','','',24,24,NULL,'',0,'HN17989'),
(242,'10099781153','','',53,53,NULL,'',0,'CV35294'),
(242,'10130357472','','',121,121,NULL,'',0,'LX95618'),
(242,'10100611616','','',51,51,NULL,'',0,'RC25729'),
(242,'10072214258','','',54,54,NULL,'',0,'NP80483'),
(242,'10124998931','','',53,53,NULL,'',0,'LC32538'),
(243,'WTB804370','','',49,49,NULL,'',0,'PK25866'),
(242,'10119864702','','',53,53,NULL,'',0,'LL87062'),
(242,'10119864803','','',51,51,NULL,'',0,'GT36569'),
(242,'10100610707','','',54,54,NULL,'',0,'CV36673'),
(242,'10078189559','','',54,54,NULL,'',0,'RL12794'),
(242,'10100610505','','',51,51,NULL,'',0,'SG11834'),
(242,'10036546550','','',121,121,NULL,'',0,'CV59108'),
(242,'10100613333','','',51,51,NULL,'',0,'PL29054'),
(242,'10136687734','','',121,58,NULL,'',0,'NC47224'),
(242,'10045724871','','',54,44,NULL,'',0,'HP49638'),
(242,'10048354884','','',120,120,NULL,'',0,'LK07928'),
(242,'10121792574','','',49,49,NULL,'',0,'NP72440'),
(242,'10051843248','','',45,45,NULL,'',0,'HK87022'),
(242,'10087958469','','',45,45,NULL,'',0,'GP78535'),
(242,'10036459553','','',121,58,NULL,'',0,'NW47382'),
(242,'10072418261','','',45,45,NULL,'',0,'GG18329'),
(242,'10125851723','','',50,48,NULL,'',0,'FZ56537'),
(242,'10159335618','','',27,27,NULL,'',0,'HF39619'),
(242,'BW9999','','',25,25,NULL,'',0,''),
(242,'10120762253','','',50,50,NULL,'',0,'CW30865'),
(242,'10120811965','','',54,54,NULL,'',0,'SH91155'),
(242,'10079727314','','',45,45,NULL,'',0,'PK53200'),
(243,'BW752658183','','',25,25,NULL,'',0,'CS09160'),
(242,'10125827269','','',51,51,NULL,'',0,'FR66093'),
(242,'10120812066','','',51,51,NULL,'',0,'RC94887'),
(242,'10119824181','','',54,54,NULL,'',0,'TG75056'),
(242,'10126671472','','',51,51,NULL,'',0,'SG62421'),
(242,'10122149050','','',51,51,NULL,'',0,'FX18070'),
(242,'10122149353','','',49,49,NULL,'',0,'RW95842'),
(242,'10162275223','','',121,121,NULL,'',0,'LX80308'),
(242,'10127403420','','',51,51,NULL,'',0,'PX48683'),
(242,'10125825552','','',49,49,NULL,'',0,'KS72210'),
(242,'10125852127','','',50,50,NULL,'',0,'TF90445'),
(243,'10058605764','','',120,120,NULL,'',0,'LW81218'),
(243,'10152954836','','',47,47,NULL,'',0,'RC15794'),
(242,'10133100350','','',121,121,NULL,'',0,'HL87094'),
(242,'10128072720','','',121,121,NULL,'',0,'PW84330'),
(242,'10128086056','','',53,53,NULL,'',0,'PV75334'),
(242,'10131661316','','',51,51,NULL,'',0,'RL05388'),
(242,'10125028435','','',49,49,NULL,'',0,'TG15230'),
(242,'10136677933','','',47,47,NULL,'',0,'RK10510'),
(242,'10128769605','','',49,49,NULL,'',0,'SV91652'),
(242,'10132755594','','',49,49,NULL,'',0,'PV97937'),
(242,'10132645359','','',51,51,NULL,'',0,'CW28799'),
(242,'10132243619','','',49,49,NULL,'',0,'PW97220'),
(242,'10151162154','','',47,47,NULL,'',0,'HF43707'),
(242,'10158075729','','',121,121,NULL,'',0,'SC91286'),
(242,'10140145984','','',49,49,NULL,'',0,'GW04602'),
(242,'10131661013','','',51,51,NULL,'',0,'RW53585'),
(242,'10132196230','','',49,49,NULL,'',0,'KF96957'),
(242,'10136106744','','',49,49,NULL,'',0,'HH10570'),
(242,'10139227013','','',49,49,NULL,'',0,'FF56260'),
(242,'10141741030','','',47,47,NULL,'',0,'SN41279'),
(242,'10140137496','','',51,51,NULL,'',0,'SW63697'),
(242,'10148012987','','',47,47,NULL,'',0,'NS58537'),
(242,'10148067048','','',121,121,NULL,'',0,'NR67829'),
(242,'10140137193','','',49,49,NULL,'',0,'NL39786'),
(242,'10150980076','','',27,27,NULL,'',0,'NK60630'),
(242,'10140668471','','',51,51,NULL,'',0,'FX90862'),
(242,'10161267635','','',47,47,NULL,'',0,'LX90652'),
(242,'BW745820143','','',24,24,NULL,'',0,'RZ92751'),
(242,'10141694146','','',49,49,NULL,'',0,'NL37382'),
(242,'10141740424','','',49,49,NULL,'',0,'TN51426'),
(242,'10144062259','','',50,50,NULL,'',0,'LL88106'),
(242,'10150980278','','',49,49,NULL,'',0,'KK08070'),
(242,'10150989473','','',121,121,NULL,'',0,'RS36414'),
(242,'10144660831','','',47,47,NULL,'',0,'TL81584'),
(242,'10160633394','','',27,27,NULL,'',0,'TP67078'),
(242,'10150987251','','',53,53,NULL,'',0,'LV51935'),
(242,'10151159831','','',49,49,NULL,'',0,'PV73658'),
(243,'10054408795','','',44,44,NULL,'',0,'LT14659'),
(243,'10051792324','','',120,120,NULL,'',0,'FZ56303'),
(243,'10152499138','','',51,51,NULL,'',0,'RL48664'),
(243,'BW752178771','','',24,24,NULL,'',0,'NT91901'),
(243,'10163961104','','',51,51,NULL,'',0,'HR28997'),
(243,'10162277546','','',120,120,NULL,'',0,'HR15124'),
(243,'10159335618','','',27,27,NULL,'',0,'HF39619'),
(243,'BW745612278','','',25,25,NULL,'',0,'HF81672'),
(243,'10163128621','','',69,69,NULL,'',0,'CX18037'),
(243,'BW745594437','','',24,24,NULL,'',0,'SS63497'),
(243,'BW742940614','','',27,27,NULL,'',0,'CT15507'),
(243,'10161265716','','',27,27,NULL,'',0,'HT02809'),
(243,'10163591591','','',27,27,NULL,'',0,'RV66449'),
(243,'823719','','',47,47,NULL,'',0,'RC26409'),
(243,'823723','','',27,27,NULL,'',0,'FG73338'),
(243,'823725','','',121,121,NULL,'',0,'RC06254'),
(243,'10161292994','','',49,49,NULL,'',0,'GV86683'),
(243,'BW752256093','','',26,26,NULL,'',0,'TH36552'),
(243,'BW741626251','','',25,25,NULL,'',0,'SN12661'),
(243,'BW741875427','','',25,25,NULL,'',0,'CX19249'),
(243,'10161291984','','',27,27,NULL,'',0,'LN02879'),
(243,'10161292186','','',27,27,NULL,'',0,'SS59942'),
(243,'10099781153','','',53,53,NULL,'',0,'CV35294'),
(243,'10073992489','','',44,44,NULL,'',0,'TK99111'),
(243,'10090987394','','',45,45,NULL,'',0,'LK10452'),
(243,'10100611616','','',51,51,NULL,'',0,'RC25729'),
(243,'10120090529','','',51,51,NULL,'',0,'RT07435'),
(243,'10090981637','','',121,121,NULL,'',0,'SS32263'),
(243,'20100610707','','',120,120,NULL,'',0,'CV36673'),
(243,'10100610505','','',51,51,NULL,'',0,'SG11834'),
(243,'10100613333','','',51,51,NULL,'',0,'PL29054'),
(243,'10045742554','','',45,45,NULL,'',0,'LR13049'),
(243,'10136687734','','',121,58,NULL,'',0,'NC47224'),
(243,'10045724871','','',44,44,NULL,'',0,'HP49638'),
(243,'10048354884','','',120,120,NULL,'',0,'LK07928'),
(243,'BW745222888','','',25,25,NULL,'',0,'TX35763'),
(243,'10045746796','','',69,69,NULL,'',0,'FT83601'),
(243,'10051843248','','',45,45,NULL,'',0,'HK87022'),
(243,'10087958469','','',45,45,NULL,'',0,'GP78535'),
(243,'10036459553','','',121,58,NULL,'',0,'NW47382'),
(243,'10125851723','','',50,48,NULL,'',0,'FZ56537'),
(243,'10078185317','','',121,121,NULL,'',0,'RP34863'),
(243,'10079730142','','',45,45,NULL,'',0,'SR27400'),
(243,'10120762253','','',50,50,NULL,'',0,'CW30865'),
(243,'10120811965','','',54,54,NULL,'',0,'SH91155'),
(243,'10079727314','','',45,45,NULL,'',0,'PK53200'),
(243,'10125827269','','',51,51,NULL,'',0,'FR66093'),
(243,'10119824181','','',54,54,NULL,'',0,'TG75056'),
(243,'10121193093','','',51,51,NULL,'',0,'RT79574'),
(243,'10126671472','','',51,51,NULL,'',0,'SG62421'),
(243,'10122149050','','',51,51,NULL,'',0,'FX18070'),
(243,'10122149353','','',49,49,NULL,'',0,'RW95842'),
(243,'10127403420','','',51,51,NULL,'',0,'PX48683'),
(243,'10124998931','','',53,53,NULL,'',0,'ST10350'),
(243,'10125825552','','',49,49,NULL,'',0,'NL18078'),
(243,'10124010440','','',51,51,NULL,'',0,'HW13882'),
(243,'10161797600','','',47,47,NULL,'',0,'GT79249'),
(243,'10131250074','','',50,50,NULL,'',0,'NV77897'),
(243,'10133100350','','',121,121,NULL,'',0,'HL87094'),
(243,'10128085955','','',44,44,NULL,'',0,'PW84330'),
(243,'10128086056','','',53,53,NULL,'',0,'PV75334'),
(243,'10129219744','','',54,54,NULL,'',0,'LL83325'),
(243,'10131661316','','',51,51,NULL,'',0,'RL05388'),
(243,'10125028435','','',49,49,NULL,'',0,'TG15230'),
(243,'10136677933','','',47,47,NULL,'',0,'RK10510'),
(243,'10128769605','','',49,49,NULL,'',0,'SV91652'),
(243,'10100422464','','',44,44,NULL,'',0,'LL29026'),
(243,'10131778524','','',50,50,NULL,'',0,'SW21252'),
(243,'10132645359','','',51,51,NULL,'',0,'CW28799'),
(243,'10151162154','','',47,47,NULL,'',0,'HF43707'),
(243,'10158075729','','',121,121,NULL,'',0,'SC91286'),
(243,'1015807572x','','',69,69,NULL,'',0,'HF26746'),
(243,'10140145984','','',49,49,NULL,'',0,'GW04602'),
(243,'10131661013','','',51,51,NULL,'',0,'RW53585'),
(243,'BW751917491','','',24,24,NULL,'',0,'FF17494'),
(243,'10132196230','','',49,49,NULL,'',0,'KF96957'),
(243,'10136106744','','',49,49,NULL,'',0,'HH10570'),
(243,'10139227013','','',49,49,NULL,'',0,'FF56260'),
(243,'10141741030','','',47,47,NULL,'',0,'SN41279'),
(243,'10140137496','','',51,51,NULL,'',0,'SW63697'),
(243,'10148012987','','',47,47,NULL,'',0,'NS58537'),
(243,'10148067048','','',121,121,NULL,'',0,'NR67829'),
(243,'10139248231','','',51,51,NULL,'',0,'LZ26796'),
(243,'10140137193','','',49,49,NULL,'',0,'NL39786'),
(243,'10141694146','','',49,49,NULL,'',0,'NL37382'),
(243,'10141740424','','',49,49,NULL,'',0,'TN51426'),
(243,'10144062259','','',50,50,NULL,'',0,'LL88106'),
(243,'10150980278','','',49,49,NULL,'',0,'KK08070'),
(243,'10150989473','','',121,121,NULL,'',0,'RS36414'),
(243,'10144660831','','',47,47,NULL,'',0,'TL81584'),
(243,'10160633394','','',27,27,NULL,'',0,'TP67078'),
(243,'10150987251','','',53,53,NULL,'',0,'LV51935'),
(243,'10151159831','','',49,49,NULL,'',0,'PV73658'),
(243,'00148065632','','',121,121,NULL,'',0,'HR00620'),
(243,'10148065632','','',69,69,NULL,'',0,'PW60535'),
(243,'10153747408','','',47,47,NULL,'',0,'RN82677'),
(243,'10162277849','','',51,51,NULL,'',0,'KN23917'),
(243,'WTB814588','','',47,47,NULL,'',0,'LG35641'),
(243,'10122148949','','',50,48,NULL,'',0,'GC34480'),
(243,'10148065834','','',49,49,NULL,'',0,'RV68013'),
(243,'10154923633','','',49,49,NULL,'',0,'RX62529'),
(243,'BW751476550','','',24,24,NULL,'',0,'RZ57286'),
(243,'10161279052','','',47,47,NULL,'',0,'PG86417'),
(243,'10155010125','','',47,47,NULL,'',0,'LW28341'),
(243,'10149663708','','',51,51,NULL,'',0,'NS51775'),
(243,'BW743772340','','',49,49,NULL,'',0,'RC78774'),
(243,'10153429833','','',47,47,NULL,'',0,'KF64698'),
(243,'10161278648','','',49,49,NULL,'',0,'GV38390'),
(244,'10074596418','','',54,54,NULL,'',0,'FF18910'),
(244,'100518337','','',45,45,NULL,'',0,'GF94274'),
(244,'10141741030','','',47,47,NULL,'',0,'SN41279'),
(244,'10099781153','','',53,53,NULL,'',0,'CV35294'),
(244,'10125827269','','',51,51,NULL,'',0,'FR66093'),
(244,'10125851723','','',50,48,NULL,'',0,'FZ56537'),
(244,'10126671472','','',51,51,NULL,'',0,'SG62421'),
(244,'10153429833','','',47,47,NULL,'',0,'KF64698'),
(244,'10132645359','','',51,51,NULL,'',0,'CW28799'),
(244,'10100611616','','',51,51,NULL,'',0,'RC25729'),
(244,'10124998931','','',53,53,NULL,'',0,'ST10350'),
(244,'10141694146','','',49,49,NULL,'',0,'NL37382'),
(244,'10127403420','','',51,51,NULL,'',0,'PX48683'),
(244,'10136106744','','',49,49,NULL,'',0,'HH10570'),
(244,'822932','','',53,53,NULL,'',0,'FH29941'),
(244,'10078189559','','',54,54,NULL,'',0,'RL12794'),
(244,'10121193093','','',51,51,NULL,'',0,'RT79574'),
(244,'10132196230','','',49,49,NULL,'',0,'KF96957'),
(244,'10120762253','','',50,50,NULL,'',0,'CW30865'),
(244,'10100610505','','',51,51,NULL,'',0,'SG11834'),
(244,'10120811965','','',54,54,NULL,'',0,'SH91155'),
(244,'10132755594','','',49,49,NULL,'',0,'PV97937'),
(244,'10050911139','','',54,44,NULL,'',0,'GX09640'),
(244,'10124010440','','',51,51,NULL,'',0,'HW13882'),
(244,'10139248231','','',51,51,NULL,'',0,'LZ26796'),
(244,'10122148949','','',50,48,NULL,'',0,'GC34480'),
(244,'10131778524','','',50,50,NULL,'',0,'SW21252'),
(244,'10148067048','','',121,121,NULL,'',0,'NR67829'),
(244,'10140137496','','',51,51,NULL,'',0,'SW63697'),
(244,'10148012987','','',47,47,NULL,'',0,'NS58537'),
(244,'10155010125','','',47,47,NULL,'',0,'LW28341'),
(244,'10128086056','','',53,53,NULL,'',0,'PV75334'),
(244,'10148065531','','',49,49,NULL,'',0,'PW53227'),
(244,'10148065632','','',69,69,NULL,'',0,'PW60535'),
(244,'10086984530','','',53,53,NULL,'',0,'TL03689'),
(244,'10128769605','','',49,49,NULL,'',0,'SV91652'),
(244,'10079727314','','',45,45,NULL,'',0,'PK53200'),
(244,'10149663708','','',51,51,NULL,'',0,'NS51775'),
(244,'10136677933','','',47,47,NULL,'',0,'RK10510'),
(244,'10125028435','','',49,49,NULL,'',0,'TG15230'),
(244,'10161797600','','',47,47,NULL,'',0,'GT79249'),
(244,'10106035835','','',53,53,NULL,'',0,'NS39450'),
(244,'10140137193','','',49,49,NULL,'',0,'NL39786'),
(244,'BW741875427','','',25,25,NULL,'',0,'CX19249'),
(244,'10144660831','','',47,47,NULL,'',0,'TL81584'),
(244,'10160633394','','',27,27,NULL,'',0,'TP67078'),
(244,'10045742554','','',45,45,NULL,'',0,'LR13049'),
(244,'10136687734','','',121,58,NULL,'',0,'NC47224'),
(244,'10161279052','','',47,47,NULL,'',0,'PG86417'),
(244,'10090987394','','',45,45,NULL,'',0,'LK10452'),
(244,'WTB814588','','',47,47,NULL,'',0,'LG35641'),
(244,'10128772736','','',54,54,NULL,'',0,'LH95597'),
(244,'10131661013','','',51,51,NULL,'',0,'RW53585'),
(244,'823719','','',47,47,NULL,'',0,'RC26409'),
(244,'823723','','',27,27,NULL,'',0,'FG73338'),
(244,'823725','','',121,121,NULL,'',0,'RC06254'),
(244,'10152954836','','',47,47,NULL,'',0,'RC15794'),
(244,'10036459553','','',121,58,NULL,'',0,'NW47382'),
(244,'10161265716','','',27,27,NULL,'',0,'HT02809'),
(244,'10140145984','','',49,49,NULL,'',0,'GW04602'),
(244,'10150980278','','',49,49,NULL,'',0,'KK08070'),
(244,'10150989473','','',121,121,NULL,'',0,'RS36414'),
(244,'10161832760','','',45,45,NULL,'',0,'FC84155'),
(244,'10087958469','','',45,45,NULL,'',0,'GP78535'),
(244,'10129219744','','',54,54,NULL,'',0,'LL83325'),
(244,'10133100350','','',121,121,NULL,'',0,'HL87094'),
(244,'10131250074','','',50,50,NULL,'',0,'NV77897'),
(244,'BW742940614','','',27,27,NULL,'',0,'CT15507'),
(244,'10119824181','','',54,54,NULL,'',0,'TG75056'),
(244,'10079730142','','',45,45,NULL,'',0,'SR27400'),
(244,'10159335618','','',27,27,NULL,'',0,'HF39619'),
(244,'WTB804370','','',49,49,NULL,'',0,'PK25866'),
(244,'10090981637','','',121,121,NULL,'',0,'SS32263'),
(244,'00148065632','','',121,121,NULL,'',0,'HR00620'),
(244,'10153747408','','',47,47,NULL,'',0,'RN82677'),
(244,'10078185317','','',121,121,NULL,'',0,'RP34863'),
(244,'10150987251','','',53,53,NULL,'',0,'LV51935'),
(244,'10141740424','','',49,49,NULL,'',0,'TN51426'),
(244,'10144062259','','',50,50,NULL,'',0,'LL88106'),
(244,'10121792574','','',49,49,NULL,'',0,'NP72440'),
(244,'10161292186','','',27,27,NULL,'',0,'SS59942'),
(244,'10139227013','','',49,49,NULL,'',0,'FF56260'),
(244,'10161291984','','',27,27,NULL,'',0,'LN02879'),
(244,'10125825552','','',49,49,NULL,'',0,'SV25271'),
(244,'10158075729','','',121,121,NULL,'',0,'SC91286'),
(244,'10045750133','','',45,45,NULL,'',0,'SF76076'),
(244,'10090967186','','',53,53,NULL,'',0,'TR91087'),
(244,'10151162154','','',47,47,NULL,'',0,'HF43707'),
(244,'10122149353','','',49,49,NULL,'',0,'RW95842'),
(244,'10122149050','','',51,51,NULL,'',0,'FX18070'),
(244,'10162278859','','',53,53,NULL,'',0,'PN29101'),
(244,'10162861162','','',47,47,NULL,'',0,'SK28131'),
(244,'10045739928','','',45,45,NULL,'',0,'CX16508'),
(244,'10045746796','','',69,69,NULL,'',0,'FT83601'),
(244,'BW757652999','','',25,25,NULL,'',0,'GV84517'),
(244,'BW745612278','','',25,25,NULL,'',0,'HF81672'),
(244,'10163591591','','',27,27,NULL,'',0,'PW84330'),
(244,'10015882924','','',120,120,NULL,'',0,'HR92958'),
(244,'10119864702','','',53,53,NULL,'',0,'LL87062'),
(244,'10154331731','','',47,47,NULL,'',0,'RC54818'),
(244,'10123657402','','',121,121,NULL,'',0,'TH36552'),
(244,'10072418261','','',45,45,NULL,'',0,'GG18329'),
(244,'10162275223','','',121,121,NULL,'',0,'LX80308'),
(244,'10048552322','','',45,45,NULL,'',0,'SN69703'),
(244,'10120812066','','',51,51,NULL,'',0,'RC94887'),
(244,'10163657673','','',51,51,NULL,'',0,'CW33160'),
(244,'10166732472','','',69,69,NULL,'',0,'TW26924'),
(244,'10152499138','','',51,51,NULL,'',0,'RL48664'),
(244,'10151159831','','',49,49,NULL,'',0,'PV73658'),
(244,'10054408795','','',54,44,NULL,'',0,'NT91901'),
(244,'BW747348496','','',24,24,NULL,'',0,'PL37502'),
(244,'BW750498017','','',26,26,NULL,'',0,'HN79668'),
(244,'10161278648','','',49,49,NULL,'',0,'GV38390'),
(244,'1015807572x','','',69,69,NULL,'',0,'HF26746'),
(244,'BW751181628','','',25,25,NULL,'',0,'LX05306'),
(244,'BW751917491','','',24,24,NULL,'',0,'FF17494'),
(244,'10058605764','','',120,120,NULL,'',0,'LW81218'),
(244,'20100610707','','',120,120,NULL,'',0,'CV36673'),
(244,'BW752580223','','',24,24,NULL,'',0,'KR04650'),
(244,'BW756357679','','',25,25,NULL,'',0,'GC63246'),
(244,'827044','','',27,27,NULL,'',0,'SS63497'),
(244,'BW758127955','','',25,25,NULL,'',0,'FC34700'),
(244,'BW758287736','','',26,26,NULL,'',0,'GL60850'),
(244,'BW758661235','','',24,24,NULL,'',0,'LK07928'),
(244,'BW758662143','','',25,25,NULL,'',0,'HP49638'),
(244,'BW758661450','','',24,24,NULL,'',0,'TT73478'),
(244,'Xxx','','',51,51,NULL,'',0,'SN12661'),
(244,'10163968780','','',51,51,NULL,'',0,'NZ13807'),
(244,'10165987794','','',53,53,NULL,'',0,'NH96795'),
(245,'BW758662143','','',25,25,NULL,'',0,'LX80308'),
(245,'10165987794','','',53,53,NULL,'',0,'NH96795'),
(245,'BW758287736','','',26,26,NULL,'',0,'GL60850'),
(245,'BW758661235','','',24,24,NULL,'',0,'LT14659'),
(245,'BW752410479','','',26,26,NULL,'',0,'GK69238'),
(245,'BW757652999','','',25,25,NULL,'',0,'NL18078'),
(245,'10163968780','','',51,51,NULL,'',0,'NZ13807'),
(245,'10050470902','','',54,54,NULL,'',0,'KN37139'),
(245,'10094120700','','',53,53,NULL,'',0,'GC63246'),
(245,'10045750133','','',45,45,NULL,'',0,'SF76076'),
(245,'10099781153','','',53,53,NULL,'',0,'CV35294'),
(245,'10050911139','','',44,44,NULL,'',0,'GX09640'),
(245,'10090987394','','',45,45,NULL,'',0,'LK10452'),
(245,'10048552322','','',45,45,NULL,'',0,'SN69703'),
(245,'10100611616','','',51,51,NULL,'',0,'RC25729'),
(245,'10072214258','','',54,54,NULL,'',0,'GL08105'),
(245,'10086984530','','',53,53,NULL,'',0,'TL03689'),
(245,'10078186226','','',44,44,NULL,'',0,'TW16298'),
(245,'10086411624','','',69,69,NULL,'',0,'ST03196'),
(245,'10119864702','','',53,53,NULL,'',0,'LL87062'),
(245,'10119864803','','',51,51,NULL,'',0,'GT36569'),
(245,'10050784130','','',54,54,NULL,'',0,'KX49473'),
(245,'10090981637','','',121,121,NULL,'',0,'SS32263'),
(245,'20100610707','','',120,120,NULL,'',0,'CV36673'),
(245,'10078189559','','',54,54,NULL,'',0,'RL12794'),
(245,'10100610505','','',51,51,NULL,'',0,'SG11834'),
(245,'10100613333','','',51,51,NULL,'',0,'PL29054'),
(245,'10054406674','','',54,54,NULL,'',0,'TH36552'),
(245,'10073093120','','',53,53,NULL,'',0,'RZ57286'),
(245,'10136687734','','',58,58,NULL,'',0,'NC47224'),
(245,'10045724871','','',44,44,NULL,'',0,'HP49638'),
(245,'BW745222888','','',25,25,NULL,'',0,'TX35763'),
(245,'10121792574','','',49,49,NULL,'',0,'NP72440'),
(245,'10051843248','','',45,45,NULL,'',0,'HK87022'),
(245,'10087958469','','',45,45,NULL,'',0,'GP78535'),
(245,'10036459553','','',58,58,NULL,'',0,'NW47382'),
(245,'10015883328','','',45,45,NULL,'',0,'SF18489'),
(245,'10125851723','','',49,48,NULL,'',0,'FZ56537'),
(245,'10120762253','','',50,50,NULL,'',0,'CW30865'),
(245,'10120811965','','',54,54,NULL,'',0,'SH91155'),
(245,'10079727314','','',45,45,NULL,'',0,'PK53200'),
(245,'10125827269','','',51,51,NULL,'',0,'FR66093'),
(245,'10120812066','','',51,51,NULL,'',0,'RC94887'),
(245,'10119824181','','',54,54,NULL,'',0,'TG75056'),
(245,'10121397201','','',53,53,NULL,'',0,'NS23771'),
(245,'10121193093','','',51,51,NULL,'',0,'GV87470'),
(245,'10126671472','','',51,51,NULL,'',0,'LS00089'),
(245,'10122149050','','',51,51,NULL,'',0,'FX18070'),
(245,'10122149353','','',49,49,NULL,'',0,'RW95842'),
(245,'10162275223','','',121,121,NULL,'',0,'GS82428'),
(245,'10127403420','','',51,51,NULL,'',0,'PX48683'),
(245,'10128772736','','',54,54,NULL,'',0,'LH95597'),
(245,'10124998931','','',53,53,NULL,'',0,'ST10350'),
(245,'10125825552','','',49,49,NULL,'',0,'SV25271'),
(245,'10124010440','','',51,51,NULL,'',0,'HW13882'),
(245,'10161797600','','',47,47,NULL,'',0,'GT79249'),
(245,'10131250074','','',50,50,NULL,'',0,'NV77897'),
(245,'10133100350','','',121,121,NULL,'',0,'HL87094'),
(245,'10128072720','','',121,121,NULL,'',0,'KG22064'),
(245,'10128085955','','',44,44,NULL,'',0,'PW84330'),
(245,'10128086056','','',53,53,NULL,'',0,'PV75334'),
(245,'10129219744','','',54,54,NULL,'',0,'LL83325'),
(245,'10131661316','','',51,51,NULL,'',0,'RL05388'),
(245,'10125028435','','',49,49,NULL,'',0,'TG15230'),
(245,'10136677933','','',47,47,NULL,'',0,'RK10510'),
(245,'10128769605','','',49,49,NULL,'',0,'SV91652'),
(245,'10132755594','','',49,49,NULL,'',0,'PV97937'),
(245,'10131778524','','',50,50,NULL,'',0,'SW21252'),
(245,'10132645359','','',51,51,NULL,'',0,'CW28799'),
(245,'10151162154','','',47,47,NULL,'',0,'HF43707'),
(245,'10158075729','','',121,121,NULL,'',0,'SC91286'),
(245,'1015807572x','','',69,69,NULL,'',0,'HF26746'),
(245,'10140145984','','',49,49,NULL,'',0,'GW04602'),
(245,'BW751917491','','',24,24,NULL,'',0,'FF17494'),
(245,'10132196230','','',49,49,NULL,'',0,'KF96957'),
(245,'10136106744','','',49,49,NULL,'',0,'HH10570'),
(245,'10139227013','','',49,49,NULL,'',0,'FF56260'),
(245,'10141741030','','',47,47,NULL,'',0,'SN41279'),
(245,'10135661352','','',54,54,NULL,'',0,'FX47799'),
(245,'10140137496','','',51,51,NULL,'',0,'SW63697'),
(245,'10148012987','','',47,47,NULL,'',0,'NS58537'),
(245,'10148067048','','',121,121,NULL,'',0,'NR67829'),
(245,'10141740424','','',49,49,NULL,'',0,'TN51426'),
(245,'10144062259','','',50,50,NULL,'',0,'LL88106'),
(245,'10004998009','','',58,58,NULL,'',0,'HL56293'),
(245,'10150980278','','',49,49,NULL,'',0,'KK08070'),
(245,'10150989473','','',121,121,NULL,'',0,'RS36414'),
(245,'10139067769','','',53,53,NULL,'',0,'HH41503'),
(245,'10144660831','','',47,47,NULL,'',0,'TL81584'),
(245,'10160633394','','',27,27,NULL,'',0,'TP67078'),
(245,'10150987251','','',53,53,NULL,'',0,'LV51935'),
(245,'10151159831','','',49,49,NULL,'',0,'PV73658'),
(245,'00148065632','','',121,121,NULL,'',0,'HR00620'),
(245,'10148065531','','',49,49,NULL,'',0,'PW53227'),
(245,'10148065632','','',69,69,NULL,'',0,'PW60535'),
(245,'10153747408','','',47,47,NULL,'',0,'RN82677'),
(245,'BW747348496','','',24,24,NULL,'',0,'PL37502'),
(245,'10162861162','','',47,47,NULL,'',0,'SK28131'),
(245,'WTB814588','','',47,47,NULL,'',0,'LG35641'),
(245,'10122148949','','',49,48,NULL,'',0,'GC34480'),
(245,'10148065834','','',49,49,NULL,'',0,'RV68013'),
(245,'10154923633','','',49,49,NULL,'',0,'RX62529'),
(245,'10163657673','','',51,51,NULL,'',0,'CW33160'),
(245,'10161279052','','',47,47,NULL,'',0,'PG86417'),
(245,'10155010125','','',47,47,NULL,'',0,'LW28341'),
(245,'10149663708','','',51,51,NULL,'',0,'NS51775'),
(245,'10050775642','','',45,45,NULL,'',0,'HW03443'),
(245,'BW743772340','','',49,49,NULL,'',0,'RC78774'),
(245,'10153429833','','',47,47,NULL,'',0,'KF64698'),
(245,'10161278648','','',49,49,NULL,'',0,'GV38390'),
(245,'10106035835','','',53,53,NULL,'',0,'NS39450'),
(245,'10154331731','','',47,47,NULL,'',0,'RC54818'),
(245,'10152954836','','',47,47,NULL,'',0,'RC15794'),
(245,'10161291984','','',27,27,NULL,'',0,'LN02879'),
(245,'10161292186','','',27,27,NULL,'',0,'RW01202'),
(245,'BW760468284','','',26,26,NULL,'',0,'NT91901'),
(245,'823719','','',47,47,NULL,'',0,'RC26409'),
(245,'823723','','',27,27,NULL,'',0,'FG73338'),
(245,'823725','','',121,121,NULL,'',0,'RC06254'),
(245,'BW741875427','','',25,25,NULL,'',0,'CX19249'),
(245,'10161265716','','',27,27,NULL,'',0,'HT02809'),
(245,'10163591591','','',27,27,NULL,'',0,'GG18329'),
(245,'BW742940614','','',27,27,NULL,'',0,'CT15507'),
(245,'10159335618','','',27,27,NULL,'',0,'HF39619'),
(245,'10015882924','','',120,120,NULL,'',0,'HR92958'),
(245,'827044','','',27,27,NULL,'',0,'SS63497'),
(245,'BW745743781','','',25,25,NULL,'',0,'CX18095'),
(245,'10162277546','','',120,120,NULL,'',0,'HR15124'),
(245,'BW752178771','','',24,24,NULL,'',0,'LK07928'),
(245,'10152499138','','',51,51,NULL,'',0,'RL48664'),
(245,'10054408795','','',44,44,NULL,'',0,'NH41062'),
(245,'822932','','',53,53,NULL,'',0,'FH29941'),
(245,'BW750498017','','',26,26,NULL,'',0,'HN79668'),
(245,'BW751181628','','',25,25,NULL,'',0,'LX05306'),
(245,'BW756357679','','',25,25,NULL,'',0,'GL26971'),
(245,'10166732472','','',69,69,NULL,'',0,'TW26924'),
(245,'BW760561862','','',26,26,NULL,'',0,'SN12661');
/*!40000 ALTER TABLE `rennteilnehmer` ENABLE KEYS */;
UNLOCK TABLES;
commit;

--
-- Table structure for table `teamergebnisse`
--

DROP TABLE IF EXISTS `teamergebnisse`;
/*!40101 SET @saved_cs_client     = @@character_set_client */;
/*!40101 SET character_set_client = utf8mb4 */;
CREATE TABLE `teamergebnisse` (
  `rid` mediumint(6) NOT NULL,
  `tid` varchar(4) NOT NULL,
  `punkte` mediumint(6) NOT NULL,
  PRIMARY KEY (`rid`,`tid`)
) ENGINE=MyISAM DEFAULT CHARSET=utf8mb3 COLLATE=utf8mb3_general_ci;
/*!40101 SET character_set_client = @saved_cs_client */;

--
-- Dumping data for table `teamergebnisse`
--

LOCK TABLES `teamergebnisse` WRITE;
/*!40000 ALTER TABLE `teamergebnisse` DISABLE KEYS */;
set autocommit=0;
INSERT INTO `teamergebnisse` VALUES
(23,'ERLA',179),
(23,'GERT',169),
(23,'WEIL',188),
(24,'ERLA',163),
(24,'GERT',145),
(24,'WEIL',184),
(25,'ERLA',169),
(25,'WEIL',160),
(26,'ERLA',93),
(26,'WEIL',98),
(27,'ERLA',141),
(27,'WEIL',192),
(28,'ERLA',147),
(28,'WEIL',141),
(32,'WEIL',150),
(75,'RRT',132),
(77,'RRT',125),
(86,'RRT',128);
/*!40000 ALTER TABLE `teamergebnisse` ENABLE KEYS */;
UNLOCK TABLES;
commit;

--
-- Table structure for table `teams`
--

DROP TABLE IF EXISTS `teams`;
/*!40101 SET @saved_cs_client     = @@character_set_client */;
/*!40101 SET character_set_client = utf8mb4 */;
CREATE TABLE `teams` (
  `TID` varchar(4) NOT NULL,
  `Team` varchar(128) NOT NULL,
  PRIMARY KEY (`TID`)
) ENGINE=MyISAM DEFAULT CHARSET=utf8mb3 COLLATE=utf8mb3_general_ci;
/*!40101 SET character_set_client = @saved_cs_client */;

--
-- Dumping data for table `teams`
--

LOCK TABLES `teams` WRITE;
/*!40000 ALTER TABLE `teams` DISABLE KEYS */;
set autocommit=0;
INSERT INTO `teams` VALUES
('ERLA','Team Erlangen'),
('GERT','TroyLeeDesigns / TWELVEROOTS'),
('WEIL','BMX TEAM Weilheim'),
('RRT','Rabbit MG Redline Team');
/*!40000 ALTER TABLE `teams` ENABLE KEYS */;
UNLOCK TABLES;
commit;

--
-- Table structure for table `tmp_fahrerliste`
--

DROP TABLE IF EXISTS `tmp_fahrerliste`;
/*!40101 SET @saved_cs_client     = @@character_set_client */;
/*!40101 SET character_set_client = utf8mb4 */;
CREATE TABLE `tmp_fahrerliste` (
  `Saison` year(4) NOT NULL,
  `vtype` char(2) NOT NULL,
  `Startnr` varchar(4) NOT NULL,
  `rkid` smallint(6) NOT NULL,
  `NV` char(2) NOT NULL,
  `nname` varchar(30) NOT NULL,
  `vname` varchar(30) NOT NULL,
  `jahrgang` year(4) NOT NULL,
  `VbID` varchar(3) NOT NULL,
  `VID` varchar(4) NOT NULL,
  `TID` varchar(4) NOT NULL,
  PRIMARY KEY (`Saison`,`vtype`,`Startnr`,`rkid`,`NV`),
  KEY `nname` (`nname`),
  FULLTEXT KEY `FahrerSuche` (`nname`,`vname`)
) ENGINE=MyISAM DEFAULT CHARSET=utf8mb3 COLLATE=utf8mb3_general_ci;
/*!40101 SET character_set_client = @saved_cs_client */;

--
-- Dumping data for table `tmp_fahrerliste`
--

LOCK TABLES `tmp_fahrerliste` WRITE;
/*!40000 ALTER TABLE `tmp_fahrerliste` DISABLE KEYS */;
set autocommit=0;
/*!40000 ALTER TABLE `tmp_fahrerliste` ENABLE KEYS */;
UNLOCK TABLES;
commit;

--
-- Table structure for table `veranstaltungsorte`
--

DROP TABLE IF EXISTS `veranstaltungsorte`;
/*!40101 SET @saved_cs_client     = @@character_set_client */;
/*!40101 SET character_set_client = utf8mb4 */;
CREATE TABLE `veranstaltungsorte` (
  `oid` tinyint(4) NOT NULL AUTO_INCREMENT,
  `ort` varchar(40) NOT NULL,
  `vtype` char(2) NOT NULL,
  PRIMARY KEY (`oid`)
) ENGINE=MyISAM AUTO_INCREMENT=34 DEFAULT CHARSET=utf8mb3 COLLATE=utf8mb3_general_ci;
/*!40101 SET character_set_client = @saved_cs_client */;

--
-- Dumping data for table `veranstaltungsorte`
--

LOCK TABLES `veranstaltungsorte` WRITE;
/*!40000 ALTER TABLE `veranstaltungsorte` DISABLE KEYS */;
set autocommit=0;
INSERT INTO `veranstaltungsorte` VALUES
(1,'Welzheim','BW'),
(2,'Ingersheim','BW'),
(3,'Bühlertann','BW'),
(4,'Betzingen','BW'),
(5,'Markgröningen','BW'),
(6,'Bühlertal','BW'),
(7,'Nußdorf','BW'),
(8,'Bönnigheim','BW'),
(9,'Kornwesth.','BW'),
(10,'Ka-Grötzingen','BW'),
(11,'Aichtal','BW'),
(12,'Weiterstadt','BW'),
(28,'Weiterstadt','SC'),
(29,'Königsbrunn','SC'),
(30,'Betzingen','SC'),
(32,'Weinstadt','BW'),
(33,'Stuttgart','BW');
/*!40000 ALTER TABLE `veranstaltungsorte` ENABLE KEYS */;
UNLOCK TABLES;
commit;

--
-- Table structure for table `vereine`
--

DROP TABLE IF EXISTS `vereine`;
/*!40101 SET @saved_cs_client     = @@character_set_client */;
/*!40101 SET character_set_client = utf8mb4 */;
CREATE TABLE `vereine` (
  `VID` varchar(4) NOT NULL,
  `VName` varchar(128) NOT NULL,
  `VbID` varchar(4) NOT NULL,
  PRIMARY KEY (`VID`)
) ENGINE=MyISAM DEFAULT CHARSET=utf8mb3 COLLATE=utf8mb3_general_ci;
/*!40101 SET character_set_client = @saved_cs_client */;

--
-- Dumping data for table `vereine`
--

LOCK TABLES `vereine` WRITE;
/*!40000 ALTER TABLE `vereine` DISABLE KEYS */;
set autocommit=0;
INSERT INTO `vereine` VALUES
('RSVB','RSV Bühlertal','BAD'),
('RCER','RC 50 Erlangen','BAY'),
('SZKW','Skizunft Kornwestheim','WTB'),
('AMSC','TSF Welzheim','WTB'),
('BETZ','TSV Betzingen','WTB'),
('CWTB','BMX-Club Württemberg','WTB'),
('MACK','MAC Königsbrunn e.V.','BAY'),
('MSVB','MSV Bühlertann','WTB'),
('BRHA','TSV Braunshardt','HES'),
('RSGH','RSG Herzogenaurach e.V.','BAY'),
('MSCS','MSC Strudelbachtal','WTB'),
('MSCI','MSC Ingersheim','WTB'),
('RSFS','RSF Saarwellingen e.V.','SAA'),
('SZMG','Skizunft Markgröningen','WTB'),
('RSVE','RSV Esselbach','BAY'),
('TUSF','TuS Fürstenfeldbruck','BAY'),
('BOEH','MSC Bönnigheim','WTB'),
('RVDU','RV 08 Dudenhofen','RPF'),
('WEIN','Freebikers-Weinstadt e.V.','WTB'),
('CHIZ','Schweiz','GST'),
('RKEC','RK Endspurt 09 Cottbus','BRA'),
('FZV','Funsports Zeven e.V.','NS'),
('AUST','Österreich','GST'),
('MCPE','MC Peißenberg','BAY'),
('AHNA','RSC Weimar-Ahnatal','HES'),
('RVGO','RV Gomaringen','WTB'),
('EJWB','EJW Baltmannsweiler','WTB'),
('FURT','Mountainbike Freiburg','BAD'),
('SALA','SV Salamander Kornwestheim','WTB'),
('TGNE','TG Neureut','BAD');
/*!40000 ALTER TABLE `vereine` ENABLE KEYS */;
UNLOCK TABLES;
commit;

--
-- Table structure for table `vereinverband`
--

DROP TABLE IF EXISTS `vereinverband`;
/*!40101 SET @saved_cs_client     = @@character_set_client */;
/*!40101 SET character_set_client = utf8mb4 */;
CREATE TABLE `vereinverband` (
  `VbID` varchar(3) NOT NULL,
  `VID` varchar(4) NOT NULL
) ENGINE=MyISAM DEFAULT CHARSET=utf8mb3 COLLATE=utf8mb3_general_ci;
/*!40101 SET character_set_client = @saved_cs_client */;

--
-- Dumping data for table `vereinverband`
--

LOCK TABLES `vereinverband` WRITE;
/*!40000 ALTER TABLE `vereinverband` DISABLE KEYS */;
set autocommit=0;
INSERT INTO `vereinverband` VALUES
('BAY','ACGA'),
('WTB','AMSC'),
('BAY','ANSB'),
('GST','AUST'),
('WTB','BETZ'),
('GST','BLUD'),
('NS','BMCV'),
('BAY','BMXV'),
('NRW','BOCH'),
('WTB','BOEH'),
('BAD','BPWO'),
('HES','BRHA'),
('BAY','BSBB'),
('WTB','BSCA'),
('NRW','BUER'),
('BER','BWIT'),
('GST','CHIZ'),
('BRA','COTT'),
('WTB','CWTB'),
('GST','CZEN'),
('HES','ESVJ'),
('BRA','FRCF'),
('GST','FYSI'),
('SAC','FZH'),
('NS','FZV'),
('NRW','HERF'),
('WTB','HSBH'),
('SAA','INGB'),
('BAY','KOLB'),
('BRE','LEBR'),
('NS','LUBI'),
('BAY','MACK'),
('BAY','MCPE'),
('SAC','MCRD'),
('WTB','MSCI'),
('WTB','MSCS'),
('WTB','MSVB'),
('BAD','MTBO'),
('WTB','NEUH'),
('GST','NIED'),
('NRW','OBER'),
('BAY','OPMU'),
('BRA','PL95'),
('THU','POS'),
('NRW','RCBI'),
('BAY','RCER'),
('BAY','RCST'),
('HH','RGHH'),
('NS','RHI'),
('BAY','RIN'),
('BRA','RKEC'),
('SAA','RSFS'),
('BAY','RSGH'),
('BAD','RSGK'),
('BAD','RSVB'),
('BAY','RSVE'),
('RPF','RSVN'),
('BRA','RTR'),
('RPF','RVDU'),
('NRW','RVN'),
('BAY','RVVW'),
('SAC','SCDR'),
('BRA','SCHW'),
('GST','SLOW'),
('NRW','SPSH'),
('NRW','STA'),
('NRW','STEE'),
('WTB','STEN'),
('SAA','STIN'),
('SAC','STOL'),
('BRA','STRB'),
('GST','SUED'),
('BRA','SVBM'),
('WTB','SZKW'),
('WTB','SZMG'),
('WTB','TEFS'),
('GST','TEIN'),
('GST','TEZO'),
('GST','TOND'),
('WTB','TSCR'),
('BAY','TSGH'),
('BAY','TSUF'),
('NRW','TSVE'),
('BAY','TUSF'),
('SAC','TZHA'),
('GST','USA1'),
('BRE','VEGA'),
('BAY','WEIL'),
('THU','WEIM'),
('WTB','WEIN'),
('SAA','WRPT'),
('GST','YETI');
/*!40000 ALTER TABLE `vereinverband` ENABLE KEYS */;
UNLOCK TABLES;
commit;
/*!40103 SET TIME_ZONE=@OLD_TIME_ZONE */;

/*!40101 SET SQL_MODE=@OLD_SQL_MODE */;
/*!40014 SET FOREIGN_KEY_CHECKS=@OLD_FOREIGN_KEY_CHECKS */;
/*!40014 SET UNIQUE_CHECKS=@OLD_UNIQUE_CHECKS */;
/*!40101 SET CHARACTER_SET_CLIENT=@OLD_CHARACTER_SET_CLIENT */;
/*!40101 SET CHARACTER_SET_RESULTS=@OLD_CHARACTER_SET_RESULTS */;
/*!40101 SET COLLATION_CONNECTION=@OLD_COLLATION_CONNECTION */;
/*M!100616 SET NOTE_VERBOSITY=@OLD_NOTE_VERBOSITY */;

-- Dump completed on 2026-01-08 13:47:41
